{"id":77,"date":"2015-06-02T14:45:31","date_gmt":"2015-06-02T14:45:31","guid":{"rendered":"http:\/\/blog.espol.edu.ec\/esolarte\/?page_id=77"},"modified":"2015-06-02T17:51:38","modified_gmt":"2015-06-02T17:51:38","slug":"desde-malaga","status":"publish","type":"page","link":"https:\/\/blog.espol.edu.ec\/esolarte\/desde-malaga\/","title":{"rendered":"Desde M\u00e1laga."},"content":{"rendered":"<p>Tengo la opini\u00f3n de Xavier Fern\u00e1ndez, revolucionario.<\/p>\n<p>Libro favorito: <em>Crimen y castigo.<\/em><br \/>\nPrincipio de la veintena Dostoyevski es el padre de la psicolog\u00eda y el retrato del alma humana. Raskolnikov es un muchacho con aires de grandeza. El personaje principal de la obra desaf\u00eda los l\u00edmites de su comportamiento en aras de trascender y ser recordado como un benefactor a la humanidad.<\/p>\n<p>Creo que es un buen libro para que los muchachos que se piensan extraordinarios y soplados por el h\u00e1lito divino se den cuenta que no son m\u00e1s que un puntito en proceso de putrefacci\u00f3n en la inmensidad del universo.<\/p>\n<p>&nbsp;<\/p>\n<div id=\"attachment_78\" style=\"width: 235px\" class=\"wp-caption alignnone\"><a href=\"http:\/\/blog.espol.edu.ec\/esolarte\/files\/2015\/06\/2014-07-07-06.56.31-1.jpg\"><img loading=\"lazy\" decoding=\"async\" aria-describedby=\"caption-attachment-78\" class=\"size-medium wp-image-78\" src=\"http:\/\/blog.espol.edu.ec\/esolarte\/files\/2015\/06\/2014-07-07-06.56.31-1-225x300.jpg\" alt=\"Processed with VSCOcam\" width=\"225\" height=\"300\" srcset=\"https:\/\/blog.espol.edu.ec\/esolarte\/files\/2015\/06\/2014-07-07-06.56.31-1-225x300.jpg 225w, https:\/\/blog.espol.edu.ec\/esolarte\/files\/2015\/06\/2014-07-07-06.56.31-1-768x1024.jpg 768w\" sizes=\"auto, (max-width: 225px) 100vw, 225px\" \/><\/a><p id=\"caption-attachment-78\" class=\"wp-caption-text\">Processed with VSCOcam<\/p><\/div>\n","protected":false},"excerpt":{"rendered":"<p>Tengo la opini\u00f3n de Xavier Fern\u00e1ndez, revolucionario. Libro favorito: Crimen y castigo. Principio de la veintena Dostoyevski es el padre de la psicolog\u00eda y el retrato del alma humana. Raskolnikov es un muchacho con aires de grandeza. El personaje principal de la obra desaf\u00eda los l\u00edmites de su comportamiento en aras de trascender y ser [&hellip;]<\/p>\n","protected":false},"author":9658,"featured_media":78,"parent":0,"menu_order":0,"comment_status":"open","ping_status":"open","template":"","meta":{"footnotes":""},"class_list":["post-77","page","type-page","status-publish","has-post-thumbnail","hentry"],"_links":{"self":[{"href":"https:\/\/blog.espol.edu.ec\/esolarte\/wp-json\/wp\/v2\/pages\/77","targetHints":{"allow":["GET"]}}],"collection":[{"href":"https:\/\/blog.espol.edu.ec\/esolarte\/wp-json\/wp\/v2\/pages"}],"about":[{"href":"https:\/\/blog.espol.edu.ec\/esolarte\/wp-json\/wp\/v2\/types\/page"}],"author":[{"embeddable":true,"href":"https:\/\/blog.espol.edu.ec\/esolarte\/wp-json\/wp\/v2\/users\/9658"}],"replies":[{"embeddable":true,"href":"https:\/\/blog.espol.edu.ec\/esolarte\/wp-json\/wp\/v2\/comments?post=77"}],"version-history":[{"count":2,"href":"https:\/\/blog.espol.edu.ec\/esolarte\/wp-json\/wp\/v2\/pages\/77\/revisions"}],"predecessor-version":[{"id":84,"href":"https:\/\/blog.espol.edu.ec\/esolarte\/wp-json\/wp\/v2\/pages\/77\/revisions\/84"}],"wp:featuredmedia":[{"embeddable":true,"href":"https:\/\/blog.espol.edu.ec\/esolarte\/wp-json\/wp\/v2\/media\/78"}],"wp:attachment":[{"href":"https:\/\/blog.espol.edu.ec\/esolarte\/wp-json\/wp\/v2\/media?parent=77"}],"curies":[{"name":"wp","href":"https:\/\/api.w.org\/{rel}","templated":true}]}}