{"id":36,"date":"2014-04-05T02:09:35","date_gmt":"2014-04-05T02:09:35","guid":{"rendered":"http:\/\/blog.espol.edu.ec\/estaigner1\/?page_id=36"},"modified":"2014-04-07T15:46:57","modified_gmt":"2014-04-07T15:46:57","slug":"recomendaciones","status":"publish","type":"page","link":"https:\/\/blog.espol.edu.ec\/estaigner1\/recomendaciones","title":{"rendered":"Recomendaciones"},"content":{"rendered":"<p>Debes escuchar esto. yo, Estaigner Yer\u00e1n, recomiendo que lo hagas.\u00a0Esta semana hablan de las<strong> relaciones amistosas entre hombres y mujeres<\/strong> con el psic\u00f3logo y sex\u00f3logo Esteban Ca\u00f1amares. Pero adem\u00e1s, entrevistan a Antonio Fraguas \"Forges\" y aprendemos con Arantxa Merino a ser un poco m\u00e1s pacientes.<\/p>\n<div>\n<p><iframe loading=\"lazy\" src=\"http:\/\/www.rtve.es\/drmn\/embed\/audio\/2492310\" height=\"240\" width=\"320\" frameborder=\"0\"><\/iframe><\/p>\n<div style=\"font-family: arial,helvetica,sans-serif;font-size: 12px;line-height: 1.833;padding: 5px 0 5px 10px\"><span style=\"float: left;margin-right: 10px\"><img decoding=\"async\" style=\"height: 20px;width: auto;background: transparent;padding: 0;margin: 0\" alt=\"\" src=\"http:\/\/img.irtve.es\/css\/rtve.commons\/rtve.header.footer\/i\/logoRTVEes.png\" \/><\/span> <a style=\"color: #333;font-weight: bold\" title=\"\u00bfSolo amigos? \" href=\"http:\/\/www.rtve.es\/alacarta\/audios\/la-observadora\/observadora-solo-amigos-07-04-14\/2492310\/\"><strong>\u00bfSolo amigos? <\/strong><\/a><\/div>\n<\/div>\n","protected":false},"excerpt":{"rendered":"<p>Debes escuchar esto. yo, Estaigner Yer\u00e1n, recomiendo que lo hagas.\u00a0Esta semana hablan de las relaciones amistosas entre hombres y mujeres con el psic\u00f3logo y sex\u00f3logo Esteban Ca\u00f1amares. Pero adem\u00e1s, entrevistan a Antonio Fraguas \"Forges\" y aprendemos con Arantxa Merino a ser un poco m\u00e1s pacientes. \u00bfSolo amigos?<\/p>\n","protected":false},"author":7991,"featured_media":0,"parent":0,"menu_order":0,"comment_status":"open","ping_status":"open","template":"","meta":{"footnotes":""},"class_list":["post-36","page","type-page","status-publish","hentry"],"_links":{"self":[{"href":"https:\/\/blog.espol.edu.ec\/estaigner1\/wp-json\/wp\/v2\/pages\/36","targetHints":{"allow":["GET"]}}],"collection":[{"href":"https:\/\/blog.espol.edu.ec\/estaigner1\/wp-json\/wp\/v2\/pages"}],"about":[{"href":"https:\/\/blog.espol.edu.ec\/estaigner1\/wp-json\/wp\/v2\/types\/page"}],"author":[{"embeddable":true,"href":"https:\/\/blog.espol.edu.ec\/estaigner1\/wp-json\/wp\/v2\/users\/7991"}],"replies":[{"embeddable":true,"href":"https:\/\/blog.espol.edu.ec\/estaigner1\/wp-json\/wp\/v2\/comments?post=36"}],"version-history":[{"count":5,"href":"https:\/\/blog.espol.edu.ec\/estaigner1\/wp-json\/wp\/v2\/pages\/36\/revisions"}],"predecessor-version":[{"id":48,"href":"https:\/\/blog.espol.edu.ec\/estaigner1\/wp-json\/wp\/v2\/pages\/36\/revisions\/48"}],"wp:attachment":[{"href":"https:\/\/blog.espol.edu.ec\/estaigner1\/wp-json\/wp\/v2\/media?parent=36"}],"curies":[{"name":"wp","href":"https:\/\/api.w.org\/{rel}","templated":true}]}}