{"id":100,"date":"2014-11-11T12:33:29","date_gmt":"2014-11-11T12:33:29","guid":{"rendered":"http:\/\/blog.espol.edu.ec\/etubay\/?page_id=100"},"modified":"2014-11-11T12:33:29","modified_gmt":"2014-11-11T12:33:29","slug":"aguas-preciosas","status":"publish","type":"page","link":"https:\/\/blog.espol.edu.ec\/etubay\/aguas-preciosas\/","title":{"rendered":"Aguas preciosas"},"content":{"rendered":"<h1><a title=\"Islas Esporadas  Ecuatoriales del Sur\" href=\"http:\/\/www.nationalgeographic.com.es\/articulo\/documentales\/9560\/islas_esporadas_ecuatoriales_del_sur.html\" target=\"_blank\">Islas Esp\u00f3radas Ecuatoriales del Sur<\/a><\/h1>\n<p style=\"text-align: justify\">Este archipi\u00e9lago es uno de los pocos lugares pr\u00edstinos que quedan en el mundo y el estudio de las aguas que lo rodean puede ense\u00f1arnos lo que hemos perdido, explica el ec\u00f3logo marino Enric Sala, Explorador Residente de National Geographic.<\/p>\n","protected":false},"excerpt":{"rendered":"<p>Islas Esp\u00f3radas Ecuatoriales del Sur Este archipi\u00e9lago es uno de los pocos lugares pr\u00edstinos que quedan en el mundo y el estudio de las aguas que lo rodean puede ense\u00f1arnos lo que hemos perdido, explica el ec\u00f3logo marino Enric Sala, &hellip; <a href=\"https:\/\/blog.espol.edu.ec\/etubay\/aguas-preciosas\/\">Sigue leyendo <span class=\"meta-nav\">&rarr;<\/span><\/a><\/p>\n","protected":false},"author":9329,"featured_media":0,"parent":0,"menu_order":0,"comment_status":"open","ping_status":"open","template":"","meta":{"footnotes":""},"class_list":["post-100","page","type-page","status-publish","hentry"],"_links":{"self":[{"href":"https:\/\/blog.espol.edu.ec\/etubay\/wp-json\/wp\/v2\/pages\/100","targetHints":{"allow":["GET"]}}],"collection":[{"href":"https:\/\/blog.espol.edu.ec\/etubay\/wp-json\/wp\/v2\/pages"}],"about":[{"href":"https:\/\/blog.espol.edu.ec\/etubay\/wp-json\/wp\/v2\/types\/page"}],"author":[{"embeddable":true,"href":"https:\/\/blog.espol.edu.ec\/etubay\/wp-json\/wp\/v2\/users\/9329"}],"replies":[{"embeddable":true,"href":"https:\/\/blog.espol.edu.ec\/etubay\/wp-json\/wp\/v2\/comments?post=100"}],"version-history":[{"count":1,"href":"https:\/\/blog.espol.edu.ec\/etubay\/wp-json\/wp\/v2\/pages\/100\/revisions"}],"predecessor-version":[{"id":101,"href":"https:\/\/blog.espol.edu.ec\/etubay\/wp-json\/wp\/v2\/pages\/100\/revisions\/101"}],"wp:attachment":[{"href":"https:\/\/blog.espol.edu.ec\/etubay\/wp-json\/wp\/v2\/media?parent=100"}],"curies":[{"name":"wp","href":"https:\/\/api.w.org\/{rel}","templated":true}]}}