{"id":125,"date":"2014-11-12T01:07:55","date_gmt":"2014-11-12T01:07:55","guid":{"rendered":"http:\/\/blog.espol.edu.ec\/etubay\/?page_id=125"},"modified":"2014-11-12T01:07:55","modified_gmt":"2014-11-12T01:07:55","slug":"dia-mundial-del-oceano","status":"publish","type":"page","link":"https:\/\/blog.espol.edu.ec\/etubay\/dia-mundial-del-oceano\/","title":{"rendered":"D\u00eda Mundial del oc\u00e9ano"},"content":{"rendered":"<h1 id=\"firstHeading\" class=\"firstHeading\"><span dir=\"auto\">D\u00eda Mundial de los Oc\u00e9anos<\/span><\/h1>\n<div id=\"bodyContent\" class=\"mw-body-content\">\n<div id=\"contentSub\"><\/div>\n<div id=\"jump-to-nav\" class=\"mw-jump\"><\/div>\n<div id=\"mw-content-text\" class=\"mw-content-ltr\" dir=\"ltr\" lang=\"es\">\n<table class=\"infobox_v2\" style=\"height: 294px\" width=\"486\">\n<tbody>\n<tr>\n<th class=\"cabecera\" colspan=\"2\"><\/th>\n<\/tr>\n<tr>\n<td class=\"\" colspan=\"2\"><a href=\"http:\/\/blog.espol.edu.ec\/etubay\/files\/2014\/11\/descarga-1.jpg\"><img loading=\"lazy\" decoding=\"async\" class=\"aligncenter size-full wp-image-126\" src=\"http:\/\/blog.espol.edu.ec\/etubay\/files\/2014\/11\/descarga-1.jpg\" alt=\"descarga (1)\" width=\"275\" height=\"183\" \/><\/a><\/td>\n<\/tr>\n<\/tbody>\n<\/table>\n<p>La <a title=\"Asamblea General de las Naciones Unidas\" href=\"http:\/\/es.wikipedia.org\/wiki\/Asamblea_General_de_las_Naciones_Unidas\">Asamblea General de las Naciones Unidas<\/a> resuelve que, a partir de 2009, las <a class=\"mw-redirect\" title=\"Naciones Unidas\" href=\"http:\/\/es.wikipedia.org\/wiki\/Naciones_Unidas\">Naciones Unidas<\/a> designen el <a title=\"8 de junio\" href=\"http:\/\/es.wikipedia.org\/wiki\/8_de_junio\">8 de junio<\/a> <b>D\u00eda Mundial de los Oc\u00e9anos<\/b>.<\/p>\n<h2><span id=\"Celebraci.C3.B3n\" class=\"mw-headline\">Celebraci\u00f3n<\/span><\/h2>\n<p>El <a title=\"5 de diciembre\" href=\"http:\/\/es.wikipedia.org\/wiki\/5_de_diciembre\">5 de diciembre<\/a> de <a title=\"2008\" href=\"http:\/\/es.wikipedia.org\/wiki\/2008\">2008<\/a> la <a title=\"Asamblea General de las Naciones Unidas\" href=\"http:\/\/es.wikipedia.org\/wiki\/Asamblea_General_de_las_Naciones_Unidas\">Asamblea General de las Naciones Unidas<\/a> en la <a class=\"external text\" href=\"http:\/\/www.un.org\/es\/comun\/docs\/?symbol=A\/RES\/63\/111\" rel=\"nofollow\">Resoluci\u00f3n 63\/111<\/a> resuelve que, a partir de<a title=\"2009\" href=\"http:\/\/es.wikipedia.org\/wiki\/2009\">2009<\/a>, las <a class=\"mw-redirect\" title=\"Naciones Unidas\" href=\"http:\/\/es.wikipedia.org\/wiki\/Naciones_Unidas\">Naciones Unidas<\/a> designen el <a title=\"8 de junio\" href=\"http:\/\/es.wikipedia.org\/wiki\/8_de_junio\">8 de junio<\/a> <b>D\u00eda Mundial de los Oc\u00e9anos<\/b>.<sup id=\"cite_ref-1\" class=\"reference\"><a href=\"http:\/\/es.wikipedia.org\/wiki\/D%C3%ADa_Mundial_de_los_Oc%C3%A9anos#cite_note-1\">1<\/a><\/sup><\/p>\n<blockquote class=\"citado\"><p><b>Tema para 2014: \u00abJuntos tenemos el poder de proteger el oc\u00e9ano\u00bb<\/b><br \/>\nEste a\u00f1o, la celebraci\u00f3n del D\u00eda Mundial de los Oc\u00e9anos coincide con la inauguraci\u00f3n del 24\u00ba periodo de sesiones de los Estados Partes de la Convenci\u00f3n de las Naciones Unidas sobre el Derecho del Mar. Tambi\u00e9n se conmemora el 20\u00ba aniversario de la entrada en vigor de la Convenci\u00f3n.<\/p>\n<p><b>\u00bfPor qu\u00e9 celebramos el D\u00eda Mundial de los Oc\u00e9anos?<\/b><\/p>\n<ul>\n<li>Para recordar a todo el mundo el gran papel que los oc\u00e9anos juegan en nuestras vidas. Son los pulmones de nuestro planeta, que generan la mayor\u00eda del ox\u00edgeno que respiramos.<\/li>\n<li>Para informar a la opini\u00f3n p\u00fablica de las consecuencias que la actividad humana tiene para los oc\u00e9anos.<\/li>\n<li>Para poner en marcha un movimiento mundial ciudadano a favor de los oc\u00e9anos.<\/li>\n<li>Para movilizar y unir a la poblaci\u00f3n mundial entorno al objetivo de la gesti\u00f3n sostenible de los oc\u00e9anos. Son una fuente importante de alimentos y medicinas, y una parte escencial de la biosfera.<\/li>\n<li>Para celebrar juntos la belleza, la riqueza y el potencial de los oc\u00e9anos.\n<div><a title=\"Organizaci\u00f3n de las Naciones Unidas\" href=\"http:\/\/es.wikipedia.org\/wiki\/Organizaci%C3%B3n_de_las_Naciones_Unidas\">Organizaci\u00f3n<\/a><\/div>\n<\/li>\n<\/ul>\n<\/blockquote>\n<\/div>\n<\/div>\n","protected":false},"excerpt":{"rendered":"<p>D\u00eda Mundial de los Oc\u00e9anos La Asamblea General de las Naciones Unidas resuelve que, a partir de 2009, las Naciones Unidas designen el 8 de junio D\u00eda Mundial de los Oc\u00e9anos. Celebraci\u00f3n El 5 de diciembre de 2008 la Asamblea &hellip; <a href=\"https:\/\/blog.espol.edu.ec\/etubay\/dia-mundial-del-oceano\/\">Sigue leyendo <span class=\"meta-nav\">&rarr;<\/span><\/a><\/p>\n","protected":false},"author":9329,"featured_media":0,"parent":0,"menu_order":0,"comment_status":"open","ping_status":"open","template":"","meta":{"footnotes":""},"class_list":["post-125","page","type-page","status-publish","hentry"],"_links":{"self":[{"href":"https:\/\/blog.espol.edu.ec\/etubay\/wp-json\/wp\/v2\/pages\/125","targetHints":{"allow":["GET"]}}],"collection":[{"href":"https:\/\/blog.espol.edu.ec\/etubay\/wp-json\/wp\/v2\/pages"}],"about":[{"href":"https:\/\/blog.espol.edu.ec\/etubay\/wp-json\/wp\/v2\/types\/page"}],"author":[{"embeddable":true,"href":"https:\/\/blog.espol.edu.ec\/etubay\/wp-json\/wp\/v2\/users\/9329"}],"replies":[{"embeddable":true,"href":"https:\/\/blog.espol.edu.ec\/etubay\/wp-json\/wp\/v2\/comments?post=125"}],"version-history":[{"count":1,"href":"https:\/\/blog.espol.edu.ec\/etubay\/wp-json\/wp\/v2\/pages\/125\/revisions"}],"predecessor-version":[{"id":127,"href":"https:\/\/blog.espol.edu.ec\/etubay\/wp-json\/wp\/v2\/pages\/125\/revisions\/127"}],"wp:attachment":[{"href":"https:\/\/blog.espol.edu.ec\/etubay\/wp-json\/wp\/v2\/media?parent=125"}],"curies":[{"name":"wp","href":"https:\/\/api.w.org\/{rel}","templated":true}]}}