{"id":96,"date":"2014-11-11T12:20:31","date_gmt":"2014-11-11T12:20:31","guid":{"rendered":"http:\/\/blog.espol.edu.ec\/etubay\/?page_id=96"},"modified":"2014-11-11T12:20:31","modified_gmt":"2014-11-11T12:20:31","slug":"especial-playas","status":"publish","type":"page","link":"https:\/\/blog.espol.edu.ec\/etubay\/especial-playas\/","title":{"rendered":"Especial Playas"},"content":{"rendered":"<p>Los arenales y las calas m\u00e1s irresistibles del planeta, desde el Mediterr\u00e1neo hasta el oc\u00e9ano Pac\u00edfico <a title=\"National Geograpic \" href=\"http:\/\/www.nationalgeographic.com.es\/articulo\/viajes\/grandes_viajes\/8481\/las_mejores_playas_del_mundo.html#gallery-10\" target=\"_blank\">National Geographi Espa\u00f1a<\/a>.<\/p>\n<p>&nbsp;<\/p>\n","protected":false},"excerpt":{"rendered":"<p>Los arenales y las calas m\u00e1s irresistibles del planeta, desde el Mediterr\u00e1neo hasta el oc\u00e9ano Pac\u00edfico National Geographi Espa\u00f1a. &nbsp;<\/p>\n","protected":false},"author":9329,"featured_media":0,"parent":0,"menu_order":0,"comment_status":"open","ping_status":"open","template":"","meta":{"footnotes":""},"class_list":["post-96","page","type-page","status-publish","hentry"],"_links":{"self":[{"href":"https:\/\/blog.espol.edu.ec\/etubay\/wp-json\/wp\/v2\/pages\/96","targetHints":{"allow":["GET"]}}],"collection":[{"href":"https:\/\/blog.espol.edu.ec\/etubay\/wp-json\/wp\/v2\/pages"}],"about":[{"href":"https:\/\/blog.espol.edu.ec\/etubay\/wp-json\/wp\/v2\/types\/page"}],"author":[{"embeddable":true,"href":"https:\/\/blog.espol.edu.ec\/etubay\/wp-json\/wp\/v2\/users\/9329"}],"replies":[{"embeddable":true,"href":"https:\/\/blog.espol.edu.ec\/etubay\/wp-json\/wp\/v2\/comments?post=96"}],"version-history":[{"count":1,"href":"https:\/\/blog.espol.edu.ec\/etubay\/wp-json\/wp\/v2\/pages\/96\/revisions"}],"predecessor-version":[{"id":97,"href":"https:\/\/blog.espol.edu.ec\/etubay\/wp-json\/wp\/v2\/pages\/96\/revisions\/97"}],"wp:attachment":[{"href":"https:\/\/blog.espol.edu.ec\/etubay\/wp-json\/wp\/v2\/media?parent=96"}],"curies":[{"name":"wp","href":"https:\/\/api.w.org\/{rel}","templated":true}]}}