{"id":105,"date":"2009-06-08T12:37:16","date_gmt":"2009-06-08T17:37:16","guid":{"rendered":"http:\/\/blog.espol.edu.ec\/evamariamera\/?page_id=105"},"modified":"2010-05-31T16:30:13","modified_gmt":"2010-05-31T21:30:13","slug":"prueba-2","status":"publish","type":"page","link":"https:\/\/blog.espol.edu.ec\/evamariamera\/prueba-2\/","title":{"rendered":"Del Blog de Eva Mar\u00eda Mera"},"content":{"rendered":"<p>Hola Bienvenidos al Blog, en este sitio ustedes podr\u00e1n encontrar T\u00f2picos relacionados con la Estad\u00edstica e Inform\u00e0tica, adem\u00e0s en la P\u00e1gina Estad\u00ecstica encontraran el Proyecto resoluci\u00f3n de los Problem\u00e1s propuestos del libro Probabilidad y Estad\u00edstica, Fundamentos y Aplicaciones escrito por el profesor Polit\u00e9cnico Gaudencio Zurita, ete proyecto lo llevan a cabo qui\u00e9n les escribe y los estudiantes de Estad\u00edstica para Ingenier\u00eda paralelo 3 del a\u00f1o acad\u00e9mico 2010-2001.<\/p>\n","protected":false},"excerpt":{"rendered":"<p>Hola Bienvenidos al Blog, en este sitio ustedes podr\u00e1n encontrar T\u00f2picos relacionados con la Estad\u00edstica e Inform\u00e0tica, adem\u00e0s en la P\u00e1gina Estad\u00ecstica encontraran el Proyecto resoluci\u00f3n de los Problem\u00e1s propuestos del libro Probabilidad y Estad\u00edstica, Fundamentos y Aplicaciones escrito por el profesor Polit\u00e9cnico Gaudencio Zurita, ete proyecto lo llevan a cabo qui\u00e9n les escribe y [&hellip;]<\/p>\n","protected":false},"author":620,"featured_media":0,"parent":0,"menu_order":0,"comment_status":"open","ping_status":"open","template":"","meta":{"footnotes":""},"class_list":["post-105","page","type-page","status-publish","hentry"],"_links":{"self":[{"href":"https:\/\/blog.espol.edu.ec\/evamariamera\/wp-json\/wp\/v2\/pages\/105","targetHints":{"allow":["GET"]}}],"collection":[{"href":"https:\/\/blog.espol.edu.ec\/evamariamera\/wp-json\/wp\/v2\/pages"}],"about":[{"href":"https:\/\/blog.espol.edu.ec\/evamariamera\/wp-json\/wp\/v2\/types\/page"}],"author":[{"embeddable":true,"href":"https:\/\/blog.espol.edu.ec\/evamariamera\/wp-json\/wp\/v2\/users\/620"}],"replies":[{"embeddable":true,"href":"https:\/\/blog.espol.edu.ec\/evamariamera\/wp-json\/wp\/v2\/comments?post=105"}],"version-history":[{"count":3,"href":"https:\/\/blog.espol.edu.ec\/evamariamera\/wp-json\/wp\/v2\/pages\/105\/revisions"}],"predecessor-version":[{"id":194,"href":"https:\/\/blog.espol.edu.ec\/evamariamera\/wp-json\/wp\/v2\/pages\/105\/revisions\/194"}],"wp:attachment":[{"href":"https:\/\/blog.espol.edu.ec\/evamariamera\/wp-json\/wp\/v2\/media?parent=105"}],"curies":[{"name":"wp","href":"https:\/\/api.w.org\/{rel}","templated":true}]}}