{"id":39,"date":"2009-11-06T11:29:05","date_gmt":"2009-11-06T16:29:05","guid":{"rendered":"http:\/\/blog.espol.edu.ec\/faderoda\/?page_id=39"},"modified":"2009-11-06T11:29:05","modified_gmt":"2009-11-06T16:29:05","slug":"origenes-de-la-literatura","status":"publish","type":"page","link":"https:\/\/blog.espol.edu.ec\/faderoda\/origenes-de-la-literatura\/","title":{"rendered":"OR\u00cdGENES DE LA LITERATURA"},"content":{"rendered":"<p class=\"MsoNormal\" style=\"margin: 0cm 0cm 7.5pt\"><span style=\"font-size: 20pt;color: #943634;font-family: &quot;Monotype Corsiva&amp;quot\">MI COMPA\u00d1ERA, LA LITERATURA<\/span><\/p>\n<div id=\"attachment_38\" style=\"width: 160px\" class=\"wp-caption alignright\"><img loading=\"lazy\" decoding=\"async\" aria-describedby=\"caption-attachment-38\" class=\"size-full wp-image-38\" src=\"http:\/\/blog.espol.edu.ec\/faderoda\/files\/2009\/11\/tabladearcilla1.jpg\" alt=\"origen\" width=\"150\" height=\"200\" \/><p id=\"caption-attachment-38\" class=\"wp-caption-text\">origen<\/p><\/div>\n<p class=\"MsoNormal\" style=\"margin: 0cm 0cm 7.5pt\">\u00a0<\/p>\n<p class=\"MsoNormal\" style=\"margin: 0cm 0cm 10pt\"><span style=\"font-size: 9pt;color: #3c3c3c;font-family: &quot;Verdana&quot;,&quot;sans-serif&amp;quot\">Muchas narraciones se transmitieron en <\/span><strong><span style=\"font-size: 9pt;color: #3c3c3c;font-family: &quot;Verdana&quot;,&quot;sans-serif&amp;quot\">forma oral<\/span><\/strong><span style=\"font-size: 9pt;color: #3c3c3c;font-family: &quot;Verdana&quot;,&quot;sans-serif&amp;quot\"> entre distintas generaciones, aunque tardaron siglos en plasmarse por escrito. Uno de los primeros textos literarios, o al menos del que a\u00fan quedan registros escritos, es el <a href=\"http:\/\/es.wikipedia.org\/wiki\/Poema_de_Gilgamesh\"><strong><span style=\"color: #324c8c;text-decoration: none\">Poema de Gilgamesh<\/span><\/strong><\/a>. Se trata de una narraci\u00f3n de origen sumerio que fue grabada en tablillas de arcilla con escritura cuneiforme, cuya primera versi\u00f3n se remontar\u00eda al a\u00f1o <\/span><strong><span style=\"font-size: 9pt;color: #3c3c3c;font-family: &quot;Verdana&quot;,&quot;sans-serif&amp;quot\">2.000 A.C<\/span><\/strong><span style=\"font-size: 9pt;color: #3c3c3c;font-family: &quot;Verdana&quot;,&quot;sans-serif&amp;quot\">.<\/span><\/p>\n","protected":false},"excerpt":{"rendered":"<p>MI COMPA\u00d1ERA, LA LITERATURA \u00a0 Muchas narraciones se transmitieron en forma oral entre distintas generaciones, aunque tardaron siglos en plasmarse por escrito. Uno de los primeros textos literarios, o al menos del que a\u00fan quedan registros escritos, es el Poema de Gilgamesh. Se trata de una narraci\u00f3n de origen sumerio que fue grabada en tablillas [&hellip;]<\/p>\n","protected":false},"author":3112,"featured_media":0,"parent":0,"menu_order":0,"comment_status":"open","ping_status":"open","template":"","meta":{"footnotes":""},"class_list":["post-39","page","type-page","status-publish","hentry"],"_links":{"self":[{"href":"https:\/\/blog.espol.edu.ec\/faderoda\/wp-json\/wp\/v2\/pages\/39","targetHints":{"allow":["GET"]}}],"collection":[{"href":"https:\/\/blog.espol.edu.ec\/faderoda\/wp-json\/wp\/v2\/pages"}],"about":[{"href":"https:\/\/blog.espol.edu.ec\/faderoda\/wp-json\/wp\/v2\/types\/page"}],"author":[{"embeddable":true,"href":"https:\/\/blog.espol.edu.ec\/faderoda\/wp-json\/wp\/v2\/users\/3112"}],"replies":[{"embeddable":true,"href":"https:\/\/blog.espol.edu.ec\/faderoda\/wp-json\/wp\/v2\/comments?post=39"}],"version-history":[{"count":2,"href":"https:\/\/blog.espol.edu.ec\/faderoda\/wp-json\/wp\/v2\/pages\/39\/revisions"}],"predecessor-version":[{"id":41,"href":"https:\/\/blog.espol.edu.ec\/faderoda\/wp-json\/wp\/v2\/pages\/39\/revisions\/41"}],"wp:attachment":[{"href":"https:\/\/blog.espol.edu.ec\/faderoda\/wp-json\/wp\/v2\/media?parent=39"}],"curies":[{"name":"wp","href":"https:\/\/api.w.org\/{rel}","templated":true}]}}