{"id":7,"date":"2009-10-27T17:01:31","date_gmt":"2009-10-27T22:01:31","guid":{"rendered":"http:\/\/blog.espol.edu.ec\/faderoda\/?page_id=7"},"modified":"2009-11-22T20:38:51","modified_gmt":"2009-11-23T01:38:51","slug":"paralelo-08","status":"publish","type":"page","link":"https:\/\/blog.espol.edu.ec\/faderoda\/paralelo-08\/","title":{"rendered":"Paralelo 08"},"content":{"rendered":"<div class=\"mceTemp mceIEcenter\">Esta es la foto de <a title=\"Cate blanchet\" href=\"http:\/\/es.wikipedia.org\/wiki\/Cate_Blanchett\" target=\"_self\">Cate Blanchet<\/a>, que protagoniza a\u00a0Elizabeth I, una de las reinas m\u00e1s pol\u00e9micas en la historia londinense, inspiraci\u00f3n de muchos escritores, dramturgos y poetas.<\/div>\n<div id=\"attachment_8\" style=\"width: 138px\" class=\"wp-caption aligncenter\"><img loading=\"lazy\" decoding=\"async\" aria-describedby=\"caption-attachment-8\" class=\"size-full wp-image-8\" src=\"http:\/\/blog.espol.edu.ec\/faderoda\/files\/2009\/10\/elizabeth-11.jpg\" alt=\"La \u00e9poca de oro\" width=\"128\" height=\"83\" \/><p id=\"caption-attachment-8\" class=\"wp-caption-text\">La \u00e9poca de oro<\/p><\/div>\n","protected":false},"excerpt":{"rendered":"<p>Esta es la foto de Cate Blanchet, que protagoniza a\u00a0Elizabeth I, una de las reinas m\u00e1s pol\u00e9micas en la historia londinense, inspiraci\u00f3n de muchos escritores, dramturgos y poetas.<\/p>\n","protected":false},"author":3112,"featured_media":0,"parent":0,"menu_order":0,"comment_status":"open","ping_status":"open","template":"","meta":{"footnotes":""},"class_list":["post-7","page","type-page","status-publish","hentry"],"_links":{"self":[{"href":"https:\/\/blog.espol.edu.ec\/faderoda\/wp-json\/wp\/v2\/pages\/7","targetHints":{"allow":["GET"]}}],"collection":[{"href":"https:\/\/blog.espol.edu.ec\/faderoda\/wp-json\/wp\/v2\/pages"}],"about":[{"href":"https:\/\/blog.espol.edu.ec\/faderoda\/wp-json\/wp\/v2\/types\/page"}],"author":[{"embeddable":true,"href":"https:\/\/blog.espol.edu.ec\/faderoda\/wp-json\/wp\/v2\/users\/3112"}],"replies":[{"embeddable":true,"href":"https:\/\/blog.espol.edu.ec\/faderoda\/wp-json\/wp\/v2\/comments?post=7"}],"version-history":[{"count":6,"href":"https:\/\/blog.espol.edu.ec\/faderoda\/wp-json\/wp\/v2\/pages\/7\/revisions"}],"predecessor-version":[{"id":97,"href":"https:\/\/blog.espol.edu.ec\/faderoda\/wp-json\/wp\/v2\/pages\/7\/revisions\/97"}],"wp:attachment":[{"href":"https:\/\/blog.espol.edu.ec\/faderoda\/wp-json\/wp\/v2\/media?parent=7"}],"curies":[{"name":"wp","href":"https:\/\/api.w.org\/{rel}","templated":true}]}}