{"id":8,"date":"2016-11-08T19:28:32","date_gmt":"2016-11-08T19:28:32","guid":{"rendered":"http:\/\/blog.espol.edu.ec\/fafranco\/?page_id=8"},"modified":"2016-11-15T10:36:21","modified_gmt":"2016-11-15T10:36:21","slug":"combates-de-cagayan","status":"publish","type":"page","link":"https:\/\/blog.espol.edu.ec\/fafranco\/combates-de-cagayan\/","title":{"rendered":"Edad Media"},"content":{"rendered":"<p>La Edad Media, Medievo o Medioevo es el per\u00edodo hist\u00f3rico de la civilizaci\u00f3n occidental comprendido entre el siglo v y el xv. Convencionalmente, su inicio es situado en el a\u00f1o 476 con la ca\u00edda del Imperio romano de Occidente y su fin en 1492 con el descubrimiento de Am\u00e9rica,1 o en 1453 con la ca\u00edda del Imperio bizantino, fecha que tiene la singularidad de coincidir con la invenci\u00f3n de la imprenta \u2014publicaci\u00f3n de la Biblia de Gutenberg\u2014 y con el fin de la guerra de los Cien A\u00f1os.<\/p>\n<p>A d\u00eda de hoy, los historiadores del per\u00edodo prefieren matizar esta ruptura entre Antig\u00fcedad y Edad Media de manera que entre los siglos iii y viii se suele hablar de Antig\u00fcedad Tard\u00eda, que habr\u00eda sido una gran etapa de transici\u00f3n en todos los \u00e1mbitos: en lo econ\u00f3mico, para la sustituci\u00f3n del modo de producci\u00f3n esclavista por el modo de producci\u00f3n feudal; en lo social, para la desaparici\u00f3n del concepto de ciudadan\u00eda romana y la definici\u00f3n de los estamentos medievales, en lo pol\u00edtico para la descomposici\u00f3n de las estructuras centralizadas del Imperio romano que dio paso a una dispersi\u00f3n del poder; y en lo ideol\u00f3gico y cultural para la absorci\u00f3n y sustituci\u00f3n de la cultura cl\u00e1sica por las teoc\u00e9ntricas culturas cristiana o isl\u00e1mica (cada una en su espacio).<br \/>\nSuele dividirse en dos grandes per\u00edodos: Temprana o Alta Edad Media (ss. v-x, sin una clara diferenciaci\u00f3n con la Antig\u00fcedad Tard\u00eda); y Baja Edad Media (ss. xi-xv), que a su vez puede dividirse en un periodo de plenitud, la Plena Edad Media (ss. xi-xiii), y los dos \u00faltimos siglos que presenciaron la crisis del siglo xiv.<\/p>\n<p>&nbsp;<\/p>\n<p><img loading=\"lazy\" decoding=\"async\" class=\" wp-image-31 aligncenter\" src=\"http:\/\/blog.espol.edu.ec\/fafranco\/files\/2016\/11\/Lorenzetti_amb.effect2-300x168.jpg\" alt=\"lorenzetti_amb-effect2\" width=\"470\" height=\"271\" \/><\/p>\n<h3 class=\"r\">\u00a0 \u00a0 \u00a0 \u00a0 \u00a0 \u00a0 \u00a0 \u00a0 \u00a0Ambrogio Lorenzetti - Effects of Good Government on the City<\/h3>\n<form id=\"vozme_form_ff1fd7cd9d7f6c7e5346f4921baa3405\" method=\"post\" name=\"vozme_form_ff1fd7cd9d7f6c7e5346f4921baa3405\" target=\"ff1fd7cd9d7f6c7e5346f4921baa3405\" action=\"http:\/\/vozme.com\/text2voice.php\"><input name=\"text\" type=\"hidden\" value=\"Edad Media. La Edad Media, Medievo o Medioevo es el per\u00edodo hist\u00f3rico de la civilizaci\u00f3n occidental comprendido entre el siglo v y el xv. Convencionalmente, su inicio es situado en el a\u00f1o 476 con la ca\u00edda del Imperio romano de Occidente y su fin en 1492 con el descubrimiento de Am\u00e9rica,1 o en 1453 con la ca\u00edda del Imperio bizantino, fecha que tiene la singularidad de coincidir con la invenci\u00f3n de la imprenta \u2014publicaci\u00f3n de la Biblia de Gutenberg\u2014 y con el fin de la guerra de los Cien A\u00f1os.\nA d\u00eda de hoy, los historiadores del per\u00edodo prefieren matizar esta ruptura entre Antig\u00fcedad y Edad Media de manera que entre los siglos iii y viii se suele hablar de Antig\u00fcedad Tard\u00eda, que habr\u00eda sido una gran etapa de transici\u00f3n en todos los \u00e1mbitos: en lo econ\u00f3mico, para la sustituci\u00f3n del modo de producci\u00f3n esclavista por el modo de producci\u00f3n feudal; en lo social, para la desaparici\u00f3n del concepto de ciudadan\u00eda romana y la definici\u00f3n de los estamentos medievales, en lo pol\u00edtico para la descomposici\u00f3n de las estructuras centralizadas del Imperio romano que dio paso a una dispersi\u00f3n del poder; y en lo ideol\u00f3gico y cultural para la absorci\u00f3n y sustituci\u00f3n de la cultura cl\u00e1sica por las teoc\u00e9ntricas culturas cristiana o isl\u00e1mica (cada una en su espacio).\nSuele dividirse en dos grandes per\u00edodos: Temprana o Alta Edad Media (ss. v-x, sin una clara diferenciaci\u00f3n con la Antig\u00fcedad Tard\u00eda); y Baja Edad Media (ss. xi-xv), que a su vez puede dividirse en un periodo de plenitud, la Plena Edad Media (ss. xi-xiii), y los dos \u00faltimos siglos que presenciaron la crisis del siglo xiv.\n&nbsp;\n\n\u00a0 \u00a0 \u00a0 \u00a0 \u00a0 \u00a0 \u00a0 \u00a0 \u00a0Ambrogio Lorenzetti - Effects of Good Government on the City\n\" \/><input name=\"lang\" type=\"hidden\" value=\"en\" \/><input name=\"gn\" type=\"hidden\" value=\"ml\" \/><input type=\"hidden\" id=\"interface\" name=\"interface\" value=\"full\" \/>\n\t\t\t<div style=\"margin-left:40%;\">\n\t\t\t\n\t\t\t\t<input style=\"float:left;\" type=\"image\" width=\"40\" height=\"40\" src=\"http:\/\/blog.espol.edu.ec\/fafranco\/wp-content\/plugins\/vozme\/img\/megaphone40x40w.gif\" alt=\"Hear this post\" onclick=\"window.open('', 'ff1fd7cd9d7f6c7e5346f4921baa3405', 'width=600,height=370,scrollbars=yes,location=yes,menubar=yes,resizable=yes,status=yes,toolbar=yes');\">\n\t\t\t\t<div style=\"margin-left:48px; text-align:left;\"><a style=\"font-size:12px;\" href=\"javascript:void(0);\" onclick=\"window.open('', 'ff1fd7cd9d7f6c7e5346f4921baa3405', 'width=600,height=370,scrollbars=yes,location=yes,menubar=yes,resizable=yes,status=yes,toolbar=yes'); document.getElementById('vozme_form_ff1fd7cd9d7f6c7e5346f4921baa3405').submit();\">Hear<br\/>this post<\/a><\/div>\n\t\t\t<\/div><\/form>","protected":false},"excerpt":{"rendered":"<p>La Edad Media, Medievo o Medioevo es el per\u00edodo hist\u00f3rico de la civilizaci\u00f3n occidental comprendido entre el siglo v y el xv. Convencionalmente, su inicio es situado en el a\u00f1o 476 con la ca\u00edda del Imperio romano de Occidente y &hellip; <a href=\"https:\/\/blog.espol.edu.ec\/fafranco\/combates-de-cagayan\/\">Sigue leyendo <span class=\"meta-nav\">&rarr;<\/span><\/a><\/p>\n","protected":false},"author":10686,"featured_media":0,"parent":0,"menu_order":0,"comment_status":"closed","ping_status":"closed","template":"","meta":{"footnotes":""},"class_list":["post-8","page","type-page","status-publish","hentry"],"_links":{"self":[{"href":"https:\/\/blog.espol.edu.ec\/fafranco\/wp-json\/wp\/v2\/pages\/8","targetHints":{"allow":["GET"]}}],"collection":[{"href":"https:\/\/blog.espol.edu.ec\/fafranco\/wp-json\/wp\/v2\/pages"}],"about":[{"href":"https:\/\/blog.espol.edu.ec\/fafranco\/wp-json\/wp\/v2\/types\/page"}],"author":[{"embeddable":true,"href":"https:\/\/blog.espol.edu.ec\/fafranco\/wp-json\/wp\/v2\/users\/10686"}],"replies":[{"embeddable":true,"href":"https:\/\/blog.espol.edu.ec\/fafranco\/wp-json\/wp\/v2\/comments?post=8"}],"version-history":[{"count":6,"href":"https:\/\/blog.espol.edu.ec\/fafranco\/wp-json\/wp\/v2\/pages\/8\/revisions"}],"predecessor-version":[{"id":28,"href":"https:\/\/blog.espol.edu.ec\/fafranco\/wp-json\/wp\/v2\/pages\/8\/revisions\/28"}],"wp:attachment":[{"href":"https:\/\/blog.espol.edu.ec\/fafranco\/wp-json\/wp\/v2\/media?parent=8"}],"curies":[{"name":"wp","href":"https:\/\/api.w.org\/{rel}","templated":true}]}}