{"id":63,"date":"2010-02-08T15:54:11","date_gmt":"2010-02-08T19:54:11","guid":{"rendered":"http:\/\/blog.espol.edu.ec\/fariarmas19\/?page_id=63"},"modified":"2012-08-06T22:54:59","modified_gmt":"2012-08-07T02:54:59","slug":"el-ministerio-de-musica","status":"publish","type":"page","link":"https:\/\/blog.espol.edu.ec\/fariarmas19\/el-ministerio-de-musica\/","title":{"rendered":"\u266b El Ministerio"},"content":{"rendered":"<p>Por un periodo de 2 a\u00f1os realizamos grupos de evangelismo rotundo, vidas que dan fe y testimonio de la grandeza de nuestro Padre celestial manifestada en la labor emprendida y que ha revolucionado su manera de vivir al experimentar un cambio en sus mentes y corazones..<br \/>\nActualmente, 3 a\u00f1os y medio despu\u00e9s, a trav\u00e9s de la red hemos llegado con el evangelio vivo a miles de personas en Ecuador y todo el mundo<\/p>\n<p><a href=\"http:\/\/blog.espol.edu.ec\/fariarmas19\/files\/2010\/02\/Imagen11.jpg\"><img loading=\"lazy\" decoding=\"async\" class=\"aligncenter size-full wp-image-566\" src=\"http:\/\/blog.espol.edu.ec\/fariarmas19\/files\/2010\/02\/Imagen11.jpg\" alt=\"\" width=\"644\" height=\"483\" srcset=\"https:\/\/blog.espol.edu.ec\/fariarmas19\/files\/2010\/02\/Imagen11.jpg 644w, https:\/\/blog.espol.edu.ec\/fariarmas19\/files\/2010\/02\/Imagen11-300x225.jpg 300w\" sizes=\"auto, (max-width: 644px) 100vw, 644px\" \/><\/a><br \/>\n__________________________________________________________________________________<\/p>\n<p>Esta es en el evento A VIVA VOZ \"Despertando a los Violentos\" que se dio cita en las instalaciones del Ministerio de Nuestro Se\u00f1or Jesucristo del guasmo sur (Sendas de Paz) donde al rededor de 200 personas disfrutaron del inicio del mover de nuestro Dios en sus vidas...<br \/>\n<a href=\"http:\/\/blog.espol.edu.ec\/fariarmas19\/files\/2010\/02\/225753_200375566667858_144241692281246_482241_7625121_n.jpg\"><img loading=\"lazy\" decoding=\"async\" class=\"aligncenter size-full wp-image-562\" src=\"http:\/\/blog.espol.edu.ec\/fariarmas19\/files\/2010\/02\/225753_200375566667858_144241692281246_482241_7625121_n.jpg\" alt=\"\" width=\"640\" height=\"480\" srcset=\"https:\/\/blog.espol.edu.ec\/fariarmas19\/files\/2010\/02\/225753_200375566667858_144241692281246_482241_7625121_n.jpg 640w, https:\/\/blog.espol.edu.ec\/fariarmas19\/files\/2010\/02\/225753_200375566667858_144241692281246_482241_7625121_n-300x225.jpg 300w\" sizes=\"auto, (max-width: 640px) 100vw, 640px\" \/><\/a><\/p>\n<p>Las Bandas Cristianas invitadas, C7, Casa B\u00edblica, MNSJ de Dur\u00e1n, y nuestro Hno. David Legnia de Montecristi compartieron con nosotros esta noche<br \/>\n________________________________________________________________________________<\/p>\n<p>PREVIO AL EVENTO que se realiz\u00f3 en Abril 16 de este a\u00f1o..<\/p>\n<p><a href=\"http:\/\/blog.espol.edu.ec\/fariarmas19\/files\/2010\/02\/222322_203126596392755_144241692281246_501036_3923435_n.jpg\"><img loading=\"lazy\" decoding=\"async\" class=\"aligncenter size-full wp-image-569\" src=\"http:\/\/blog.espol.edu.ec\/fariarmas19\/files\/2010\/02\/222322_203126596392755_144241692281246_501036_3923435_n.jpg\" alt=\"\" width=\"720\" height=\"540\" srcset=\"https:\/\/blog.espol.edu.ec\/fariarmas19\/files\/2010\/02\/222322_203126596392755_144241692281246_501036_3923435_n.jpg 720w, https:\/\/blog.espol.edu.ec\/fariarmas19\/files\/2010\/02\/222322_203126596392755_144241692281246_501036_3923435_n-300x225.jpg 300w\" sizes=\"auto, (max-width: 720px) 100vw, 720px\" \/><\/a><\/p>\n<form id=\"vozme_form_70c4acc4bbe3e54243a27fc174dfa4d2\" method=\"post\" name=\"vozme_form_70c4acc4bbe3e54243a27fc174dfa4d2\" target=\"70c4acc4bbe3e54243a27fc174dfa4d2\" action=\"http:\/\/vozme.com\/text2voice.php\"><input name=\"text\" type=\"hidden\" value=\"\u266b El Ministerio. Por un periodo de 2 a\u00f1os realizamos grupos de evangelismo rotundo, vidas que dan fe y testimonio de la grandeza de nuestro Padre celestial manifestada en la labor emprendida y que ha revolucionado su manera de vivir al experimentar un cambio en sus mentes y corazones..\nActualmente, 3 a\u00f1os y medio despu\u00e9s, a trav\u00e9s de la red hemos llegado con el evangelio vivo a miles de personas en Ecuador y todo el mundo\n\n__________________________________________________________________________________\nEsta es en el evento A VIVA VOZ &quot;Despertando a los Violentos&quot; que se dio cita en las instalaciones del Ministerio de Nuestro Se\u00f1or Jesucristo del guasmo sur (Sendas de Paz) donde al rededor de 200 personas disfrutaron del inicio del mover de nuestro Dios en sus vidas...\n\nLas Bandas Cristianas invitadas, C7, Casa B\u00edblica, MNSJ de Dur\u00e1n, y nuestro Hno. David Legnia de Montecristi compartieron con nosotros esta noche\n________________________________________________________________________________\nPREVIO AL EVENTO que se realiz\u00f3 en Abril 16 de este a\u00f1o..\n\n\" \/><input name=\"lang\" type=\"hidden\" value=\"en\" \/><input name=\"gn\" type=\"hidden\" value=\"ml\" \/><input type=\"hidden\" id=\"interface\" name=\"interface\" value=\"full\" \/>\n\t\t\t<div style=\"margin-left:40%;\">\n\t\t\t\n\t\t\t\t<input style=\"float:left;\" type=\"image\" width=\"40\" height=\"40\" src=\"http:\/\/blog.espol.edu.ec\/fariarmas19\/wp-content\/plugins\/vozme\/img\/megaphone40x40w.gif\" alt=\"Hear this post\" onclick=\"window.open('', '70c4acc4bbe3e54243a27fc174dfa4d2', 'width=600,height=370,scrollbars=yes,location=yes,menubar=yes,resizable=yes,status=yes,toolbar=yes');\">\n\t\t\t\t<div style=\"margin-left:48px; text-align:left;\"><a style=\"font-size:12px;\" href=\"javascript:void(0);\" onclick=\"window.open('', '70c4acc4bbe3e54243a27fc174dfa4d2', 'width=600,height=370,scrollbars=yes,location=yes,menubar=yes,resizable=yes,status=yes,toolbar=yes'); document.getElementById('vozme_form_70c4acc4bbe3e54243a27fc174dfa4d2').submit();\">Hear<br\/>this post<\/a><\/div>\n\t\t\t<\/div><\/form>","protected":false},"excerpt":{"rendered":"<p>Por un periodo de 2 a\u00f1os realizamos grupos de evangelismo rotundo, vidas que dan fe y testimonio de la grandeza de nuestro Padre celestial manifestada en la labor emprendida y que ha revolucionado su manera de vivir al experimentar un &hellip; <a href=\"https:\/\/blog.espol.edu.ec\/fariarmas19\/el-ministerio-de-musica\/\">Sigue leyendo <span class=\"meta-nav\">&rarr;<\/span><\/a><\/p>\n","protected":false},"author":1936,"featured_media":0,"parent":0,"menu_order":1,"comment_status":"open","ping_status":"open","template":"","meta":{"footnotes":""},"class_list":["post-63","page","type-page","status-publish","hentry"],"_links":{"self":[{"href":"https:\/\/blog.espol.edu.ec\/fariarmas19\/wp-json\/wp\/v2\/pages\/63","targetHints":{"allow":["GET"]}}],"collection":[{"href":"https:\/\/blog.espol.edu.ec\/fariarmas19\/wp-json\/wp\/v2\/pages"}],"about":[{"href":"https:\/\/blog.espol.edu.ec\/fariarmas19\/wp-json\/wp\/v2\/types\/page"}],"author":[{"embeddable":true,"href":"https:\/\/blog.espol.edu.ec\/fariarmas19\/wp-json\/wp\/v2\/users\/1936"}],"replies":[{"embeddable":true,"href":"https:\/\/blog.espol.edu.ec\/fariarmas19\/wp-json\/wp\/v2\/comments?post=63"}],"version-history":[{"count":28,"href":"https:\/\/blog.espol.edu.ec\/fariarmas19\/wp-json\/wp\/v2\/pages\/63\/revisions"}],"predecessor-version":[{"id":66,"href":"https:\/\/blog.espol.edu.ec\/fariarmas19\/wp-json\/wp\/v2\/pages\/63\/revisions\/66"}],"wp:attachment":[{"href":"https:\/\/blog.espol.edu.ec\/fariarmas19\/wp-json\/wp\/v2\/media?parent=63"}],"curies":[{"name":"wp","href":"https:\/\/api.w.org\/{rel}","templated":true}]}}