{"id":104,"date":"2015-11-22T05:00:43","date_gmt":"2015-11-22T05:00:43","guid":{"rendered":"http:\/\/blog.espol.edu.ec\/fjara\/?page_id=104"},"modified":"2015-11-22T18:49:57","modified_gmt":"2015-11-22T18:49:57","slug":"famosas-balletistas","status":"publish","type":"page","link":"https:\/\/blog.espol.edu.ec\/fjara\/famosas-balletistas\/","title":{"rendered":"Famosas balletistas"},"content":{"rendered":"<h1 id=\"firstHeading\" class=\"firstHeading\">Anna P\u00e1vlova<\/h1>\n<p>Anna P\u00e1vlovna P\u00e1vlova (ruso: \u0410\u043d\u043d\u0430 \u041f\u0430\u0432\u043b\u043e\u0432\u043d\u0430 \u041f\u0430\u0432\u043b\u043e\u0432\u0430, calendario gregoriano: 12 de febrero de 1881 - 23 de enero de 1931), fue una famosa bailarina de ballet rusa de inicios del siglo XX.<\/p>\n<div id=\"attachment_217\" style=\"width: 227px\" class=\"wp-caption aligncenter\"><a href=\"http:\/\/blog.espol.edu.ec\/fjara\/files\/2015\/11\/330px-AP_Cygne.jpg\"><img loading=\"lazy\" decoding=\"async\" aria-describedby=\"caption-attachment-217\" class=\"size-medium wp-image-217\" src=\"http:\/\/blog.espol.edu.ec\/fjara\/files\/2015\/11\/330px-AP_Cygne-217x300.jpg\" alt=\"Anna P\u00e1vlova en La muerte del cisne.\" width=\"217\" height=\"300\" srcset=\"https:\/\/blog.espol.edu.ec\/fjara\/files\/2015\/11\/330px-AP_Cygne-217x300.jpg 217w, https:\/\/blog.espol.edu.ec\/fjara\/files\/2015\/11\/330px-AP_Cygne.jpg 330w\" sizes=\"auto, (max-width: 217px) 100vw, 217px\" \/><\/a><p id=\"caption-attachment-217\" class=\"wp-caption-text\">Anna P\u00e1vlova en La muerte del cisne.<\/p><\/div>\n<p><strong>Olesya Novikova<\/strong><\/p>\n<p>Olesya Novikova (San Pietroburgo, ...) \u00e8 una ballerina russa, in opera al Teatro Mariinskij di San Pietroburgo.<\/p>\n<p><a href=\"http:\/\/blog.espol.edu.ec\/fjara\/files\/2015\/11\/tumblr_mczdlz6Gxx1r5aa2qo1_500.png\"><img loading=\"lazy\" decoding=\"async\" class=\"alignnone size-medium wp-image-218\" src=\"http:\/\/blog.espol.edu.ec\/fjara\/files\/2015\/11\/tumblr_mczdlz6Gxx1r5aa2qo1_500-300x232.png\" alt=\"tumblr_mczdlz6Gxx1r5aa2qo1_500\" width=\"300\" height=\"232\" srcset=\"https:\/\/blog.espol.edu.ec\/fjara\/files\/2015\/11\/tumblr_mczdlz6Gxx1r5aa2qo1_500-300x232.png 300w, https:\/\/blog.espol.edu.ec\/fjara\/files\/2015\/11\/tumblr_mczdlz6Gxx1r5aa2qo1_500.png 500w\" sizes=\"auto, (max-width: 300px) 100vw, 300px\" \/><\/a><\/p>\n<p>Cecilia Kerche<\/p>\n<div id=\"attachment_219\" style=\"width: 310px\" class=\"wp-caption alignnone\"><a href=\"http:\/\/blog.espol.edu.ec\/fjara\/files\/2015\/11\/kerche03.jpg\"><img loading=\"lazy\" decoding=\"async\" aria-describedby=\"caption-attachment-219\" class=\"size-medium wp-image-219\" src=\"http:\/\/blog.espol.edu.ec\/fjara\/files\/2015\/11\/kerche03-300x210.jpg\" alt=\"Cec\u00edlia Kerche Grand Pas-deDeux Esmeralda Alceu Bett\/Croma Imagem\" width=\"300\" height=\"210\" srcset=\"https:\/\/blog.espol.edu.ec\/fjara\/files\/2015\/11\/kerche03-300x210.jpg 300w, https:\/\/blog.espol.edu.ec\/fjara\/files\/2015\/11\/kerche03-400x280.jpg 400w, https:\/\/blog.espol.edu.ec\/fjara\/files\/2015\/11\/kerche03.jpg 800w\" sizes=\"auto, (max-width: 300px) 100vw, 300px\" \/><\/a><p id=\"caption-attachment-219\" class=\"wp-caption-text\">Cec\u00edlia Kerche<br \/>Grand Pas-deDeux Esmeralda<br \/>Alceu Bett\/Croma Imagem<\/p><\/div>\n<p>Bailarina brasile\u00f1a que en 1982 entr\u00f3 a formar parte del Ballet Municipal de Rio de Janeiro, donde cuatro a\u00f1os m\u00e1s tarde era bailarina principal. Ha interpretado los principales roles cl\u00e1sicos en los teatros m\u00e1s prestigiosos del mundo.<\/p>\n<p><iframe loading=\"lazy\" title=\"Cecilia Kerche - Black Swan - Cisne Negro\" width=\"610\" height=\"458\" src=\"https:\/\/www.youtube.com\/embed\/DwqIt3tnoX8?feature=oembed\" frameborder=\"0\" allow=\"accelerometer; autoplay; clipboard-write; encrypted-media; gyroscope; picture-in-picture; web-share\" referrerpolicy=\"strict-origin-when-cross-origin\" allowfullscreen><\/iframe><\/p>\n<p><strong><em>Laura Morera:<\/em><\/strong><\/p>\n<p><a href=\"http:\/\/blog.espol.edu.ec\/fjara\/files\/2015\/11\/jr_rb_beauty2_morera_500-1.jpg\"><img loading=\"lazy\" decoding=\"async\" class=\"alignnone size-medium wp-image-220\" src=\"http:\/\/blog.espol.edu.ec\/fjara\/files\/2015\/11\/jr_rb_beauty2_morera_500-1-300x221.jpg\" alt=\"jr_rb_beauty2_morera_500 (1)\" width=\"300\" height=\"221\" srcset=\"https:\/\/blog.espol.edu.ec\/fjara\/files\/2015\/11\/jr_rb_beauty2_morera_500-1-300x221.jpg 300w, https:\/\/blog.espol.edu.ec\/fjara\/files\/2015\/11\/jr_rb_beauty2_morera_500-1.jpg 500w\" sizes=\"auto, (max-width: 300px) 100vw, 300px\" \/><\/a><\/p>\n<p>Bailarina espa\u00f1ola nacida en Madrid que estudi\u00f3 danza en The Royal Ballet School. En 1995 entr\u00f3 a formar parte de la C\u00eda. del Royal Ballet y en 2002 se convierte en bailarina principal.<\/p>\n<p><strong><em>Gelsey Kirkland (1952):<\/em><\/strong><\/p>\n<p>&nbsp;<\/p>\n<p>Bailarina americana nacida en Pensilvania. Formada en la escuela del American Ballet y<a href=\"http:\/\/blog.espol.edu.ec\/fjara\/files\/2015\/11\/01beau.large2_.jpg\"><img loading=\"lazy\" decoding=\"async\" class=\"size-medium wp-image-221 alignleft\" src=\"http:\/\/blog.espol.edu.ec\/fjara\/files\/2015\/11\/01beau.large2_-300x219.jpg\" alt=\"01beau.large2\" width=\"300\" height=\"219\" srcset=\"https:\/\/blog.espol.edu.ec\/fjara\/files\/2015\/11\/01beau.large2_-300x219.jpg 300w, https:\/\/blog.espol.edu.ec\/fjara\/files\/2015\/11\/01beau.large2_.jpg 650w\" sizes=\"auto, (max-width: 300px) 100vw, 300px\" \/><\/a>bailarina del New York City Ballet a partir de 1968, y en 1972 se convierte en bailarina principal. M\u00e1s adelante vuelve al American Ballet para formar parte de la compa\u00f1\u00eda, con R.Nureyev como partenaire en algunas ocasiones. Tambi\u00e9n baila con el Royal Ballet.<\/p>\n<p>&nbsp;<\/p>\n<p><iframe loading=\"lazy\" title=\"Gelsey Kirkland - Giselle\" width=\"610\" height=\"343\" src=\"https:\/\/www.youtube.com\/embed\/_-Tgfx5jFkI?feature=oembed\" frameborder=\"0\" allow=\"accelerometer; autoplay; clipboard-write; encrypted-media; gyroscope; picture-in-picture; web-share\" referrerpolicy=\"strict-origin-when-cross-origin\" allowfullscreen><\/iframe><\/p>\n","protected":false},"excerpt":{"rendered":"<p>Anna P\u00e1vlova Anna P\u00e1vlovna P\u00e1vlova (ruso: \u0410\u043d\u043d\u0430 \u041f\u0430\u0432\u043b\u043e\u0432\u043d\u0430 \u041f\u0430\u0432\u043b\u043e\u0432\u0430, calendario gregoriano: 12 de febrero de 1881 - 23 de enero de 1931), fue una famosa bailarina de ballet rusa de inicios del siglo XX. Olesya Novikova Olesya Novikova (San Pietroburgo, ...) \u00e8 una ballerina russa, in opera al Teatro Mariinskij di San Pietroburgo. Cecilia Kerche [&hellip;]<\/p>\n","protected":false},"author":10082,"featured_media":0,"parent":0,"menu_order":0,"comment_status":"closed","ping_status":"closed","template":"","meta":{"footnotes":""},"class_list":["post-104","page","type-page","status-publish","hentry"],"_links":{"self":[{"href":"https:\/\/blog.espol.edu.ec\/fjara\/wp-json\/wp\/v2\/pages\/104","targetHints":{"allow":["GET"]}}],"collection":[{"href":"https:\/\/blog.espol.edu.ec\/fjara\/wp-json\/wp\/v2\/pages"}],"about":[{"href":"https:\/\/blog.espol.edu.ec\/fjara\/wp-json\/wp\/v2\/types\/page"}],"author":[{"embeddable":true,"href":"https:\/\/blog.espol.edu.ec\/fjara\/wp-json\/wp\/v2\/users\/10082"}],"replies":[{"embeddable":true,"href":"https:\/\/blog.espol.edu.ec\/fjara\/wp-json\/wp\/v2\/comments?post=104"}],"version-history":[{"count":3,"href":"https:\/\/blog.espol.edu.ec\/fjara\/wp-json\/wp\/v2\/pages\/104\/revisions"}],"predecessor-version":[{"id":222,"href":"https:\/\/blog.espol.edu.ec\/fjara\/wp-json\/wp\/v2\/pages\/104\/revisions\/222"}],"wp:attachment":[{"href":"https:\/\/blog.espol.edu.ec\/fjara\/wp-json\/wp\/v2\/media?parent=104"}],"curies":[{"name":"wp","href":"https:\/\/api.w.org\/{rel}","templated":true}]}}

<h1 id="firstHeading" class="firstHeading">Anna Pávlova</h1>
<p>Anna Pávlovna Pávlova (ruso: Анна Павловна Павлова, calendario gregoriano: 12 de febrero de 1881 - 23 de enero de 1931), fue una famosa bailarina de ballet rusa de inicios del siglo XX.</p>
<div id="attachment_217" style="width: 227px" class="wp-caption aligncenter"><a href="http://blog.espol.edu.ec/fjara/files/2015/11/330px-AP_Cygne.jpg"><img loading="lazy" decoding="async" aria-describedby="caption-attachment-217" class="size-medium wp-image-217" src="http://blog.espol.edu.ec/fjara/files/2015/11/330px-AP_Cygne-217x300.jpg" alt="Anna Pávlova en La muerte del cisne." width="217" height="300" srcset="https://blog.espol.edu.ec/fjara/files/2015/11/330px-AP_Cygne-217x300.jpg 217w, https://blog.espol.edu.ec/fjara/files/2015/11/330px-AP_Cygne.jpg 330w" sizes="auto, (max-width: 217px) 100vw, 217px" /></a><p id="caption-attachment-217" class="wp-caption-text">Anna Pávlova en La muerte del cisne.</p></div>
<p><strong>Olesya Novikova</strong></p>
<p>Olesya Novikova (San Pietroburgo, ...) è una ballerina russa, in opera al Teatro Mariinskij di San Pietroburgo.</p>
<p><a href="http://blog.espol.edu.ec/fjara/files/2015/11/tumblr_mczdlz6Gxx1r5aa2qo1_500.png"><img loading="lazy" decoding="async" class="alignnone size-medium wp-image-218" src="http://blog.espol.edu.ec/fjara/files/2015/11/tumblr_mczdlz6Gxx1r5aa2qo1_500-300x232.png" alt="tumblr_mczdlz6Gxx1r5aa2qo1_500" width="300" height="232" srcset="https://blog.espol.edu.ec/fjara/files/2015/11/tumblr_mczdlz6Gxx1r5aa2qo1_500-300x232.png 300w, https://blog.espol.edu.ec/fjara/files/2015/11/tumblr_mczdlz6Gxx1r5aa2qo1_500.png 500w" sizes="auto, (max-width: 300px) 100vw, 300px" /></a></p>
<p>Cecilia Kerche</p>
<div id="attachment_219" style="width: 310px" class="wp-caption alignnone"><a href="http://blog.espol.edu.ec/fjara/files/2015/11/kerche03.jpg"><img loading="lazy" decoding="async" aria-describedby="caption-attachment-219" class="size-medium wp-image-219" src="http://blog.espol.edu.ec/fjara/files/2015/11/kerche03-300x210.jpg" alt="Cecília Kerche Grand Pas-deDeux Esmeralda Alceu Bett/Croma Imagem" width="300" height="210" srcset="https://blog.espol.edu.ec/fjara/files/2015/11/kerche03-300x210.jpg 300w, https://blog.espol.edu.ec/fjara/files/2015/11/kerche03-400x280.jpg 400w, https://blog.espol.edu.ec/fjara/files/2015/11/kerche03.jpg 800w" sizes="auto, (max-width: 300px) 100vw, 300px" /></a><p id="caption-attachment-219" class="wp-caption-text">Cecília Kerche<br />Grand Pas-deDeux Esmeralda<br />Alceu Bett/Croma Imagem</p></div>
<p>Bailarina brasileña que en 1982 entró a formar parte del Ballet Municipal de Rio de Janeiro, donde cuatro años más tarde era bailarina principal. Ha interpretado los principales roles clásicos en los teatros más prestigiosos del mundo.</p>
<p><iframe loading="lazy" title="Cecilia Kerche - Black Swan - Cisne Negro" width="610" height="458" src="https://www.youtube.com/embed/DwqIt3tnoX8?feature=oembed" frameborder="0" allow="accelerometer; autoplay; clipboard-write; encrypted-media; gyroscope; picture-in-picture; web-share" referrerpolicy="strict-origin-when-cross-origin" allowfullscreen></iframe></p>
<p><strong><em>Laura Morera:</em></strong></p>
<p><a href="http://blog.espol.edu.ec/fjara/files/2015/11/jr_rb_beauty2_morera_500-1.jpg"><img loading="lazy" decoding="async" class="alignnone size-medium wp-image-220" src="http://blog.espol.edu.ec/fjara/files/2015/11/jr_rb_beauty2_morera_500-1-300x221.jpg" alt="jr_rb_beauty2_morera_500 (1)" width="300" height="221" srcset="https://blog.espol.edu.ec/fjara/files/2015/11/jr_rb_beauty2_morera_500-1-300x221.jpg 300w, https://blog.espol.edu.ec/fjara/files/2015/11/jr_rb_beauty2_morera_500-1.jpg 500w" sizes="auto, (max-width: 300px) 100vw, 300px" /></a></p>
<p>Bailarina española nacida en Madrid que estudió danza en The Royal Ballet School. En 1995 entró a formar parte de la Cía. del Royal Ballet y en 2002 se convierte en bailarina principal.</p>
<p><strong><em>Gelsey Kirkland (1952):</em></strong></p>
<p>&nbsp;</p>
<p>Bailarina americana nacida en Pensilvania. Formada en la escuela del American Ballet y<a href="http://blog.espol.edu.ec/fjara/files/2015/11/01beau.large2_.jpg"><img loading="lazy" decoding="async" class="size-medium wp-image-221 alignleft" src="http://blog.espol.edu.ec/fjara/files/2015/11/01beau.large2_-300x219.jpg" alt="01beau.large2" width="300" height="219" srcset="https://blog.espol.edu.ec/fjara/files/2015/11/01beau.large2_-300x219.jpg 300w, https://blog.espol.edu.ec/fjara/files/2015/11/01beau.large2_.jpg 650w" sizes="auto, (max-width: 300px) 100vw, 300px" /></a>bailarina del New York City Ballet a partir de 1968, y en 1972 se convierte en bailarina principal. Más adelante vuelve al American Ballet para formar parte de la compañía, con R.Nureyev como partenaire en algunas ocasiones. También baila con el Royal Ballet.</p>
<p>&nbsp;</p>
<p><iframe loading="lazy" title="Gelsey Kirkland - Giselle" width="610" height="343" src="https://www.youtube.com/embed/_-Tgfx5jFkI?feature=oembed" frameborder="0" allow="accelerometer; autoplay; clipboard-write; encrypted-media; gyroscope; picture-in-picture; web-share" referrerpolicy="strict-origin-when-cross-origin" allowfullscreen></iframe></p>

<p>Anna Pávlova Anna Pávlovna Pávlova (ruso: Анна Павловна Павлова, calendario gregoriano: 12 de febrero de 1881 - 23 de enero de 1931), fue una famosa bailarina de ballet rusa de inicios del siglo XX. Olesya Novikova Olesya Novikova (San Pietroburgo, ...) è una ballerina russa, in opera al Teatro Mariinskij di San Pietroburgo. Cecilia Kerche [&hellip;]</p>
