{"id":143,"date":"2015-11-22T17:25:26","date_gmt":"2015-11-22T17:25:26","guid":{"rendered":"http:\/\/blog.espol.edu.ec\/fjara\/?page_id=143"},"modified":"2015-11-22T17:25:26","modified_gmt":"2015-11-22T17:25:26","slug":"historia-del-tutu","status":"publish","type":"page","link":"https:\/\/blog.espol.edu.ec\/fjara\/historia-del-tutu\/","title":{"rendered":"Historia del Tut\u00fa"},"content":{"rendered":"<h3 align=\"center\"><\/h3>\n<p align=\"center\">\n<div class=\"text\">\n<p align=\"center\"><strong><a href=\"http:\/\/blog.espol.edu.ec\/fjara\/files\/2015\/11\/10353128_771014432930513_2598044218906623960_n.jpg\"><img loading=\"lazy\" decoding=\"async\" class=\"size-medium wp-image-144 alignleft\" src=\"http:\/\/blog.espol.edu.ec\/fjara\/files\/2015\/11\/10353128_771014432930513_2598044218906623960_n-300x221.jpg\" alt=\"10353128_771014432930513_2598044218906623960_n\" width=\"300\" height=\"221\" srcset=\"https:\/\/blog.espol.edu.ec\/fjara\/files\/2015\/11\/10353128_771014432930513_2598044218906623960_n-300x221.jpg 300w, https:\/\/blog.espol.edu.ec\/fjara\/files\/2015\/11\/10353128_771014432930513_2598044218906623960_n.jpg 500w\" sizes=\"auto, (max-width: 300px) 100vw, 300px\" \/><\/a>La modista rusa Karinska fue la creadora de los m\u00e1s bellos tut\u00fas.<\/strong><\/p>\n<p align=\"center\">Un tut\u00fa debe ser un instrumento de esplendor visual para la audiencia, proporcionando placer y seguridad a la hora de bailar. La elecci\u00f3n del vestuario de ballet para el bailar\u00edn es un tema fundamental.<\/p>\n<p>Un tut\u00fa debe capturar la esencia del ballet cl\u00e1sico, realzando y reflejando la belleza del bailar\u00edn. El vestuario para una gala de danza cl\u00e1sica es un ritual que va m\u00e1s all\u00e1 de la creaci\u00f3n de un tut\u00fa.<\/p>\n<p>La definici\u00f3n de tut\u00fa es amplia, aunque generalmente, sabemos de qu\u00e9 se trata. El concepto moderno de tut\u00fa es seg\u00fan la definici\u00f3n que hicieran de \u00e9l Balanchine y Karinska creando la famosa frase \"el tut\u00fa es como un soplo de polvo\". Balanchine es considerado el padre del ballet cl\u00e1sico americano y como \u00e9l, merece el t\u00edtulo de la madre del vestuario del ballet cl\u00e1sico una mujer; conocida simplemente como Karinska. Antes del tut\u00fa Balanchine-Karinska, el tut\u00fa era m\u00e1s com\u00fan, m\u00e1s simple. Eran tut\u00fas que pod\u00edan ser vistos en muchas de las pinturas de Degas o el cl\u00e1sico tut\u00fa m\u00e1s corto, el de crepe, antiguo y r\u00edgido.<\/p>\n<p>El bordado ruso era una forma de arte muy notoria e importante en Rusia, destac\u00e1ndose el de las cortinas detalladas con colores y texturas que variaban en sus puntadas. Ten\u00edan en general alg\u00fan bordado min\u00fasculo y fino y otros amplios y \u00e1speros. \u00c9ste medio art\u00edstico era la profesi\u00f3n de Karinska.<\/p>\n<p><a href=\"http:\/\/blog.espol.edu.ec\/fjara\/files\/2015\/11\/1012964_897388440293111_1768162684832364289_n.jpg\"><img loading=\"lazy\" decoding=\"async\" class=\"size-medium wp-image-145 alignleft\" src=\"http:\/\/blog.espol.edu.ec\/fjara\/files\/2015\/11\/1012964_897388440293111_1768162684832364289_n-300x300.jpg\" alt=\"1012964_897388440293111_1768162684832364289_n\" width=\"300\" height=\"300\" srcset=\"https:\/\/blog.espol.edu.ec\/fjara\/files\/2015\/11\/1012964_897388440293111_1768162684832364289_n-300x300.jpg 300w, https:\/\/blog.espol.edu.ec\/fjara\/files\/2015\/11\/1012964_897388440293111_1768162684832364289_n-150x150.jpg 150w, https:\/\/blog.espol.edu.ec\/fjara\/files\/2015\/11\/1012964_897388440293111_1768162684832364289_n-50x50.jpg 50w, https:\/\/blog.espol.edu.ec\/fjara\/files\/2015\/11\/1012964_897388440293111_1768162684832364289_n.jpg 320w\" sizes=\"auto, (max-width: 300px) 100vw, 300px\" \/><\/a>Sus creaciones eran tan sofisticadas y \u00fanicas, que llego a alcanzar notoriedad como artista de ese medio. Su negocio prosper\u00f3 y cre\u00f3 una tienda de sombreros y de vestidos antiguos. Por su notoriedad, se convertir\u00eda en la Comisar de Museos de Mosc\u00fa.<\/p>\n<p>Ya en Par\u00eds, una nueva compa\u00f1\u00eda de ballet cl\u00e1sico llamada \"Ballet Cl\u00e1sico Russes de Monte Carlo\" le solicit\u00f3 la creaci\u00f3n de los trajes para su primer ballet titulado \"Cotill\u00f3n\". La coreograf\u00eda estaba creada por otro ruso llamado George Balanchine. Christian Berard, dise\u00f1ador y fot\u00f3grafo de gran renombre y prestigio, realizo el dise\u00f1o y proporcion\u00f3 un bosquejo general, una idea, de lo que deseaban para el nuevo ballet; pero ser\u00eda Karinska qui\u00e9n expuso y cre\u00f3 sobre el concepto creado por Berard, modific\u00e1ndolo, eligiendo la tela, la calidad y la cantidad, y decidiendo c\u00f3mo seria el concepto, la idea, la magia.<\/p>\n<p>Toda su creatividad fue puesta en ejecuci\u00f3n. Karinska, Balanchine, y Berard estudiar\u00edan cada ballet y colaborar\u00edan en la creaci\u00f3n de su vestuario. Con el tiempo este tema ser\u00eda dejado solamente a Karinska. Ella se convirti\u00f3 en Par\u00eds, en la representante \u00fanica de la creaci\u00f3n de trajes para ballet. Tanto fue su \u00e9xito que Berard creo con sus dise\u00f1os varias cubiertas para la ya famosa revista de modas Vogue. En 1932 tras la apertura de su tienda en Par\u00eds, Karinska visti\u00f3 seis ballets cl\u00e1sicos de Balanchine antes que \u00e9l se fuera definitivamente a Nueva York.<\/p>\n<p>En 1936 preparo el vestuario del ballet \"Estaciones\" ballet que seria presentado por los Ballet Cl\u00e1sicos Russes en el Covent Garden de Londres, en donde abri\u00f3 otra tienda de vestidos y bordados. Paralelamente en Nueva York, Balanchine funda la escuela de ballet cl\u00e1sico americano con Lincoln Kirstein y crea el American Ballet Company. En 1940, Karinska abre una tienda m\u00e1s en Nueva York.<\/p>\n<p>El tut\u00fa de crepe largo, favorito de Balanchine, era usado con frecuencia. Con sus m\u00faltiples capas de tules sin atar, este traje se mov\u00eda y flotaba cuando los bailarines saltaban. Sin embargo los bailarines como el p\u00fablico no podr\u00edan ver sus piernas.<\/p>\n<p>Acortar la falda del tut\u00fa era una soluci\u00f3n y un reto, permitiendo as\u00ed ver las piernas de los bailarines completamente. El nuevo traje Balanchine - Karinska ten\u00eda seis o siete capas de la red recolectada, cada capa era media pulgada m\u00e1s larga que la capa precedente. La alineaci\u00f3n era fluida e inexacta. Las capas fueron clavadas con tachuelas juntas para permitir la mirada mullida, floja, ef\u00edmera del tul sobre las piernas del bailar\u00edn y para descender, debajo de la cintura del bailar\u00edn. Este era el tut\u00fa que hacia a las bailarinas so\u00f1ar con bailar. Este tut\u00fa, m\u00e1s que cualquier otro, ha venido a simbolizar nuestra noci\u00f3n del ballet cl\u00e1sico. Es el icono del ballet cl\u00e1sico. La uni\u00f3n de Balanchine y de Karinska que hizo un est\u00e1ndar en la historia del ballet simbolizando una nueva mirada en 1950, una obra cl\u00e1sica, conocido como el Balanchine - Karinska - Tut\u00fa. Debido a su semejanza a un soplo de polvo fue llamado el \"tut\u00fa soplo de polvo\".<\/p>\n<p>Balanchine dijo, \"atribuyo el cincuenta por ciento del \u00e9xito de mis ballets cl\u00e1sicos a los trajes que Karinska ha creado\u201d. Los setenta y cinco ballets cl\u00e1sicos de Balanchine fueron realizados con vestuario de Karinska creando sus realizaciones m\u00e1s notables. Ella fue una maestra establecida y reconocida en trajes y dise\u00f1os de vestidos.<\/p>\n<\/div>\n","protected":false},"excerpt":{"rendered":"<p>La modista rusa Karinska fue la creadora de los m\u00e1s bellos tut\u00fas. Un tut\u00fa debe ser un instrumento de esplendor visual para la audiencia, proporcionando placer y seguridad a la hora de bailar. La elecci\u00f3n del vestuario de ballet para el bailar\u00edn es un tema fundamental. Un tut\u00fa debe capturar la esencia del ballet cl\u00e1sico, [&hellip;]<\/p>\n","protected":false},"author":10082,"featured_media":0,"parent":0,"menu_order":0,"comment_status":"closed","ping_status":"closed","template":"","meta":{"footnotes":""},"class_list":["post-143","page","type-page","status-publish","hentry"],"_links":{"self":[{"href":"https:\/\/blog.espol.edu.ec\/fjara\/wp-json\/wp\/v2\/pages\/143","targetHints":{"allow":["GET"]}}],"collection":[{"href":"https:\/\/blog.espol.edu.ec\/fjara\/wp-json\/wp\/v2\/pages"}],"about":[{"href":"https:\/\/blog.espol.edu.ec\/fjara\/wp-json\/wp\/v2\/types\/page"}],"author":[{"embeddable":true,"href":"https:\/\/blog.espol.edu.ec\/fjara\/wp-json\/wp\/v2\/users\/10082"}],"replies":[{"embeddable":true,"href":"https:\/\/blog.espol.edu.ec\/fjara\/wp-json\/wp\/v2\/comments?post=143"}],"version-history":[{"count":1,"href":"https:\/\/blog.espol.edu.ec\/fjara\/wp-json\/wp\/v2\/pages\/143\/revisions"}],"predecessor-version":[{"id":146,"href":"https:\/\/blog.espol.edu.ec\/fjara\/wp-json\/wp\/v2\/pages\/143\/revisions\/146"}],"wp:attachment":[{"href":"https:\/\/blog.espol.edu.ec\/fjara\/wp-json\/wp\/v2\/media?parent=143"}],"curies":[{"name":"wp","href":"https:\/\/api.w.org\/{rel}","templated":true}]}}