{"id":43,"date":"2013-05-30T02:20:37","date_gmt":"2013-05-30T02:20:37","guid":{"rendered":"http:\/\/blog.espol.edu.ec\/fquezada\/?page_id=43"},"modified":"2013-05-30T02:20:37","modified_gmt":"2013-05-30T02:20:37","slug":"escudo-de-pinas","status":"publish","type":"page","link":"https:\/\/blog.espol.edu.ec\/fquezada\/escudo-de-pinas\/","title":{"rendered":"Escudo de Pi\u00f1as"},"content":{"rendered":"<div id=\"attachment_44\" style=\"width: 650px\" class=\"wp-caption alignnone\"><a href=\"http:\/\/blog.espol.edu.ec\/fquezada\/files\/2013\/05\/Escudo_de_pi\u00f1as.jpg\"><img loading=\"lazy\" decoding=\"async\" aria-describedby=\"caption-attachment-44\" src=\"http:\/\/blog.espol.edu.ec\/fquezada\/files\/2013\/05\/Escudo_de_pi\u00f1as.jpg\" alt=\"\" width=\"640\" height=\"728\" class=\"size-full wp-image-44\" srcset=\"https:\/\/blog.espol.edu.ec\/fquezada\/files\/2013\/05\/Escudo_de_pi\u00f1as.jpg 640w, https:\/\/blog.espol.edu.ec\/fquezada\/files\/2013\/05\/Escudo_de_pi\u00f1as-263x300.jpg 263w\" sizes=\"auto, (max-width: 640px) 100vw, 640px\" \/><\/a><p id=\"caption-attachment-44\" class=\"wp-caption-text\">Esta compuesto de un cuartel \u00fanico enmarcado dentro de una figura her\u00e1ldica, de forma acorazonada de lados curvos de color dorado, dominado por tres colinas superpuestas. Sobre la cima de la colina mayor destaca una antorcha encendida, la que esta indicando la permanente intenci\u00f3n patri\u00f3tica de los pi\u00f1asienses de mantener inc\u00f3lumes su libertad y principios.<br \/>El color celeste, que traspasando el marco superior del Escudo se prolonga hacia el \u00e1guila que esta en la cima del escudo, simboliza el clareo cielo cantonal. Dentro de la colina inferior, en campo amarillo, sobresalen los frutos de la tierra y las plantas que lo generan, en forma de demostraci\u00f3n de abundancia, tales como: pi\u00f1a, caf\u00e9, ca\u00f1a de az\u00facar, espigas de arroz, que constituyen la riqueza cantonal.<br \/>Sobre la misma colina sobresale un sol rojo, s\u00edmbolo de los ocasos de fuego del cant\u00f3n y un poste con hilos telegr\u00e1ficos simbolizando las comunicaciones. Dominando el escudo y sobre la parte cimera est\u00e1 una \u00e1guila con sus alas desplegadas, protegiendo y portando en su pico un lazo blanco bifurcado en los extremos, donde puede leerse Plus Ultra, que significa \u00abm\u00e1s all\u00e1, siempre adelante\u00bb. El \u00e1guila es s\u00edmbolo de poder\u00edo y majestad.<\/p><\/div>\n","protected":false},"excerpt":{"rendered":"","protected":false},"author":8558,"featured_media":0,"parent":0,"menu_order":0,"comment_status":"open","ping_status":"open","template":"","meta":{"footnotes":""},"class_list":["post-43","page","type-page","status-publish","hentry"],"_links":{"self":[{"href":"https:\/\/blog.espol.edu.ec\/fquezada\/wp-json\/wp\/v2\/pages\/43","targetHints":{"allow":["GET"]}}],"collection":[{"href":"https:\/\/blog.espol.edu.ec\/fquezada\/wp-json\/wp\/v2\/pages"}],"about":[{"href":"https:\/\/blog.espol.edu.ec\/fquezada\/wp-json\/wp\/v2\/types\/page"}],"author":[{"embeddable":true,"href":"https:\/\/blog.espol.edu.ec\/fquezada\/wp-json\/wp\/v2\/users\/8558"}],"replies":[{"embeddable":true,"href":"https:\/\/blog.espol.edu.ec\/fquezada\/wp-json\/wp\/v2\/comments?post=43"}],"version-history":[{"count":2,"href":"https:\/\/blog.espol.edu.ec\/fquezada\/wp-json\/wp\/v2\/pages\/43\/revisions"}],"predecessor-version":[{"id":46,"href":"https:\/\/blog.espol.edu.ec\/fquezada\/wp-json\/wp\/v2\/pages\/43\/revisions\/46"}],"wp:attachment":[{"href":"https:\/\/blog.espol.edu.ec\/fquezada\/wp-json\/wp\/v2\/media?parent=43"}],"curies":[{"name":"wp","href":"https:\/\/api.w.org\/{rel}","templated":true}]}}