{"id":52,"date":"2009-06-15T17:35:18","date_gmt":"2009-06-15T21:35:18","guid":{"rendered":"http:\/\/blog.espol.edu.ec\/frank\/ferrari\/"},"modified":"2009-08-10T19:20:17","modified_gmt":"2009-08-10T23:20:17","slug":"ferrari","status":"publish","type":"page","link":"https:\/\/blog.espol.edu.ec\/frank\/ferrari\/","title":{"rendered":"Algunos Videos Interesantes!!.."},"content":{"rendered":"<p><object width=\"500\" height=\"360\" data=\"http:\/\/www.youtube.com\/v\/JGRXIDf9yTg&amp;hl=en&amp;fs=1&amp;color1=0xe1600f&amp;color2=0xfebd01&amp;border=1\" type=\"application\/x-shockwave-flash\"><param name=\"allowFullScreen\" value=\"true\" \/><param name=\"allowscriptaccess\" value=\"always\" \/><param name=\"src\" value=\"http:\/\/www.youtube.com\/v\/JGRXIDf9yTg&amp;hl=en&amp;fs=1&amp;color1=0xe1600f&amp;color2=0xfebd01&amp;border=1\" \/><param name=\"allowfullscreen\" value=\"true\" \/><\/object><\/p>\n<p>Un auto con la mejor tecnolog\u00eda alemana como Porsche es digno rival de un caballo italiano, Ferrari.. Qui\u00e9n ganar\u00e1??..<\/p>\n<p><object width=\"500\" height=\"360\" data=\"http:\/\/www.youtube.com\/v\/7NZ9X9A2efA&amp;hl=en&amp;fs=1&amp;color1=0x234900&amp;color2=0x4e9e00&amp;border=1\" type=\"application\/x-shockwave-flash\"><param name=\"allowFullScreen\" value=\"true\" \/><param name=\"allowscriptaccess\" value=\"always\" \/><param name=\"src\" value=\"http:\/\/www.youtube.com\/v\/7NZ9X9A2efA&amp;hl=en&amp;fs=1&amp;color1=0x234900&amp;color2=0x4e9e00&amp;border=1\" \/><\/object><\/p>\n<p><object width=\"500\" height=\"360\" data=\"http:\/\/www.youtube.com\/v\/LO0PgyPWE3o&amp;hl=es&amp;fs=1&amp;color1=0x5d1719&amp;color2=0xcd311b&amp;hd=1&amp;border=1\" type=\"application\/x-shockwave-flash\"><param name=\"allowFullScreen\" value=\"true\" \/><param name=\"allowscriptaccess\" value=\"always\" \/><param name=\"src\" value=\"http:\/\/www.youtube.com\/v\/LO0PgyPWE3o&amp;hl=es&amp;fs=1&amp;color1=0x5d1719&amp;color2=0xcd311b&amp;hd=1&amp;border=1\" \/><\/object><\/p>\n<p>El Bugatti Veyron, no necesita ninguna presentaci\u00f3n.. Es sin duda alguna el auto m\u00e1s r\u00e1pido jam\u00e1s construido.. Y uno de los m\u00e1s costosos y dif\u00edciles de conseguir aunque tengas el dinero necesario.. Jajaja.. Una cifra nada despreciabe de alrededor de $1'700.000. Disfruten estos 2 videos donde miden el performance de este grandioso veh\u00edculo<\/p>\n<p><object width=\"500\" height=\"360\" data=\"http:\/\/www.youtube.com\/v\/iNRkSpHSTaU&amp;hl=es&amp;fs=1&amp;color1=0x2b405b&amp;color2=0x6b8ab6&amp;hd=1&amp;border=1\" type=\"application\/x-shockwave-flash\"><param name=\"allowFullScreen\" value=\"true\" \/><param name=\"allowscriptaccess\" value=\"always\" \/><param name=\"src\" value=\"http:\/\/www.youtube.com\/v\/iNRkSpHSTaU&amp;hl=es&amp;fs=1&amp;color1=0x2b405b&amp;color2=0x6b8ab6&amp;hd=1&amp;border=1\" \/><param name=\"allowfullscreen\" value=\"true\" \/><\/object><\/p>\n<p>Demostrando la velocidad y belleza de super autos con los que todos so\u00f1amos alguna vez.. Y que pocos seremos los afortunados en conducir alguno.. Jajaja.. Me incluyo no porque ahora pueda comprarlo pero con trabajo y un poco de suerte no es imposible!!.. Disfruten admirando en acci\u00f3n estas maravillosas m\u00e1quinas..<\/p>\n<p><object width=\"500\" height=\"360\" data=\"http:\/\/www.youtube.com\/v\/gNY_4yeXSUk&amp;hl=es&amp;fs=1&amp;color1=0x234900&amp;color2=0x4e9e00&amp;border=1\" type=\"application\/x-shockwave-flash\"><param name=\"allowFullScreen\" value=\"true\" \/><param name=\"allowscriptaccess\" value=\"always\" \/><param name=\"src\" value=\"http:\/\/www.youtube.com\/v\/gNY_4yeXSUk&amp;hl=es&amp;fs=1&amp;color1=0x234900&amp;color2=0x4e9e00&amp;border=1\" \/><\/object><\/p>\n<p>Wow!!.. Podemos ver en acci\u00f3n lo \u00faltimo de los toros italianos: Lamborghini Reventon, enfrentando a nada m\u00e1s que un avi\u00f3n de guerra.. Qui\u00e9n creen que ser\u00e1 el m\u00e1s veloz??.. Les parece interesante??.. Escribanme para despejar cualquier duda\u00a0 al respecto, curiosidades\u00a0o\u00a0especificaciones t\u00e9cnicas, estar\u00e9 gustoso de ayudarlos!!..<\/p>\n","protected":false},"excerpt":{"rendered":"<p>Un auto con la mejor tecnolog\u00eda alemana como Porsche es digno rival de un caballo italiano, Ferrari.. Qui\u00e9n ganar\u00e1??.. El Bugatti Veyron, no necesita ninguna presentaci\u00f3n.. Es sin duda alguna el auto m\u00e1s r\u00e1pido jam\u00e1s construido.. Y uno de los m\u00e1s costosos y dif\u00edciles de conseguir aunque tengas el dinero necesario.. Jajaja.. Una cifra nada [&hellip;]<\/p>\n","protected":false},"author":1992,"featured_media":0,"parent":0,"menu_order":0,"comment_status":"open","ping_status":"open","template":"","meta":{"_monsterinsights_skip_tracking":false,"_monsterinsights_sitenote_active":false,"_monsterinsights_sitenote_note":"","_monsterinsights_sitenote_category":0,"footnotes":""},"class_list":["post-52","page","type-page","status-publish","hentry"],"aioseo_notices":[],"_links":{"self":[{"href":"https:\/\/blog.espol.edu.ec\/frank\/wp-json\/wp\/v2\/pages\/52","targetHints":{"allow":["GET"]}}],"collection":[{"href":"https:\/\/blog.espol.edu.ec\/frank\/wp-json\/wp\/v2\/pages"}],"about":[{"href":"https:\/\/blog.espol.edu.ec\/frank\/wp-json\/wp\/v2\/types\/page"}],"author":[{"embeddable":true,"href":"https:\/\/blog.espol.edu.ec\/frank\/wp-json\/wp\/v2\/users\/1992"}],"replies":[{"embeddable":true,"href":"https:\/\/blog.espol.edu.ec\/frank\/wp-json\/wp\/v2\/comments?post=52"}],"version-history":[{"count":16,"href":"https:\/\/blog.espol.edu.ec\/frank\/wp-json\/wp\/v2\/pages\/52\/revisions"}],"predecessor-version":[{"id":54,"href":"https:\/\/blog.espol.edu.ec\/frank\/wp-json\/wp\/v2\/pages\/52\/revisions\/54"}],"wp:attachment":[{"href":"https:\/\/blog.espol.edu.ec\/frank\/wp-json\/wp\/v2\/media?parent=52"}],"curies":[{"name":"wp","href":"https:\/\/api.w.org\/{rel}","templated":true}]}}