{"id":64,"date":"2009-08-06T17:21:02","date_gmt":"2009-08-06T21:21:02","guid":{"rendered":"http:\/\/blog.espol.edu.ec\/frank\/?page_id=64"},"modified":"2009-08-10T18:46:52","modified_gmt":"2009-08-10T22:46:52","slug":"something-about-me","status":"publish","type":"page","link":"https:\/\/blog.espol.edu.ec\/frank\/something-about-me\/","title":{"rendered":"Something about me!!.."},"content":{"rendered":"<p>Bueno, Este blog es parte de un curso de colaboraci\u00f3n digital.. El improvisado blogger Franklin Eduardo Vega es estudiante de la carrera Ingenier\u00eda en Log\u00edstica y Transporte perteneciente al Instituto de Ciencias Matem\u00e1ticas (ICM) de la Escuela Superior Polit\u00e9cnica del Litoral (ESPOL). Estoy cursando el s\u00e9ptimo semestre de mi carrera (ya falta poco para terminar). Los visitantes de la universidad se preguntar\u00e1n \u00bfPor qu\u00e9 est\u00e1s tomando esta materia que\u00a0pertenece al primer semestre? Pues por simple descuido, deb\u00ed haberla tomado hace mucho pero no me arrepiento de haberla dejado hasta ahora, pues he conocido a personas maravillosas.<\/p>\n<p>Nac\u00ed en Machala - El Oro -Ecuador, el d\u00eda 27 de julio de 1986. Tengo 2 hermanos menores que al igual que yo estudian en ESPOL, mis padres trabajan en Machala. As\u00ed que vivo s\u00f3lo con mis hermanos (As\u00ed que peladas lindas ya saben) Jajajaja.. Es una broma!!.. Como el mayor tengo ciertas responsabilidades para con ellos aunque no necesitan mucho de m\u00ed..<\/p>\n<p>Pienso especializarme en log\u00edstica portuaria, creo que como en nuestro pa\u00eds la mayor parte de mercader\u00edas se realizan por v\u00eda mar\u00edtima, \u00e9sta representa una gran oportunidad de trabajo.. Adem\u00e1s que el trabajo en el \u00e1rea de operaciones portuarias me parece muy interesante, siempre existe algo que solucionar.. Jajaja..<\/p>\n<p>Como debieron darse cuenta los autos son una de mis pasiones, en este blog trataremos de colocar videos y noticias relevantes respecto a este \u00e1mbito.. Modelos nuevos, ferias, etc...<\/p>\n<p>Me gusta mucho el f\u00fatbol, el cine, el tennis... Por supuesto que hincha de BARCELONA!!.. Hasta las \u00faltimas consecuencias!!.. Dale dale Barcelooo...<\/p>\n<p style=\"text-align: center\"><a rel=\"attachment wp-att-198\" href=\"http:\/\/blog.espol.edu.ec\/frank\/something-about-me\/barcelona\/\"><img loading=\"lazy\" decoding=\"async\" class=\"size-full wp-image-198 aligncenter\" src=\"http:\/\/blog.espol.edu.ec\/frank\/files\/2009\/08\/barcelona.jpg\" alt=\"barcelona\" width=\"173\" height=\"126\" \/><\/a><\/p>\n<p>Bueno espero no haberlos aburrido mucho con mis palabras.. Cualquier inquietud solo comenten y estaremos en contacto...<\/p>\n","protected":false},"excerpt":{"rendered":"<p>Bueno, Este blog es parte de un curso de colaboraci\u00f3n digital.. El improvisado blogger Franklin Eduardo Vega es estudiante de la carrera Ingenier\u00eda en Log\u00edstica y Transporte perteneciente al Instituto de Ciencias Matem\u00e1ticas (ICM) de la Escuela Superior Polit\u00e9cnica del Litoral (ESPOL). Estoy cursando el s\u00e9ptimo semestre de mi carrera (ya falta poco para terminar). [&hellip;]<\/p>\n","protected":false},"author":1992,"featured_media":0,"parent":0,"menu_order":1,"comment_status":"open","ping_status":"open","template":"","meta":{"_monsterinsights_skip_tracking":false,"_monsterinsights_sitenote_active":false,"_monsterinsights_sitenote_note":"","_monsterinsights_sitenote_category":0,"footnotes":""},"class_list":["post-64","page","type-page","status-publish","hentry"],"aioseo_notices":[],"_links":{"self":[{"href":"https:\/\/blog.espol.edu.ec\/frank\/wp-json\/wp\/v2\/pages\/64","targetHints":{"allow":["GET"]}}],"collection":[{"href":"https:\/\/blog.espol.edu.ec\/frank\/wp-json\/wp\/v2\/pages"}],"about":[{"href":"https:\/\/blog.espol.edu.ec\/frank\/wp-json\/wp\/v2\/types\/page"}],"author":[{"embeddable":true,"href":"https:\/\/blog.espol.edu.ec\/frank\/wp-json\/wp\/v2\/users\/1992"}],"replies":[{"embeddable":true,"href":"https:\/\/blog.espol.edu.ec\/frank\/wp-json\/wp\/v2\/comments?post=64"}],"version-history":[{"count":12,"href":"https:\/\/blog.espol.edu.ec\/frank\/wp-json\/wp\/v2\/pages\/64\/revisions"}],"predecessor-version":[{"id":68,"href":"https:\/\/blog.espol.edu.ec\/frank\/wp-json\/wp\/v2\/pages\/64\/revisions\/68"}],"wp:attachment":[{"href":"https:\/\/blog.espol.edu.ec\/frank\/wp-json\/wp\/v2\/media?parent=64"}],"curies":[{"name":"wp","href":"https:\/\/api.w.org\/{rel}","templated":true}]}}