{"id":132,"date":"2016-11-11T21:24:59","date_gmt":"2016-11-11T21:24:59","guid":{"rendered":"http:\/\/blog.espol.edu.ec\/frtoro\/?page_id=132"},"modified":"2016-11-11T21:24:59","modified_gmt":"2016-11-11T21:24:59","slug":"cuevas-de-ambulco","status":"publish","type":"page","link":"https:\/\/blog.espol.edu.ec\/frtoro\/cuevas-de-ambulco\/","title":{"rendered":"Cuevas de Ambulco"},"content":{"rendered":"<p>Denominadas con el nombre de Iglesias por los habitantes del lugar. La m\u00e1s peque\u00f1a tiene una altura que oscila entre los 6 y 8 m. y un ancho promedio entre los tres y nueve metros. En la cavidad interna se presentan bloques de piedra calc\u00e1rea, habi\u00e9ndose formado estalactitas y estalagmitas, as\u00ed como mantos y columnas de figuras caprichosas y de incomparable belleza debido a la uni\u00f3n de las anteriores.<\/p>\n","protected":false},"excerpt":{"rendered":"<p>Denominadas con el nombre de Iglesias por los habitantes del lugar. La m\u00e1s peque\u00f1a tiene una altura que oscila entre los 6 y 8 m. y un ancho promedio entre los tres y nueve metros. En la cavidad interna se presentan bloques de piedra calc\u00e1rea, habi\u00e9ndose formado estalactitas y estalagmitas, as\u00ed como mantos y columnas [&hellip;]<\/p>\n","protected":false},"author":10730,"featured_media":0,"parent":0,"menu_order":0,"comment_status":"closed","ping_status":"closed","template":"","meta":{"footnotes":""},"class_list":["post-132","page","type-page","status-publish","hentry"],"aioseo_notices":[],"_links":{"self":[{"href":"https:\/\/blog.espol.edu.ec\/frtoro\/wp-json\/wp\/v2\/pages\/132","targetHints":{"allow":["GET"]}}],"collection":[{"href":"https:\/\/blog.espol.edu.ec\/frtoro\/wp-json\/wp\/v2\/pages"}],"about":[{"href":"https:\/\/blog.espol.edu.ec\/frtoro\/wp-json\/wp\/v2\/types\/page"}],"author":[{"embeddable":true,"href":"https:\/\/blog.espol.edu.ec\/frtoro\/wp-json\/wp\/v2\/users\/10730"}],"replies":[{"embeddable":true,"href":"https:\/\/blog.espol.edu.ec\/frtoro\/wp-json\/wp\/v2\/comments?post=132"}],"version-history":[{"count":1,"href":"https:\/\/blog.espol.edu.ec\/frtoro\/wp-json\/wp\/v2\/pages\/132\/revisions"}],"predecessor-version":[{"id":134,"href":"https:\/\/blog.espol.edu.ec\/frtoro\/wp-json\/wp\/v2\/pages\/132\/revisions\/134"}],"wp:attachment":[{"href":"https:\/\/blog.espol.edu.ec\/frtoro\/wp-json\/wp\/v2\/media?parent=132"}],"curies":[{"name":"wp","href":"https:\/\/api.w.org\/{rel}","templated":true}]}}