{"id":199,"date":"2016-11-12T04:19:18","date_gmt":"2016-11-12T04:19:18","guid":{"rendered":"http:\/\/blog.espol.edu.ec\/frtoro\/?page_id=199"},"modified":"2016-11-12T04:19:18","modified_gmt":"2016-11-12T04:19:18","slug":"el-bota-luto","status":"publish","type":"page","link":"https:\/\/blog.espol.edu.ec\/frtoro\/el-bota-luto\/","title":{"rendered":"El bota luto"},"content":{"rendered":"<p>es un acto que se hace al a\u00f1o del fallecimiento de un pariente, en la cual los familiares del difunto, en compa\u00f1\u00eda de un padrino se cambian simb\u00f3licamente la ropa negra por otra de color que representa el fin del luto.<\/p>\n<p><img decoding=\"async\" class=\"aligncenter\" src=\"http:\/\/3.bp.blogspot.com\/-01ugOk_zUsE\/VQDd9z2-nLI\/AAAAAAAAADs\/czfzpiMtCBs\/s1600\/Imagen6.jpg\" \/><\/p>\n","protected":false},"excerpt":{"rendered":"<p>es un acto que se hace al a\u00f1o del fallecimiento de un pariente, en la cual los familiares del difunto, en compa\u00f1\u00eda de un padrino se cambian simb\u00f3licamente la ropa negra por otra de color que representa el fin del luto.<\/p>\n","protected":false},"author":10730,"featured_media":0,"parent":0,"menu_order":0,"comment_status":"closed","ping_status":"closed","template":"","meta":{"footnotes":""},"class_list":["post-199","page","type-page","status-publish","hentry"],"aioseo_notices":[],"_links":{"self":[{"href":"https:\/\/blog.espol.edu.ec\/frtoro\/wp-json\/wp\/v2\/pages\/199","targetHints":{"allow":["GET"]}}],"collection":[{"href":"https:\/\/blog.espol.edu.ec\/frtoro\/wp-json\/wp\/v2\/pages"}],"about":[{"href":"https:\/\/blog.espol.edu.ec\/frtoro\/wp-json\/wp\/v2\/types\/page"}],"author":[{"embeddable":true,"href":"https:\/\/blog.espol.edu.ec\/frtoro\/wp-json\/wp\/v2\/users\/10730"}],"replies":[{"embeddable":true,"href":"https:\/\/blog.espol.edu.ec\/frtoro\/wp-json\/wp\/v2\/comments?post=199"}],"version-history":[{"count":1,"href":"https:\/\/blog.espol.edu.ec\/frtoro\/wp-json\/wp\/v2\/pages\/199\/revisions"}],"predecessor-version":[{"id":201,"href":"https:\/\/blog.espol.edu.ec\/frtoro\/wp-json\/wp\/v2\/pages\/199\/revisions\/201"}],"wp:attachment":[{"href":"https:\/\/blog.espol.edu.ec\/frtoro\/wp-json\/wp\/v2\/media?parent=199"}],"curies":[{"name":"wp","href":"https:\/\/api.w.org\/{rel}","templated":true}]}}