{"id":253,"date":"2016-11-12T05:03:03","date_gmt":"2016-11-12T05:03:03","guid":{"rendered":"http:\/\/blog.espol.edu.ec\/frtoro\/?page_id=253"},"modified":"2016-11-12T05:03:03","modified_gmt":"2016-11-12T05:03:03","slug":"platos-tipicos","status":"publish","type":"page","link":"https:\/\/blog.espol.edu.ec\/frtoro\/platos-tipicos\/","title":{"rendered":"Platos t\u00edpicos"},"content":{"rendered":"<p>Como todo pueblo Cutervo posee ricos platos t\u00edpicos, sobresaliendo los siguientes:<\/p>\n<p>&nbsp;<\/p>\n<ul>\n<li>Cuy frito con papas<\/li>\n<li>Sancocho<\/li>\n<li>Sopa de chochoca (ma\u00edz seco molido con queso fresco)<\/li>\n<li>Shurumbo (a base de pl\u00e1tano verde y carne de chancho)<\/li>\n<li>Caldo de pepian (ma\u00edz y arveja seca molida con cuajada fresca)<\/li>\n<li>Caldo de mote \"pelao\"<\/li>\n<li>Caldo verde o chupe de papas con queso<\/li>\n<li>Caldo de fiambre<\/li>\n<li>Papas con shilsel<\/li>\n<\/ul>\n<p><img decoding=\"async\" class=\"aligncenter\" src=\"https:\/\/pakamuros.files.wordpress.com\/2013\/08\/cemi-19.jpg\" \/><\/p>\n<p><img decoding=\"async\" class=\"aligncenter\" src=\"http:\/\/0.tqn.com\/d\/enperu\/1\/L\/Q\/6\/-\/-\/Sopa-de-cabeza-de-cordero_sabrositio.png\" \/><\/p>\n<p>&nbsp;<\/p>\n","protected":false},"excerpt":{"rendered":"<p>Como todo pueblo Cutervo posee ricos platos t\u00edpicos, sobresaliendo los siguientes: &nbsp; Cuy frito con papas Sancocho Sopa de chochoca (ma\u00edz seco molido con queso fresco) Shurumbo (a base de pl\u00e1tano verde y carne de chancho) Caldo de pepian (ma\u00edz y arveja seca molida con cuajada fresca) Caldo de mote \"pelao\" Caldo verde o chupe [&hellip;]<\/p>\n","protected":false},"author":10730,"featured_media":0,"parent":0,"menu_order":0,"comment_status":"closed","ping_status":"closed","template":"","meta":{"footnotes":""},"class_list":["post-253","page","type-page","status-publish","hentry"],"aioseo_notices":[],"_links":{"self":[{"href":"https:\/\/blog.espol.edu.ec\/frtoro\/wp-json\/wp\/v2\/pages\/253","targetHints":{"allow":["GET"]}}],"collection":[{"href":"https:\/\/blog.espol.edu.ec\/frtoro\/wp-json\/wp\/v2\/pages"}],"about":[{"href":"https:\/\/blog.espol.edu.ec\/frtoro\/wp-json\/wp\/v2\/types\/page"}],"author":[{"embeddable":true,"href":"https:\/\/blog.espol.edu.ec\/frtoro\/wp-json\/wp\/v2\/users\/10730"}],"replies":[{"embeddable":true,"href":"https:\/\/blog.espol.edu.ec\/frtoro\/wp-json\/wp\/v2\/comments?post=253"}],"version-history":[{"count":1,"href":"https:\/\/blog.espol.edu.ec\/frtoro\/wp-json\/wp\/v2\/pages\/253\/revisions"}],"predecessor-version":[{"id":255,"href":"https:\/\/blog.espol.edu.ec\/frtoro\/wp-json\/wp\/v2\/pages\/253\/revisions\/255"}],"wp:attachment":[{"href":"https:\/\/blog.espol.edu.ec\/frtoro\/wp-json\/wp\/v2\/media?parent=253"}],"curies":[{"name":"wp","href":"https:\/\/api.w.org\/{rel}","templated":true}]}}