{"id":256,"date":"2016-11-12T05:05:28","date_gmt":"2016-11-12T05:05:28","guid":{"rendered":"http:\/\/blog.espol.edu.ec\/frtoro\/?page_id=256"},"modified":"2016-11-12T05:05:28","modified_gmt":"2016-11-12T05:05:28","slug":"dulces","status":"publish","type":"page","link":"https:\/\/blog.espol.edu.ec\/frtoro\/dulces\/","title":{"rendered":"Dulces"},"content":{"rendered":"<ul>\n<li>Bu\u00f1uelos con miel (el bu\u00f1uelo es una tortilla preparada a base de racacha)<\/li>\n<li>Dulce de Chiuche con leche,<\/li>\n<li>Los rallados mestizos y alfe\u00f1iques, alfajores (vejeranos)<\/li>\n<\/ul>\n<p><img decoding=\"async\" class=\"aligncenter\" src=\"http:\/\/4.bp.blogspot.com\/-VfPQIUT-FcU\/UmbZ6kiPPnI\/AAAAAAAALcw\/NLirCUCGS4g\/s400\/bu%C3%B1uelos.jpg\" \/><\/p>\n<p><img decoding=\"async\" class=\"aligncenter\" src=\"http:\/\/0.tqn.com\/d\/comidaperuana\/1\/S\/Y\/D\/-\/-\/mazamorra-de-calabaza.JPG\" \/><\/p>\n<p><img decoding=\"async\" src=\"http:\/\/cde.peru.com\/ima\/0\/1\/4\/9\/3\/1493729\/924x530\/mistura.jpg\" alt=\"Resultado de imagen para dulces cutervo\" \/><\/p>\n","protected":false},"excerpt":{"rendered":"<p>Bu\u00f1uelos con miel (el bu\u00f1uelo es una tortilla preparada a base de racacha) Dulce de Chiuche con leche, Los rallados mestizos y alfe\u00f1iques, alfajores (vejeranos)<\/p>\n","protected":false},"author":10730,"featured_media":0,"parent":0,"menu_order":0,"comment_status":"closed","ping_status":"closed","template":"","meta":{"footnotes":""},"class_list":["post-256","page","type-page","status-publish","hentry"],"aioseo_notices":[],"_links":{"self":[{"href":"https:\/\/blog.espol.edu.ec\/frtoro\/wp-json\/wp\/v2\/pages\/256","targetHints":{"allow":["GET"]}}],"collection":[{"href":"https:\/\/blog.espol.edu.ec\/frtoro\/wp-json\/wp\/v2\/pages"}],"about":[{"href":"https:\/\/blog.espol.edu.ec\/frtoro\/wp-json\/wp\/v2\/types\/page"}],"author":[{"embeddable":true,"href":"https:\/\/blog.espol.edu.ec\/frtoro\/wp-json\/wp\/v2\/users\/10730"}],"replies":[{"embeddable":true,"href":"https:\/\/blog.espol.edu.ec\/frtoro\/wp-json\/wp\/v2\/comments?post=256"}],"version-history":[{"count":1,"href":"https:\/\/blog.espol.edu.ec\/frtoro\/wp-json\/wp\/v2\/pages\/256\/revisions"}],"predecessor-version":[{"id":258,"href":"https:\/\/blog.espol.edu.ec\/frtoro\/wp-json\/wp\/v2\/pages\/256\/revisions\/258"}],"wp:attachment":[{"href":"https:\/\/blog.espol.edu.ec\/frtoro\/wp-json\/wp\/v2\/media?parent=256"}],"curies":[{"name":"wp","href":"https:\/\/api.w.org\/{rel}","templated":true}]}}