{"id":81,"date":"2012-11-06T05:13:43","date_gmt":"2012-11-06T05:13:43","guid":{"rendered":"http:\/\/blog.espol.edu.ec\/gabgesua\/?page_id=81"},"modified":"2012-11-06T05:13:43","modified_gmt":"2012-11-06T05:13:43","slug":"tipos-de-drogas","status":"publish","type":"page","link":"https:\/\/blog.espol.edu.ec\/gabgesua\/tipos-de-drogas\/","title":{"rendered":"TIPOS DE DROGAS"},"content":{"rendered":"<p><img loading=\"lazy\" decoding=\"async\" class=\"aligncenter\" src=\"http:\/\/2.bp.blogspot.com\/_nTvQst9atGk\/TSpQHxbODxI\/AAAAAAAAEEM\/J8IAo07skkk\/s640\/clip_image001.jpg\" alt=\"\" width=\"470\" height=\"264\" border=\"0\" \/><\/p>\n<div style=\"text-align: justify\" align=\"center\"><strong>Aunque no les demos la misma importancia, el tabaco y el alcohol son tambi\u00e9n drogas. Se engloban dentro de las llamadas drogas blandas, pero no cre\u00e1is que por no haber probado las drogas duras (coca\u00edna, hero\u00edna\u2026) est\u00e1is lejos de correr riesgos. Por ello lo que verdaderamente necesitamos es:\u00a0INFORMACI\u00d3N.<\/strong><\/div>\n<div style=\"text-align: justify\"><strong>Atendiendo a los efectos que causan las drogas en el sistema nervioso central, podemos clasificarlas en:<\/strong><\/div>\n<div><img loading=\"lazy\" decoding=\"async\" class=\"aligncenter\" src=\"http:\/\/bp0.blogger.com\/_TnMmmCrKdcM\/SBcJ20j8UhI\/AAAAAAAAAAU\/aNWlS-2CiJw\/s640\/cuadro.JPG\" alt=\"\" width=\"640\" height=\"321\" \/><\/div>\n","protected":false},"excerpt":{"rendered":"<p>Aunque no les demos la misma importancia, el tabaco y el alcohol son tambi\u00e9n drogas. Se engloban dentro de las llamadas drogas blandas, pero no cre\u00e1is que por no haber probado las drogas duras (coca\u00edna, hero\u00edna\u2026) est\u00e1is lejos de correr riesgos. Por ello lo que verdaderamente necesitamos es:\u00a0INFORMACI\u00d3N. Atendiendo a los efectos que causan las [&hellip;]<\/p>\n","protected":false},"author":8186,"featured_media":0,"parent":0,"menu_order":0,"comment_status":"open","ping_status":"open","template":"","meta":{"footnotes":""},"class_list":["post-81","page","type-page","status-publish","hentry"],"_links":{"self":[{"href":"https:\/\/blog.espol.edu.ec\/gabgesua\/wp-json\/wp\/v2\/pages\/81","targetHints":{"allow":["GET"]}}],"collection":[{"href":"https:\/\/blog.espol.edu.ec\/gabgesua\/wp-json\/wp\/v2\/pages"}],"about":[{"href":"https:\/\/blog.espol.edu.ec\/gabgesua\/wp-json\/wp\/v2\/types\/page"}],"author":[{"embeddable":true,"href":"https:\/\/blog.espol.edu.ec\/gabgesua\/wp-json\/wp\/v2\/users\/8186"}],"replies":[{"embeddable":true,"href":"https:\/\/blog.espol.edu.ec\/gabgesua\/wp-json\/wp\/v2\/comments?post=81"}],"version-history":[{"count":1,"href":"https:\/\/blog.espol.edu.ec\/gabgesua\/wp-json\/wp\/v2\/pages\/81\/revisions"}],"predecessor-version":[{"id":82,"href":"https:\/\/blog.espol.edu.ec\/gabgesua\/wp-json\/wp\/v2\/pages\/81\/revisions\/82"}],"wp:attachment":[{"href":"https:\/\/blog.espol.edu.ec\/gabgesua\/wp-json\/wp\/v2\/media?parent=81"}],"curies":[{"name":"wp","href":"https:\/\/api.w.org\/{rel}","templated":true}]}}