{"id":205,"date":"2009-08-09T17:33:19","date_gmt":"2009-08-09T21:33:19","guid":{"rendered":"http:\/\/blog.espol.edu.ec\/gabrielanenita\/?page_id=205"},"modified":"2009-08-09T18:54:21","modified_gmt":"2009-08-09T22:54:21","slug":"varios","status":"publish","type":"page","link":"https:\/\/blog.espol.edu.ec\/gabrielanenita\/varios\/","title":{"rendered":"**Pa Reirse**"},"content":{"rendered":"<h5><span style=\"color: #800080\">\u00a0\u00bfComo se dice diarrea en africano?,\u00a0<span style=\"color: #ff00ff\"> abundalacaca <\/span><\/span><\/h5>\n<h5><span style=\"color: #800080\">\u00bfC\u00f2mo se dice diarrea en chino?, \u00a0<span style=\"color: #ff00ff\">kagasagua <\/span><\/span><\/h5>\n<h5><span style=\"color: #800080\">\u00bfC\u00f3mo se dice robar en chino?, \u00a0<span style=\"color: #ff00ff\">Me Lan Kitao <\/span><\/span><\/h5>\n<h5><span style=\"color: #800080\"><span style=\"color: #ff00ff\"><span style=\"color: #800080\">\u00bfC\u00f2mo se dice violaci\u00f3n en africano?, <\/span><span style=\"color: #ff00ff\">tetumbo la tanga <\/span><\/span><\/span><\/h5>\n<h5><span style=\"color: #800080\"><span style=\"color: #ff00ff\"><span style=\"color: #ff00ff\"><span style=\"color: #800080\">\u00bfC\u00f2mo se dice papel de ba\u00f1o en japones?,<\/span> kita kakita <\/span><\/span><\/span><\/h5>\n<h5><span style=\"color: #800080\"><span style=\"color: #ff00ff\"><span style=\"color: #ff00ff\"><span style=\"color: #800080\">\u00bfC\u00f2mo se dice disparo en arabe?,<\/span> \u00a0aivalabala atajala <\/span><\/span><\/span><\/h5>\n<h5><span style=\"color: #800080\"><span style=\"color: #ff00ff\"><span style=\"color: #ff00ff\"><span style=\"color: #800080\">\u00bfC\u00f2mo se dice toro homosexual en ingles?,<\/span> geytorey <\/span><\/span><\/span><\/h5>\n<h5><span style=\"color: #800080\"><span style=\"color: #ff00ff\"><span style=\"color: #ff00ff\"><span style=\"color: #800080\">\u00bfC\u00f2mo se dice beso en \u00e0rabe?,<\/span> saliba va, saliba viene<\/span><\/span><\/span><\/h5>\n<h5><span style=\"color: #800080\"><span style=\"color: #ff00ff\"><span style=\"color: #ff00ff\"><span style=\"color: #800080\">\u00bfC\u00f2mo se dice\u00a0cabello sucio en chino? ,<\/span> Chin-Cham-Poo <\/span><\/span><\/span><\/h5>\n<h5><span style=\"color: #800080\"><span style=\"color: #ff00ff\"><span style=\"color: #ff00ff\"><span style=\"color: #800080\">\u00bfC\u00f2mo se dice cementerio en africano? ,<\/span> Tutumba <\/span><\/span><\/span><\/h5>\n<h5><span style=\"color: #800080\"><span style=\"color: #ff00ff\"><span style=\"color: #ff00ff\"><span style=\"color: #800080\">\u00bfC\u00f2mo se dice calzoncillo en portugu\u00e9s?,<\/span> \u00a0Hamaca du bolas. <\/span><\/span><\/span><\/h5>\n<h5><span style=\"color: #800080\"><span style=\"color: #ff00ff\"><span style=\"color: #ff00ff\"><span style=\"color: #800080\">\u00bfC\u00f2mo se dice minifalda en protugues? , <span style=\"color: #ff00ff\">casimiri tu culeiro <\/span><\/span><\/span><\/span><\/span><\/h5>\n<h5><span style=\"color: #800080\"><span style=\"color: #ff00ff\"><\/span><\/span><span style=\"color: #800080\"><span style=\"color: #ff00ff\"><span style=\"color: #ff00ff\"><span style=\"color: #800080\"><span style=\"color: #ff00ff\"><span style=\"font-size: x-small;color: #0066cc\"><span style=\"color: #ff00ff\"><span style=\"color: #800080\"><span style=\"color: #ff00ff\"><span style=\"color: #ff00ff\"><span style=\"color: #800080\">\u00bfC\u00f2mo se dice papel de ba\u00f1o en chino?,<\/span> <\/span><\/span><\/span>Sacacaca<\/span><\/span><span style=\"color: #ff00ff\"> <\/span><\/span><\/span><\/span><\/span><\/span><\/h5>\n<h5><span style=\"color: #800080\"><span style=\"color: #ff00ff\"><span style=\"color: #ff00ff\"><span style=\"color: #800080\"><span style=\"color: #ff00ff\"><span style=\"color: #ff00ff\"><span style=\"color: #800080\">\u00bfC\u00f2mo se dice traspiraci\u00f3n de axila en Chino?, <\/span>Tu-So-Bako<\/span><\/span><\/span><\/span><\/span><\/span><\/h5>\n<h5><span style=\"color: #800080\"><span style=\"color: #ff00ff\"><span style=\"color: #ff00ff\"><span style=\"color: #800080\"><span style=\"color: #ff00ff\"><span style=\"color: #ff00ff\"><span style=\"color: #800080\">\u00bfC\u00f2mo se dice 99 en chino?,<\/span> kachy chen <\/span><\/span><\/span><\/span><\/span><\/span><\/h5>\n<h5><span style=\"color: #800080\"><span style=\"color: #ff00ff\"><span style=\"color: #ff00ff\"><span style=\"color: #800080\"><span style=\"color: #ff00ff\"><span style=\"color: #ff00ff\"><span style=\"color: #800080\">\u00a0\u00bfC\u00f2mo se dice viuda en chino?,<\/span> \u00a0Sin su machu <\/span><\/span><\/span><\/span><\/span><\/span><\/h5>\n<h5><span style=\"color: #800080\"><span style=\"color: #ff00ff\"><span style=\"color: #ff00ff\"><span style=\"color: #800080\"><span style=\"color: #ff00ff\"><span style=\"color: #ff00ff\"><span style=\"color: #800080\">\u00bfC\u00f2mo se dice me robaron mi moto en chino?,<\/span> \u00a0No veo mi Yamaha. <\/span><\/span><\/span><\/span><\/span><\/span><\/h5>\n<h5><span style=\"color: #800080\"><span style=\"color: #ff00ff\"><span style=\"color: #ff00ff\"><span style=\"color: #800080\"><span style=\"color: #ff00ff\"><span style=\"color: #ff00ff\"><span style=\"color: #800080\"><span style=\"color: #ff00ff\"><span style=\"color: #ff00ff\"><span style=\"color: #800080\"><span style=\"color: #ff00ff\"><span style=\"color: #ff00ff\"><span style=\"color: #800080\">\u00bfC\u00f2mo se dice vomitar en \u00e0rabe?, <span style=\"color: #ff00ff\">ai va la jama<\/span><\/span><\/span><\/span><\/span><\/span><\/span><\/span><\/span><\/span><\/span><\/span><\/span><\/span><\/h5>\n<h5><span style=\"color: #800080\"><span style=\"color: #ff00ff\"><span style=\"color: #ff00ff\"><span style=\"color: #800080\"><span style=\"color: #ff00ff\"><span style=\"color: #ff00ff\"><span style=\"color: #800080\"><span style=\"color: #ff00ff\"><span style=\"color: #ff00ff\"><span style=\"color: #800080\"><span style=\"color: #ff00ff\"><span style=\"color: #ff00ff\"><span style=\"color: #800080\"><span style=\"color: #ff00ff\"><span style=\"color: #800080\">\u00bfC\u00f2mo se dice en \u00e1rabe - falta grave en f\u00fatbol- ?<\/span> Te rajo la jeta<\/span><\/span><\/span><\/span><\/span><\/span><\/span><\/span><\/span><\/span><\/span><\/span><\/span><\/span><\/h5>\n<h5><span style=\"color: #800080\"><span style=\"color: #ff00ff\"><span style=\"color: #ff00ff\"><span style=\"color: #800080\"><span style=\"color: #ff00ff\"><span style=\"color: #ff00ff\"><span style=\"color: #800080\"><span style=\"color: #ff00ff\"><span style=\"color: #ff00ff\"><span style=\"color: #800080\"><span style=\"color: #ff00ff\"><span style=\"color: #ff00ff\"><span style=\"color: #800080\"><span style=\"color: #ff00ff\"><span style=\"color: #800080\">\u00bfC\u00f3mo se dice quitate de mi moto en \u00e1rabe?, \u00a0<\/span>Baja la raja de mi Yamaha<\/span><\/span><\/span><\/span><\/span><\/span><\/span><\/span><\/span><\/span><\/span><\/span><\/span><\/span><\/h5>\n<h5><span style=\"color: #800080\"><span style=\"color: #ff00ff\"><span style=\"color: #ff00ff\"><span style=\"color: #800080\"><span style=\"color: #ff00ff\"><span style=\"color: #ff00ff\"><span style=\"color: #800080\"><span style=\"color: #ff00ff\"><span style=\"color: #ff00ff\"><span style=\"color: #800080\"><span style=\"color: #ff00ff\"><span style=\"color: #ff00ff\"><span style=\"color: #800080\">\u00bfC\u00f2mo se dice espejo en chino?\u00a0, \u00a0<span style=\"color: #ff00ff\">ahitoy<\/span><\/span><\/span><\/span><\/span><\/span><\/span><\/span><\/span><\/span><\/span><\/span><\/span><\/span><\/h5>\n<h5><span style=\"color: #800080\"><span style=\"color: #ff00ff\"><span style=\"color: #ff00ff\"><span style=\"color: #800080\"><span style=\"color: #ff00ff\"><span style=\"color: #ff00ff\"><span style=\"color: #800080\"><span style=\"color: #ff00ff\"><span style=\"color: #ff00ff\"><span style=\"color: #800080\"><span style=\"color: #ff00ff\"><span style=\"color: #ff00ff\"><span style=\"color: #800080\"><span style=\"color: #ff00ff\"><span style=\"color: #ff00ff\"><span style=\"color: #800080\">\u00bfComo se dice minifalda en chino?, <\/span>\u00a0Cachi che le ve.<\/span><\/span><\/span><\/span><\/span><\/span><\/span><\/span><\/span><\/span><\/span><\/span><\/span><\/span><\/span><\/h5>\n<div><span style=\"color: #800080\"><span style=\"color: #ff00ff\"><span style=\"color: #ff00ff\"><span style=\"color: #800080\"><span style=\"color: #ff00ff\"><span style=\"color: #ff00ff\"><span style=\"color: #800080\"><span style=\"color: #ff00ff\"><span style=\"color: #ff00ff\"><span style=\"color: #800080\"><span style=\"color: #ff00ff\"><span style=\"color: #ff00ff\"><span style=\"color: #800080\"><\/span><\/span><\/span><\/span><\/span><\/span><\/span><\/span><\/span><\/span><\/span><\/span><\/span><\/div>\n<p><span style=\"color: #800080\"><span style=\"color: #ff00ff\"><span style=\"color: #ff00ff\"><span style=\"color: #800080\"><span style=\"color: #ff00ff\"><span style=\"color: #ff00ff\"><span style=\"color: #800080\"><span style=\"color: #ff00ff\"><span style=\"color: #ff00ff\"><span style=\"color: #800080\"><span style=\"color: #ff00ff\"><span style=\"color: #ff00ff\"><span style=\"color: #800080\"><span style=\"color: #ff00ff\"><\/span><\/span><\/span><\/span><\/span><\/span><\/span><\/span><\/span><\/span><\/span><\/span><\/span><\/span><\/p>\n<h5><span style=\"color: #0000ff\"><span style=\"color: #008000\"><span style=\"color: #0000ff\"><span style=\"text-decoration: underline\">CHISTES-CHISTES<\/span><\/span><\/span><\/span><\/h5>\n<h5><span style=\"color: #0000ff\"><span style=\"color: #008000\">Pedro le dice a Juan: Pienso hablar seriamente con mi mujer<br \/>\nJuan: si?<br \/>\nPedro: S\u00ed, pienso decirle que a partir de ma\u00f1ana compartiremos los<br \/>\ndeberes de la casa.<br \/>\nJuan: Vaya!! eres un marido considerado.<br \/>\nPedro: No, lo que pasa es que yo no puedo con todo!!! <\/span><\/span><\/h5>\n<h5><span style=\"color: #0000ff\"><span style=\"color: #008000\"><span style=\"color: #ff9900\">Aprenda ingles rapidamente por el metodo fonetico:<br \/>\namarillo es yellow<br \/>\nhielo es ice<br \/>\neyes es ojos <\/span><\/span><\/span><\/h5>\n<h5><span style=\"color: #0000ff\"><span style=\"color: #008000\"><span style=\"color: #ff9900\"><span style=\"color: #800000\">El se\u00f1or de la casa llama por telefono y lo coge la asistenta:<br \/>\n- Ha llamado algun imbecil, Maruja?<br \/>\n- No, es usted el primero. <\/span><\/span><\/span><\/span><\/h5>\n<h5><span style=\"color: #0000ff\"><span style=\"color: #008000\"><span style=\"color: #ff9900\"><span style=\"color: #333300\">Como se dice en japones...<br \/>\nAdivinador:komo sabe<br \/>\nAl contado:taka-taka<br \/>\nBorracho:yositomo wiskisito<br \/>\nDedo me\u00f1ique:sakamoko<br \/>\nEmbarazada:t\u00e1 inch\u00e1<br \/>\nEstre\u00f1ido:Nokago<br \/>\nNo molestes:kome kaka<br \/>\nPapel higienico:kita kakita<br \/>\nSIDA:tu cuquita mata. <\/span><\/span><\/span><\/span><\/h5>\n<h5><span style=\"color: #0000ff\"><span style=\"color: #008000\"><span style=\"color: #ff9900\"><span style=\"color: #333300\"><span style=\"color: #3366ff\">Conciencia limpia = mala memoria <\/span><\/span><\/span><\/span><\/span><\/h5>\n<h5><span style=\"color: #0000ff\"><span style=\"color: #008000\"><span style=\"color: #ff9900\"><span style=\"color: #333300\"><span style=\"color: #3366ff\"><span style=\"color: #993366\">Ya sabeis que el hombre puso nombre a los animales in the<br \/>\nbeginning... Bueno, pues el caracol le pregunta un dia a Adan:<br \/>\n- Y por que me llamaste caracol?<br \/>\n- Porque cuando te tuve que poner nombre estabas descansaNdo sobre<br \/>\nuna col.<br \/>\n- Uf! Menos mal que no me dio por pararme sobre un ajo! <\/span><\/span><\/span><\/span><\/span><\/span><\/h5>\n<h5><span style=\"color: #0000ff\"><span style=\"color: #008000\"><span style=\"color: #ff9900\"><span style=\"color: #333300\"><span style=\"color: #3366ff\"><span style=\"color: #993366\">\u00a0<span style=\"color: #008000\">En que se diferencian una ni\u00f1a de 7 a\u00f1os, una de 17, una de 27 y<br \/>\nuna de 37 ? A la de 7, la metes en la cama y la cuentas un cuento. A la de<br \/>\n17, la cuentas un cuento y te la llevas a la cama. La de 27 te cuenta muchos<br \/>\ncuentos mientras os vais a la cama. Y la de 37 te dice \"dejate de cuentos y<br \/>\nvamos a la cama\". <\/span><\/span><\/span><\/span><\/span><\/span><\/span><\/h5>\n<h5><span style=\"color: #0000ff\"><span style=\"color: #008000\"><span style=\"color: #ff9900\"><span style=\"color: #333300\"><span style=\"color: #3366ff\"><span style=\"color: #993366\"><span style=\"color: #008000\"><span style=\"color: #ff9900\">En un examen oral, un profesor pregunta :<br \/>\n- Por que toma usted el valor absoluto de esa exponencial ?<br \/>\nEl estudiante se da cuenta de su error, e intenta \"arreglarlo\":<br \/>\n- Para que sea mas positivo todavia. <\/span><\/span><\/span><\/span><\/span><\/span><\/span><\/span><\/h5>\n<h5><span style=\"color: #0000ff\"><span style=\"color: #008000\"><span style=\"color: #ff9900\"><span style=\"color: #333300\"><span style=\"color: #3366ff\"><span style=\"color: #993366\"><span style=\"color: #008000\"><span style=\"color: #ff9900\">-<span style=\"color: #666699\"> Que hace un matematico si le cuesta 25 pesetas mandar una carta y<br \/>\nsolo tiene sellos de 35 y 10 pesetas ?<br \/>\n- Pone dos sellos de 35 y 10 pesetas separados por un signo \"menos\". <\/span><\/span><\/span><\/span><\/span><\/span><\/span><\/span><\/span><\/h5>\n<h5><span style=\"color: #0000ff\"><span style=\"color: #008000\"><span style=\"color: #ff9900\"><span style=\"color: #333300\"><span style=\"color: #3366ff\"><span style=\"color: #993366\"><span style=\"color: #008000\"><span style=\"color: #ff9900\"><span style=\"color: #993300\">Va un e^x por la calle y se cruza con un integrador, y el integrador,<br \/>\nto chulo, le dice:<br \/>\n- A que te integro !!!!<br \/>\ny el e^x le contesta:<br \/>\n- Y a mi que.... <\/span><\/span><\/span><\/span><\/span><\/span><\/span><\/span><\/span><\/h5>\n<h5><span style=\"color: #0000ff\"><span style=\"color: #008000\"><span style=\"color: #ff9900\"><span style=\"color: #333300\"><span style=\"color: #3366ff\"><span style=\"color: #993366\"><span style=\"color: #008000\"><span style=\"color: #ff9900\"><span style=\"color: #993300\"><span style=\"color: #993366\">Un amigo le dice a Jaimito que los mayores siempre guardan secretos<br \/>\ninconfesables y que por tanto es muy facil hacerles chantajes, asi que<br \/>\nJaimito hace la prueba y se acerca a su padre y le dice a media voz:<br \/>\n-Lo se todo..<br \/>\n-Bueno, pues toma Jaimito 1000 pelas y no se lo digas a nadie.<br \/>\nDespues va a su madre:<br \/>\n-Lo se todo..<br \/>\n-Pues toma Jaimito 3000 pelas y no se lo digas a nadie.<br \/>\nY tambien al butanero que pasa por ahi le dice:<br \/>\n-Lo se todo...<br \/>\ny este se le echa a los brazos y le dice:<br \/>\n-Hijo mio!!!. <\/span><\/span><\/span><\/span><\/span><\/span><\/span><\/span><\/span><\/span><\/h5>\n<h5><span style=\"color: #0000ff\"><span style=\"color: #008000\"><span style=\"color: #ff9900\"><span style=\"color: #333300\"><span style=\"color: #3366ff\"><span style=\"color: #993366\"><span style=\"color: #008000\"><span style=\"color: #ff9900\"><span style=\"color: #993300\"><span style=\"color: #993366\"><span style=\"color: #333333\">-Jaimito, me voy a la compra, fijate cuando hierva la leche.<br \/>\nLa madre vuelve de la compra y toda la cocina esta cubierta por la<br \/>\nnata de la leche.<br \/>\n-Pero no te dije que te fijaras cuando hirviera la leche?<br \/>\n-Si, a las 10:23 exactamente.<br \/>\n<\/span>\u00a0<\/p>\n<h5><span style=\"color: #800080\"><\/span><\/h5>\n<p style=\"text-align: center\">\u00a0<span style=\"color: #ff0000\"><span style=\"text-decoration: underline\">VIDEOS DE RISA<\/span><\/span><\/p>\n<p><span style=\"color: #800080\"><object width=\"500\" height=\"405\" data=\"http:\/\/www.youtube.com\/v\/Pu2RIJg35kM&amp;hl=en&amp;fs=1&amp;color1=0x402061&amp;color2=0x9461ca&amp;border=1\" type=\"application\/x-shockwave-flash\"><param name=\"allowFullScreen\" value=\"true\" \/><param name=\"allowscriptaccess\" value=\"always\" \/><param name=\"src\" value=\"http:\/\/www.youtube.com\/v\/Pu2RIJg35kM&amp;hl=en&amp;fs=1&amp;color1=0x402061&amp;color2=0x9461ca&amp;border=1\" \/><\/object><\/span><\/p>\n<p><span style=\"color: #800080\"><object width=\"500\" height=\"405\" data=\"http:\/\/www.youtube.com\/v\/MkCwESTtO3A&amp;hl=en&amp;fs=1&amp;color1=0x006699&amp;color2=0x54abd6&amp;border=1\" type=\"application\/x-shockwave-flash\"><param name=\"allowFullScreen\" value=\"true\" \/><param name=\"allowscriptaccess\" value=\"always\" \/><param name=\"src\" value=\"http:\/\/www.youtube.com\/v\/MkCwESTtO3A&amp;hl=en&amp;fs=1&amp;color1=0x006699&amp;color2=0x54abd6&amp;border=1\" \/><\/object><\/span><\/p>\n<div><span style=\"color: #0000ff\"><span style=\"color: #008000\"><span style=\"color: #ff9900\"><span style=\"color: #333300\"><span style=\"color: #3366ff\"><span style=\"color: #993366\"><span style=\"color: #008000\"><span style=\"color: #ff9900\">\u00a0<\/span><\/span><\/span><\/span><\/span><\/span><\/span><\/span><\/div>\n<p><span style=\"color: #0000ff\"><span style=\"color: #008000\"><span style=\"color: #ff9900\"><span style=\"color: #333300\"><span style=\"color: #3366ff\"><span style=\"color: #993366\"><span style=\"color: #008000\"><span style=\"color: #ff9900\">\u00a0<\/p>\n<p><\/span><\/span><\/span><\/span><\/span><\/span><\/span><\/span><\/p>\n<p><\/span><\/span><\/span><\/span><\/span><\/span><\/span><\/span><\/span><\/span><\/h5>\n","protected":false},"excerpt":{"rendered":"<p>\u00a0\u00bfComo se dice diarrea en africano?,\u00a0 abundalacaca \u00bfC\u00f2mo se dice diarrea en chino?, \u00a0kagasagua \u00bfC\u00f3mo se dice robar en chino?, \u00a0Me Lan Kitao \u00bfC\u00f2mo se dice violaci\u00f3n en africano?, tetumbo la tanga \u00bfC\u00f2mo se dice papel de ba\u00f1o en japones?, kita kakita \u00bfC\u00f2mo se dice disparo en arabe?, \u00a0aivalabala atajala \u00bfC\u00f2mo se dice toro homosexual [&hellip;]<\/p>\n","protected":false},"author":1846,"featured_media":0,"parent":0,"menu_order":3,"comment_status":"open","ping_status":"open","template":"","meta":{"footnotes":""},"class_list":["post-205","page","type-page","status-publish","hentry"],"_links":{"self":[{"href":"https:\/\/blog.espol.edu.ec\/gabrielanenita\/wp-json\/wp\/v2\/pages\/205","targetHints":{"allow":["GET"]}}],"collection":[{"href":"https:\/\/blog.espol.edu.ec\/gabrielanenita\/wp-json\/wp\/v2\/pages"}],"about":[{"href":"https:\/\/blog.espol.edu.ec\/gabrielanenita\/wp-json\/wp\/v2\/types\/page"}],"author":[{"embeddable":true,"href":"https:\/\/blog.espol.edu.ec\/gabrielanenita\/wp-json\/wp\/v2\/users\/1846"}],"replies":[{"embeddable":true,"href":"https:\/\/blog.espol.edu.ec\/gabrielanenita\/wp-json\/wp\/v2\/comments?post=205"}],"version-history":[{"count":11,"href":"https:\/\/blog.espol.edu.ec\/gabrielanenita\/wp-json\/wp\/v2\/pages\/205\/revisions"}],"predecessor-version":[{"id":216,"href":"https:\/\/blog.espol.edu.ec\/gabrielanenita\/wp-json\/wp\/v2\/pages\/205\/revisions\/216"}],"wp:attachment":[{"href":"https:\/\/blog.espol.edu.ec\/gabrielanenita\/wp-json\/wp\/v2\/media?parent=205"}],"curies":[{"name":"wp","href":"https:\/\/api.w.org\/{rel}","templated":true}]}}