{"id":2,"date":"2016-05-23T17:09:49","date_gmt":"2016-05-23T17:09:49","guid":{"rendered":"http:\/\/blog.espol.edu.ec\/gadel\/?page_id=2"},"modified":"2016-06-01T16:53:26","modified_gmt":"2016-06-01T16:53:26","slug":"pagina-ejemplo","status":"publish","type":"page","link":"https:\/\/blog.espol.edu.ec\/gadel\/pagina-ejemplo\/","title":{"rendered":"Acerca de Nosotros"},"content":{"rendered":"<p><img loading=\"lazy\" decoding=\"async\" class=\"size-medium wp-image-4 aligncenter\" src=\"http:\/\/blog.espol.edu.ec\/gadel\/files\/2016\/05\/World-Of-Warcraft-Logo-8-300x159.jpg\" alt=\"World-Of-Warcraft-Logo-8\" width=\"300\" height=\"159\" srcset=\"https:\/\/blog.espol.edu.ec\/gadel\/files\/2016\/05\/World-Of-Warcraft-Logo-8-300x159.jpg 300w, https:\/\/blog.espol.edu.ec\/gadel\/files\/2016\/05\/World-Of-Warcraft-Logo-8-768x406.jpg 768w, https:\/\/blog.espol.edu.ec\/gadel\/files\/2016\/05\/World-Of-Warcraft-Logo-8-1024x541.jpg 1024w\" sizes=\"auto, (max-width: 300px) 100vw, 300px\" \/><\/p>\n<p style=\"text-align: center\"><strong>Bienvenidos al mejor blog de World of Warcraft que vas a encontrar en la Espol.<\/strong><\/p>\n<p style=\"text-align: center\"><strong>Aqui podr\u00e1s compartir tus mejores experiencias dentro del juego, y ayudar a los dem\u00e1s con ciertos trucos o consejos que te sepas para disfrutar de este grandioso juego por completo. Avent\u00farate con nosotros durante todo tu viaje dentro de azeroth, y encuentra toda la informaci\u00f3n que necesites saber acerca de la nueva expansion y la cercana pel\u00edcula de Warcraft.<\/strong><\/p>\n","protected":false},"excerpt":{"rendered":"<p>Bienvenidos al mejor blog de World of Warcraft que vas a encontrar en la Espol. Aqui podr\u00e1s compartir tus mejores experiencias dentro del juego, y ayudar a los dem\u00e1s con ciertos trucos o consejos que te sepas para disfrutar de este grandioso juego por completo. Avent\u00farate con nosotros durante todo tu viaje dentro de azeroth, [&hellip;]<\/p>\n","protected":false},"author":10305,"featured_media":0,"parent":0,"menu_order":0,"comment_status":"closed","ping_status":"open","template":"","meta":{"footnotes":""},"class_list":["post-2","page","type-page","status-publish","hentry"],"_links":{"self":[{"href":"https:\/\/blog.espol.edu.ec\/gadel\/wp-json\/wp\/v2\/pages\/2","targetHints":{"allow":["GET"]}}],"collection":[{"href":"https:\/\/blog.espol.edu.ec\/gadel\/wp-json\/wp\/v2\/pages"}],"about":[{"href":"https:\/\/blog.espol.edu.ec\/gadel\/wp-json\/wp\/v2\/types\/page"}],"author":[{"embeddable":true,"href":"https:\/\/blog.espol.edu.ec\/gadel\/wp-json\/wp\/v2\/users\/10305"}],"replies":[{"embeddable":true,"href":"https:\/\/blog.espol.edu.ec\/gadel\/wp-json\/wp\/v2\/comments?post=2"}],"version-history":[{"count":5,"href":"https:\/\/blog.espol.edu.ec\/gadel\/wp-json\/wp\/v2\/pages\/2\/revisions"}],"predecessor-version":[{"id":52,"href":"https:\/\/blog.espol.edu.ec\/gadel\/wp-json\/wp\/v2\/pages\/2\/revisions\/52"}],"wp:attachment":[{"href":"https:\/\/blog.espol.edu.ec\/gadel\/wp-json\/wp\/v2\/media?parent=2"}],"curies":[{"name":"wp","href":"https:\/\/api.w.org\/{rel}","templated":true}]}}