{"id":40,"date":"2016-11-15T03:20:04","date_gmt":"2016-11-15T03:20:04","guid":{"rendered":"http:\/\/blog.espol.edu.ec\/gccastro\/?page_id=40"},"modified":"2016-11-15T03:39:17","modified_gmt":"2016-11-15T03:39:17","slug":"miradores-del-ecuador","status":"publish","type":"page","link":"https:\/\/blog.espol.edu.ec\/gccastro\/miradores-del-ecuador\/","title":{"rendered":"Miradores del Ecuador"},"content":{"rendered":"<p>Algunos de los mejores Miradores del Ecuador:<\/p>\n<p><iframe loading=\"lazy\" title=\"Descubriendo el Quilotoa\" width=\"610\" height=\"343\" src=\"https:\/\/www.youtube.com\/embed\/je8jmIlxioA?feature=oembed\" frameborder=\"0\" allow=\"accelerometer; autoplay; clipboard-write; encrypted-media; gyroscope; picture-in-picture; web-share\" referrerpolicy=\"strict-origin-when-cross-origin\" allowfullscreen><\/iframe><\/p>\n<p>Ba\u00f1os de Agua Santa (1.820 msnm) cuenta con cinco miradores empleados por los turistas para contemplar el volc\u00e1n. En el lado norte est\u00e1 el mirador Ojos del Volc\u00e1n (2.708 msnm), donde el Municipio de Ba\u00f1os espera construir m\u00e1s facilidades para el turista.<\/p>\n<div id=\"attachment_41\" style=\"width: 310px\" class=\"wp-caption alignnone\"><img loading=\"lazy\" decoding=\"async\" aria-describedby=\"caption-attachment-41\" class=\"wp-image-41 size-medium\" src=\"http:\/\/blog.espol.edu.ec\/gccastro\/files\/2016\/11\/Ba\u00f1os-300x202.jpg\" alt=\"Ba\u00f1os\" width=\"300\" height=\"202\" srcset=\"https:\/\/blog.espol.edu.ec\/gccastro\/files\/2016\/11\/Ba\u00f1os-300x202.jpg 300w, https:\/\/blog.espol.edu.ec\/gccastro\/files\/2016\/11\/Ba\u00f1os.jpg 324w\" sizes=\"auto, (max-width: 300px) 100vw, 300px\" \/><p id=\"caption-attachment-41\" class=\"wp-caption-text\">Mirador en Ba\u00f1os. Tungurahua<\/p><\/div>\n<p>Denominada as\u00ed por la tonalidad oscura que adquieren sus aguas por las corrientes y el golpe de la ola contra las rocas, La Chocolatera ofrece por estos d\u00edas la posibilidad -con algo de suerte- de ver a las ballenas jorobadas desde tierra, sin necesidad de navegar a unos 300 metros de distancia.<small><br \/>\n<\/small><\/p>\n<div id=\"attachment_42\" style=\"width: 310px\" class=\"wp-caption alignnone\"><img loading=\"lazy\" decoding=\"async\" aria-describedby=\"caption-attachment-42\" class=\"size-medium wp-image-42\" src=\"http:\/\/blog.espol.edu.ec\/gccastro\/files\/2016\/11\/la-punta-mas-saliente-el-faro-300x167.jpg\" alt=\"El faro, Mirador de la chocolatera, Salinas\" width=\"300\" height=\"167\" srcset=\"https:\/\/blog.espol.edu.ec\/gccastro\/files\/2016\/11\/la-punta-mas-saliente-el-faro-300x167.jpg 300w, https:\/\/blog.espol.edu.ec\/gccastro\/files\/2016\/11\/la-punta-mas-saliente-el-faro.jpg 612w\" sizes=\"auto, (max-width: 300px) 100vw, 300px\" \/><p id=\"caption-attachment-42\" class=\"wp-caption-text\">El faro, Mirador de la chocolatera, Salinas<\/p><\/div>\n<p>Ubicada en la Cordillera de los Andes, esta elevaci\u00f3n se encuentra al Sur Oriente de Quito, a una distancia de 170 km por carretera. Su altitud es de 3974 msnm y el di\u00e1metro de su caldera es de aproximadamente 3 km. Debido a los minerales disueltos en el agua, la Laguna que se forma en el cr\u00e1ter tiene un color turquesa que se ha convertido en la caracter\u00edstica distintiva de este sitio.<\/p>\n<div id=\"attachment_43\" style=\"width: 310px\" class=\"wp-caption alignnone\"><img loading=\"lazy\" decoding=\"async\" aria-describedby=\"caption-attachment-43\" class=\"size-medium wp-image-43\" src=\"http:\/\/blog.espol.edu.ec\/gccastro\/files\/2016\/11\/mirador-quilotoa-300x200.jpg\" alt=\"MIrador Quilotoa, Sierra\" width=\"300\" height=\"200\" srcset=\"https:\/\/blog.espol.edu.ec\/gccastro\/files\/2016\/11\/mirador-quilotoa-300x200.jpg 300w, https:\/\/blog.espol.edu.ec\/gccastro\/files\/2016\/11\/mirador-quilotoa.jpg 494w\" sizes=\"auto, (max-width: 300px) 100vw, 300px\" \/><p id=\"caption-attachment-43\" class=\"wp-caption-text\">MIrador Quilotoa, Sierra<\/p><\/div>\n<p>Desde lejos, uno de los iconos que representan la ciudad de Quito, encima una de las vistas mas bellas de la ciudad. Al principio uno no entiende por que lo llaman el panecillo, hasta que lo ves desde lejos. Si, es cierto, admirado desde la lejan\u00eda tiene forma de panecillo o bollito que te podr\u00edan poner en un restaurante.<\/p>\n<div id=\"attachment_44\" style=\"width: 310px\" class=\"wp-caption alignnone\"><img loading=\"lazy\" decoding=\"async\" aria-describedby=\"caption-attachment-44\" class=\"size-medium wp-image-44\" src=\"http:\/\/blog.espol.edu.ec\/gccastro\/files\/2016\/11\/panecillo02-300x200.jpg\" alt=\"Mirador del Panecillo\" width=\"300\" height=\"200\" srcset=\"https:\/\/blog.espol.edu.ec\/gccastro\/files\/2016\/11\/panecillo02-300x200.jpg 300w, https:\/\/blog.espol.edu.ec\/gccastro\/files\/2016\/11\/panecillo02.jpg 451w\" sizes=\"auto, (max-width: 300px) 100vw, 300px\" \/><p id=\"caption-attachment-44\" class=\"wp-caption-text\">Mirador del Panecillo<\/p><\/div>\n<p>La colina de 60 metros de altura, es uno de los m\u00e1s importantes miradores de Guayaquil, pues permite efectuar un recorrido visual con un giro de 360 grados, en el que se aprecia por el norte: la intersecci\u00f3n de los r\u00edos Babahoyo y Daule que forman el Guayas; por el sur: el casco comercial de la ciudad; al este, la Isla Santay y Dur\u00e1n; y al oeste, el cerro del Carmen y el resto de la ciudad.<\/p>\n<div id=\"attachment_45\" style=\"width: 310px\" class=\"wp-caption alignnone\"><img loading=\"lazy\" decoding=\"async\" aria-describedby=\"caption-attachment-45\" class=\"size-medium wp-image-45\" src=\"http:\/\/blog.espol.edu.ec\/gccastro\/files\/2016\/11\/cerro-santa-ana-las-penas-portada_0-300x100.jpg\" alt=\"Mirador del Cerro Santa Ana\" width=\"300\" height=\"100\" srcset=\"https:\/\/blog.espol.edu.ec\/gccastro\/files\/2016\/11\/cerro-santa-ana-las-penas-portada_0-300x100.jpg 300w, https:\/\/blog.espol.edu.ec\/gccastro\/files\/2016\/11\/cerro-santa-ana-las-penas-portada_0-768x255.jpg 768w, https:\/\/blog.espol.edu.ec\/gccastro\/files\/2016\/11\/cerro-santa-ana-las-penas-portada_0-1024x340.jpg 1024w, https:\/\/blog.espol.edu.ec\/gccastro\/files\/2016\/11\/cerro-santa-ana-las-penas-portada_0.jpg 1056w\" sizes=\"auto, (max-width: 300px) 100vw, 300px\" \/><p id=\"caption-attachment-45\" class=\"wp-caption-text\">Mirador del Cerro Santa Ana<\/p><\/div>\n","protected":false},"excerpt":{"rendered":"<p>Algunos de los mejores Miradores del Ecuador: Ba\u00f1os de Agua Santa (1.820 msnm) cuenta con cinco miradores empleados por los turistas para contemplar el volc\u00e1n. En el lado norte est\u00e1 el mirador Ojos del Volc\u00e1n (2.708 msnm), donde el Municipio de Ba\u00f1os espera construir m\u00e1s facilidades para el turista. Denominada as\u00ed por la tonalidad oscura [&hellip;]<\/p>\n","protected":false},"author":10700,"featured_media":0,"parent":0,"menu_order":0,"comment_status":"closed","ping_status":"closed","template":"","meta":{"footnotes":""},"class_list":["post-40","page","type-page","status-publish","hentry"],"_links":{"self":[{"href":"https:\/\/blog.espol.edu.ec\/gccastro\/wp-json\/wp\/v2\/pages\/40","targetHints":{"allow":["GET"]}}],"collection":[{"href":"https:\/\/blog.espol.edu.ec\/gccastro\/wp-json\/wp\/v2\/pages"}],"about":[{"href":"https:\/\/blog.espol.edu.ec\/gccastro\/wp-json\/wp\/v2\/types\/page"}],"author":[{"embeddable":true,"href":"https:\/\/blog.espol.edu.ec\/gccastro\/wp-json\/wp\/v2\/users\/10700"}],"replies":[{"embeddable":true,"href":"https:\/\/blog.espol.edu.ec\/gccastro\/wp-json\/wp\/v2\/comments?post=40"}],"version-history":[{"count":2,"href":"https:\/\/blog.espol.edu.ec\/gccastro\/wp-json\/wp\/v2\/pages\/40\/revisions"}],"predecessor-version":[{"id":49,"href":"https:\/\/blog.espol.edu.ec\/gccastro\/wp-json\/wp\/v2\/pages\/40\/revisions\/49"}],"wp:attachment":[{"href":"https:\/\/blog.espol.edu.ec\/gccastro\/wp-json\/wp\/v2\/media?parent=40"}],"curies":[{"name":"wp","href":"https:\/\/api.w.org\/{rel}","templated":true}]}}

<p>Algunos de los mejores Miradores del Ecuador:</p>
<p><iframe loading="lazy" title="Descubriendo el Quilotoa" width="610" height="343" src="https://www.youtube.com/embed/je8jmIlxioA?feature=oembed" frameborder="0" allow="accelerometer; autoplay; clipboard-write; encrypted-media; gyroscope; picture-in-picture; web-share" referrerpolicy="strict-origin-when-cross-origin" allowfullscreen></iframe></p>
<p>Baños de Agua Santa (1.820 msnm) cuenta con cinco miradores empleados por los turistas para contemplar el volcán. En el lado norte está el mirador Ojos del Volcán (2.708 msnm), donde el Municipio de Baños espera construir más facilidades para el turista.</p>
<div id="attachment_41" style="width: 310px" class="wp-caption alignnone"><img loading="lazy" decoding="async" aria-describedby="caption-attachment-41" class="wp-image-41 size-medium" src="http://blog.espol.edu.ec/gccastro/files/2016/11/Baños-300x202.jpg" alt="Baños" width="300" height="202" srcset="https://blog.espol.edu.ec/gccastro/files/2016/11/Baños-300x202.jpg 300w, https://blog.espol.edu.ec/gccastro/files/2016/11/Baños.jpg 324w" sizes="auto, (max-width: 300px) 100vw, 300px" /><p id="caption-attachment-41" class="wp-caption-text">Mirador en Baños. Tungurahua</p></div>
<p>Denominada así por la tonalidad oscura que adquieren sus aguas por las corrientes y el golpe de la ola contra las rocas, La Chocolatera ofrece por estos días la posibilidad -con algo de suerte- de ver a las ballenas jorobadas desde tierra, sin necesidad de navegar a unos 300 metros de distancia.<small><br />
</small></p>
<div id="attachment_42" style="width: 310px" class="wp-caption alignnone"><img loading="lazy" decoding="async" aria-describedby="caption-attachment-42" class="size-medium wp-image-42" src="http://blog.espol.edu.ec/gccastro/files/2016/11/la-punta-mas-saliente-el-faro-300x167.jpg" alt="El faro, Mirador de la chocolatera, Salinas" width="300" height="167" srcset="https://blog.espol.edu.ec/gccastro/files/2016/11/la-punta-mas-saliente-el-faro-300x167.jpg 300w, https://blog.espol.edu.ec/gccastro/files/2016/11/la-punta-mas-saliente-el-faro.jpg 612w" sizes="auto, (max-width: 300px) 100vw, 300px" /><p id="caption-attachment-42" class="wp-caption-text">El faro, Mirador de la chocolatera, Salinas</p></div>
<p>Ubicada en la Cordillera de los Andes, esta elevación se encuentra al Sur Oriente de Quito, a una distancia de 170 km por carretera. Su altitud es de 3974 msnm y el diámetro de su caldera es de aproximadamente 3 km. Debido a los minerales disueltos en el agua, la Laguna que se forma en el cráter tiene un color turquesa que se ha convertido en la característica distintiva de este sitio.</p>
<div id="attachment_43" style="width: 310px" class="wp-caption alignnone"><img loading="lazy" decoding="async" aria-describedby="caption-attachment-43" class="size-medium wp-image-43" src="http://blog.espol.edu.ec/gccastro/files/2016/11/mirador-quilotoa-300x200.jpg" alt="MIrador Quilotoa, Sierra" width="300" height="200" srcset="https://blog.espol.edu.ec/gccastro/files/2016/11/mirador-quilotoa-300x200.jpg 300w, https://blog.espol.edu.ec/gccastro/files/2016/11/mirador-quilotoa.jpg 494w" sizes="auto, (max-width: 300px) 100vw, 300px" /><p id="caption-attachment-43" class="wp-caption-text">MIrador Quilotoa, Sierra</p></div>
<p>Desde lejos, uno de los iconos que representan la ciudad de Quito, encima una de las vistas mas bellas de la ciudad. Al principio uno no entiende por que lo llaman el panecillo, hasta que lo ves desde lejos. Si, es cierto, admirado desde la lejanía tiene forma de panecillo o bollito que te podrían poner en un restaurante.</p>
<div id="attachment_44" style="width: 310px" class="wp-caption alignnone"><img loading="lazy" decoding="async" aria-describedby="caption-attachment-44" class="size-medium wp-image-44" src="http://blog.espol.edu.ec/gccastro/files/2016/11/panecillo02-300x200.jpg" alt="Mirador del Panecillo" width="300" height="200" srcset="https://blog.espol.edu.ec/gccastro/files/2016/11/panecillo02-300x200.jpg 300w, https://blog.espol.edu.ec/gccastro/files/2016/11/panecillo02.jpg 451w" sizes="auto, (max-width: 300px) 100vw, 300px" /><p id="caption-attachment-44" class="wp-caption-text">Mirador del Panecillo</p></div>
<p>La colina de 60 metros de altura, es uno de los más importantes miradores de Guayaquil, pues permite efectuar un recorrido visual con un giro de 360 grados, en el que se aprecia por el norte: la intersección de los ríos Babahoyo y Daule que forman el Guayas; por el sur: el casco comercial de la ciudad; al este, la Isla Santay y Durán; y al oeste, el cerro del Carmen y el resto de la ciudad.</p>
<div id="attachment_45" style="width: 310px" class="wp-caption alignnone"><img loading="lazy" decoding="async" aria-describedby="caption-attachment-45" class="size-medium wp-image-45" src="http://blog.espol.edu.ec/gccastro/files/2016/11/cerro-santa-ana-las-penas-portada_0-300x100.jpg" alt="Mirador del Cerro Santa Ana" width="300" height="100" srcset="https://blog.espol.edu.ec/gccastro/files/2016/11/cerro-santa-ana-las-penas-portada_0-300x100.jpg 300w, https://blog.espol.edu.ec/gccastro/files/2016/11/cerro-santa-ana-las-penas-portada_0-768x255.jpg 768w, https://blog.espol.edu.ec/gccastro/files/2016/11/cerro-santa-ana-las-penas-portada_0-1024x340.jpg 1024w, https://blog.espol.edu.ec/gccastro/files/2016/11/cerro-santa-ana-las-penas-portada_0.jpg 1056w" sizes="auto, (max-width: 300px) 100vw, 300px" /><p id="caption-attachment-45" class="wp-caption-text">Mirador del Cerro Santa Ana</p></div>

<p>Algunos de los mejores Miradores del Ecuador: Baños de Agua Santa (1.820 msnm) cuenta con cinco miradores empleados por los turistas para contemplar el volcán. En el lado norte está el mirador Ojos del Volcán (2.708 msnm), donde el Municipio de Baños espera construir más facilidades para el turista. Denominada así por la tonalidad oscura [&hellip;]</p>
