{"id":19,"date":"2015-07-01T22:31:04","date_gmt":"2015-07-01T22:31:04","guid":{"rendered":"http:\/\/blog.espol.edu.ec\/gineliza9645\/?page_id=19"},"modified":"2015-07-01T22:31:33","modified_gmt":"2015-07-01T22:31:33","slug":"educacion-sexual-en-el-ecuador","status":"publish","type":"page","link":"https:\/\/blog.espol.edu.ec\/gineliza9645\/educacion-sexual-en-el-ecuador\/","title":{"rendered":"EDUCACI\u00d3N SEXUAL EN EL ECUADOR"},"content":{"rendered":"<p>La educaci\u00f3n sexual en el pa\u00eds contin\u00faa siendo un tema de discusi\u00f3n permanente. Por un lado est\u00e1n las personas que creen que la promoci\u00f3n de m\u00e9todos anticonceptivos originar\u00eda m\u00e1s proliferaci\u00f3n de embarazos adolescentes y de enfermedades de transmisi\u00f3n sexual. Mientras que por el otro lado, hay personas que creen que impartir este tipo de conocimiento son indispensables ya que respetan los derechos a la salud y a la informaci\u00f3n.<\/p>\n<p><span id=\"more-23\"><\/span>Para el a\u00f1o 2006, el Congreso de ese entonces decidi\u00f3 aprobar una resoluci\u00f3n en la que se permit\u00eda que se imparta la ense\u00f1anza de temas en sexualidad en colegios del Ecuador. De esta manera, con el acuerdo ministerial 403, firmado 10 de agosto del 2006, el Ministerio de Educaci\u00f3n y Cultura ser\u00eda el encargado de comenzar a capacitar a los profesores en el tema.<\/p>\n<p>Seg\u00fan las estad\u00edsticas del Ministerio de Salud, publicadas en diarios del pa\u00eds, en 2006 se presentaron 1.293 casos de VIH y 100 casos de sida. Para ese momento, Guayaquil era la ciudad con los m\u00e1s altos \u00edndices, ya que registr\u00f3 754 casos de VIH y 189 casos de sida.<\/p>\n<p>Durante 2007, la iniciativa deb\u00eda comenzar bajo la responsabilidad de los directores de los colegios, que ten\u00edan que formar un comit\u00e9 institucional, encargado de los temas de educaci\u00f3n sexual. Sin embargo, como consta en <span class=\"skimlinks-unlinked\">eldiario.com.ec<\/span>, el 40% de los planteles del pa\u00eds no cumpl\u00edan con esa normativa.<\/p>\n<p>Otro problema surgi\u00f3 en 2008 cuando el Ministerio de Educaci\u00f3n y Cultura distribuy\u00f3 entre los docentes nueve mil textos de educaci\u00f3n b\u00e1sica entre diez ciudades del Ecuador (esto como parte del proyecto iniciado en 2006).<\/p>\n<p>Esta vez, la Conferencia Episcopal Ecuatoriana protest\u00f3 por la difusi\u00f3n de dichos textos ya que, seg\u00fan ellos, incitaban al aborto. Este grupo ve\u00eda \u201cpoco confiable\u201d la informaci\u00f3n difundida en los textos y adem\u00e1s alert\u00f3 a los padres \u201csobre el atentado a la buena salud integral de las familias y de la sociedad ecuatoriana\u201d (<span class=\"skimlinks-unlinked\">eldiario.com.ec<\/span>).<\/p>\n<p>Seg\u00fan una publicaci\u00f3n de Diario Hoy, representantes de la Iglesia Cristiana Evang\u00e9lica se opusieron a la difusi\u00f3n de los libros Aprendiendo a Vivir y Mi Sexualidad debido a que \u201cno ten\u00edan nada que ver con nuestra realidad conservadora y moral\u201d y por lo tanto, ped\u00edan ser incluidos para la revisi\u00f3n de los textos.<\/p>\n<p><img decoding=\"async\" class=\" aligncenter\" src=\"http:\/\/unfpaargentina.com.ar\/wp-content\/uploads\/2014\/09\/ed-sexual-1.jpg\" alt=\"\" \/><\/p>\n","protected":false},"excerpt":{"rendered":"<p>La educaci\u00f3n sexual en el pa\u00eds contin\u00faa siendo un tema de discusi\u00f3n permanente. Por un lado est\u00e1n las personas que creen que la promoci\u00f3n de m\u00e9todos anticonceptivos originar\u00eda m\u00e1s proliferaci\u00f3n de embarazos adolescentes y de enfermedades de transmisi\u00f3n sexual. Mientras que por el otro lado, hay personas que creen que impartir este tipo de conocimiento [&hellip;]<\/p>\n","protected":false},"author":9774,"featured_media":0,"parent":0,"menu_order":0,"comment_status":"open","ping_status":"open","template":"","meta":{"_monsterinsights_skip_tracking":false,"_monsterinsights_sitenote_active":false,"_monsterinsights_sitenote_note":"","_monsterinsights_sitenote_category":0,"footnotes":""},"class_list":["post-19","page","type-page","status-publish","hentry"],"_links":{"self":[{"href":"https:\/\/blog.espol.edu.ec\/gineliza9645\/wp-json\/wp\/v2\/pages\/19","targetHints":{"allow":["GET"]}}],"collection":[{"href":"https:\/\/blog.espol.edu.ec\/gineliza9645\/wp-json\/wp\/v2\/pages"}],"about":[{"href":"https:\/\/blog.espol.edu.ec\/gineliza9645\/wp-json\/wp\/v2\/types\/page"}],"author":[{"embeddable":true,"href":"https:\/\/blog.espol.edu.ec\/gineliza9645\/wp-json\/wp\/v2\/users\/9774"}],"replies":[{"embeddable":true,"href":"https:\/\/blog.espol.edu.ec\/gineliza9645\/wp-json\/wp\/v2\/comments?post=19"}],"version-history":[{"count":1,"href":"https:\/\/blog.espol.edu.ec\/gineliza9645\/wp-json\/wp\/v2\/pages\/19\/revisions"}],"predecessor-version":[{"id":20,"href":"https:\/\/blog.espol.edu.ec\/gineliza9645\/wp-json\/wp\/v2\/pages\/19\/revisions\/20"}],"wp:attachment":[{"href":"https:\/\/blog.espol.edu.ec\/gineliza9645\/wp-json\/wp\/v2\/media?parent=19"}],"curies":[{"name":"wp","href":"https:\/\/api.w.org\/{rel}","templated":true}]}}