{"id":105,"date":"2015-11-09T19:50:32","date_gmt":"2015-11-09T19:50:32","guid":{"rendered":"http:\/\/blog.espol.edu.ec\/giscacri\/?page_id=105"},"modified":"2015-11-09T21:52:24","modified_gmt":"2015-11-09T21:52:24","slug":"historia","status":"publish","type":"page","link":"https:\/\/blog.espol.edu.ec\/giscacri\/historia\/","title":{"rendered":"Historia"},"content":{"rendered":"<p><b>Pi\u00f1as<\/b> es un <b>cant\u00f3n<\/b> de la Provincia de El Oro que se encuentra al suroeste de Ecuador. Limita con los cantones: <a class=\"mw-redirect\" title=\"Balsas (cant\u00f3n)\" href=\"https:\/\/es.wikipedia.org\/wiki\/Balsas_(cant%C3%B3n)\">Balsas<\/a>,<a class=\"new\" title=\"Marcabel\u00ed (cant\u00f3n) (a\u00fan no redactado)\" href=\"https:\/\/es.wikipedia.org\/w\/index.php?title=Marcabel%C3%AD_(cant%C3%B3n)&amp;action=edit&amp;redlink=1\">Marcabel\u00ed<\/a>, <a class=\"mw-redirect\" title=\"Arenillas (cant\u00f3n)\" href=\"https:\/\/es.wikipedia.org\/wiki\/Arenillas_(cant%C3%B3n)\">Arenillas<\/a>, <a class=\"new\" title=\"Santa Rosa (cant\u00f3n) (a\u00fan no redactado)\" href=\"https:\/\/es.wikipedia.org\/w\/index.php?title=Santa_Rosa_(cant%C3%B3n)&amp;action=edit&amp;redlink=1\">Santa Rosa<\/a>, <a class=\"mw-redirect\" title=\"Atahualpa (cant\u00f3n)\" href=\"https:\/\/es.wikipedia.org\/wiki\/Atahualpa_(cant%C3%B3n)\">Atahualpa<\/a>, <a class=\"mw-redirect\" title=\"Zaruma (cant\u00f3n)\" href=\"https:\/\/es.wikipedia.org\/wiki\/Zaruma_(cant%C3%B3n)\">Zaruma<\/a>, y <a class=\"mw-redirect\" title=\"Portovelo (cant\u00f3n)\" href=\"https:\/\/es.wikipedia.org\/wiki\/Portovelo_(cant%C3%B3n)\">Portovelo<\/a> pertenecientes a su misma provincia; y adem\u00e1s limita con la\u00a0Provincia de Loja.<\/p>\n<p>La cabecera del cant\u00f3n es la ciudad de Pi\u00f1as:\u00a0comparten el apodo de \u00abLa Orqu\u00eddea de los Andes\u00bb debido a la gran variedad de orqu\u00eddeas silvestres encontradas en \u00e9sta regi\u00f3n del Ecuador meridional. Tiene una poblaci\u00f3n de 25.988 habitantes de los cuales aproximadamente 15517 se encuentran en la zona urbana.<\/p>\n<p>Inicialmente era solo un barrio de la que ahora es parroquia suya, despu\u00e9s pas\u00f3 a ser una parroquia de Zaruma que en aquel entonces pertenec\u00eda a la Provincia de Loja; hasta que finalmente se conform\u00f3 como cant\u00f3n.<\/p>\n<p>Sus actividades son principalmente comerciales y tur\u00edsticas, posee una reserva ecol\u00f3gica, balnearios, gran diversidad de flora y fauna. Su clima es templado y h\u00famedo, siendo variado: pudiendo en algunas zonas bajas estar despejado y caluroso; mas en zonas altas, nublado y fresco; va aproximadamente de los 16 a 32\u00baC con una humedad media de 71,5%; la velocidad del viento promedio es de 5,6 m\/s.<\/p>\n<h3><strong><span id=\"Fundaci.C3.B3n_y_toponimia\" class=\"mw-headline\">Fundaci\u00f3n y toponimia<\/span><\/strong><\/h3>\n<p>Pi\u00f1as aparece en la historia como un conjunto de haciendas, de entre las cuales adquiri\u00f3 algunas el Bachiller Juan de Loayza, que aparece como el Primer fundador de Pi\u00f1as all\u00e1 por los a\u00f1os de 1815 a 1816, quien hab\u00eda sido enviado a principios del siglo XIX por el Gobierno de Espa\u00f1a para que estudie las minas de Zaruma. Luego de recorrer el Distrito Aur\u00edfero de Zaruma pas\u00f3 su informe al Rey de Espa\u00f1a, haciendo hincapi\u00e9 en las grandes riquezas de \u00e9ste Distrito. Una vez cumplida su comisi\u00f3n fund\u00f3 una poblaci\u00f3n precaria y se estableci\u00f3 definitivamente con su familia: d\u00e1ndole el nombre de Pi\u00f1as, para perpetuar el nombre del pueblo en donde hab\u00eda nacido.<\/p>\n<p>La historia dice que el Bachiller Juan de Loayza fue oriundo del Anejo <i>Las Pi\u00f1as<\/i>, de la Provincia de C\u00e1diz, Regi\u00f3n de Andaluc\u00eda en Espa\u00f1a; hay otra versi\u00f3n hist\u00f3rica, sobre el lugar natal del Bachiller Juan de Loayza, que supone que fue nativo de Pi\u00f1as, de la misma Espa\u00f1a peque\u00f1a ciudad perteneciente a la Provincia de Pontevedra, en la Regi\u00f3n deGalicia. Sin entrar a discutir cual de las dos poblaciones espa\u00f1olas fue la cuna de Juan de Loayza, debemos concluir que: el fundador le dio el nombre de <i>Pi\u00f1as<\/i>.<\/p>\n<p>Los antiguos habitantes aseguran que el primer pueblo de Pi\u00f1as, fundado por el Bachiller Juan de Loayza, estuvo ubicado hacia el Norte de la actual ciudad, sobre la parte superior de la carretera Panamericana y abarcando el camino de herradura que conduce desde Pi\u00f1as, a los barrios de Calera Grande, Calera Chica, Ayapamba y otros caser\u00edos.<\/p>\n<p>Como vestigios se observa hacia el pie del cementerio antiguo y a trav\u00e9s de esta peque\u00f1a planicie, por donde sigue el camino de herradura, una especie de plaza, que se ha venido afirmando fue la plaza principal de la poblaci\u00f3n, donde posteriormente, se situ\u00f3 el primer cementerio de la poblaci\u00f3n.<\/p>\n<p>&nbsp;<\/p>\n<p><a href=\"http:\/\/blog.espol.edu.ec\/giscacri\/files\/2015\/11\/cropped-PI\u00d1AS11.jpg\"><img loading=\"lazy\" decoding=\"async\" class=\"alignnone size-medium wp-image-64\" src=\"http:\/\/blog.espol.edu.ec\/giscacri\/files\/2015\/11\/cropped-PI\u00d1AS11-300x202.jpg\" alt=\"cropped-PI\u00d1AS11\" width=\"300\" height=\"202\" srcset=\"https:\/\/blog.espol.edu.ec\/giscacri\/files\/2015\/11\/cropped-PI\u00d1AS11-300x202.jpg 300w, https:\/\/blog.espol.edu.ec\/giscacri\/files\/2015\/11\/cropped-PI\u00d1AS11.jpg 1000w\" sizes=\"auto, (max-width: 300px) 100vw, 300px\" \/><\/a> <a href=\"http:\/\/blog.espol.edu.ec\/giscacri\/files\/2015\/11\/wpid-una-orquidea-con-encanto-cymbidium.jpg\"><img loading=\"lazy\" decoding=\"async\" class=\"alignnone size-medium wp-image-25\" src=\"http:\/\/blog.espol.edu.ec\/giscacri\/files\/2015\/11\/wpid-una-orquidea-con-encanto-cymbidium-300x226.jpg\" alt=\"wpid-una-orquidea-con-encanto-cymbidium\" width=\"300\" height=\"226\" srcset=\"https:\/\/blog.espol.edu.ec\/giscacri\/files\/2015\/11\/wpid-una-orquidea-con-encanto-cymbidium-300x226.jpg 300w, https:\/\/blog.espol.edu.ec\/giscacri\/files\/2015\/11\/wpid-una-orquidea-con-encanto-cymbidium.jpg 550w\" sizes=\"auto, (max-width: 300px) 100vw, 300px\" \/><\/a><\/p>\n<p>Puede obtener mas informaci\u00f3n acerca de la Ciudad de Pi\u00f1as en los siguientes enlaces:<br \/>\n<a href=\"https:\/\/es.wikipedia.org\/wiki\/Cant%C3%B3n_Pi%C3%B1as\" target=\"_blank\">https:\/\/es.wikipedia.org\/wiki\/Cant%C3%B3n_Pi%C3%B1as<\/a><br \/>\n<a href=\"https:\/\/es.wikipedia.org\/wiki\/Pi%C3%B1as\" target=\"_blank\">https:\/\/es.wikipedia.org\/wiki\/Pi%C3%B1as<\/a><br \/>\n<a href=\"http:\/\/ciudadorquidea.com\/content\/view\/1\/\" target=\"_blank\">http:\/\/ciudadorquidea.com\/content\/view\/1\/<\/a><br \/>\n<a href=\"http:\/\/ciudadorquidea.com\/content\/view\/4\/87\/\" target=\"_blank\">http:\/\/ciudadorquidea.com\/content\/view\/4\/87\/<\/a><br \/>\n<a href=\"http:\/\/www.pinas.gob.ec\/\" target=\"_blank\">http:\/\/www.pinas.gob.ec\/<\/a><br \/>\n<a href=\"http:\/\/www.ecuale.com\/eloro\/pinas.php\" target=\"_blank\">http:\/\/www.ecuale.com\/eloro\/pinas.php<\/a><br \/>\n<a href=\"http:\/\/ecuador.mimunicipalidad.net\/historia\/El-Oro\/Pinas\/\" target=\"_blank\">http:\/\/ecuador.mimunicipalidad.net\/historia\/El-Oro\/Pinas\/<\/a><\/p>\n","protected":false},"excerpt":{"rendered":"<p>Pi\u00f1as es un cant\u00f3n de la Provincia de El Oro que se encuentra al suroeste de Ecuador. Limita con los cantones: Balsas,Marcabel\u00ed, Arenillas, Santa Rosa, Atahualpa, Zaruma, y Portovelo pertenecientes a su misma provincia; y adem\u00e1s limita con la\u00a0Provincia de Loja. La cabecera del cant\u00f3n es la ciudad de Pi\u00f1as:\u00a0comparten el apodo de \u00abLa Orqu\u00eddea &hellip; <\/p>\n<p><a class=\"more-link btn\" href=\"https:\/\/blog.espol.edu.ec\/giscacri\/historia\/\">Seguir leyendo<\/a><\/p>\n","protected":false},"author":9958,"featured_media":0,"parent":0,"menu_order":0,"comment_status":"closed","ping_status":"closed","template":"","meta":{"footnotes":""},"class_list":["post-105","page","type-page","status-publish","hentry","nodate","item-wrap"],"_links":{"self":[{"href":"https:\/\/blog.espol.edu.ec\/giscacri\/wp-json\/wp\/v2\/pages\/105","targetHints":{"allow":["GET"]}}],"collection":[{"href":"https:\/\/blog.espol.edu.ec\/giscacri\/wp-json\/wp\/v2\/pages"}],"about":[{"href":"https:\/\/blog.espol.edu.ec\/giscacri\/wp-json\/wp\/v2\/types\/page"}],"author":[{"embeddable":true,"href":"https:\/\/blog.espol.edu.ec\/giscacri\/wp-json\/wp\/v2\/users\/9958"}],"replies":[{"embeddable":true,"href":"https:\/\/blog.espol.edu.ec\/giscacri\/wp-json\/wp\/v2\/comments?post=105"}],"version-history":[{"count":5,"href":"https:\/\/blog.espol.edu.ec\/giscacri\/wp-json\/wp\/v2\/pages\/105\/revisions"}],"predecessor-version":[{"id":112,"href":"https:\/\/blog.espol.edu.ec\/giscacri\/wp-json\/wp\/v2\/pages\/105\/revisions\/112"}],"wp:attachment":[{"href":"https:\/\/blog.espol.edu.ec\/giscacri\/wp-json\/wp\/v2\/media?parent=105"}],"curies":[{"name":"wp","href":"https:\/\/api.w.org\/{rel}","templated":true}]}}

<p><b>Piñas</b> es un <b>cantón</b> de la Provincia de El Oro que se encuentra al suroeste de Ecuador. Limita con los cantones: <a class="mw-redirect" title="Balsas (cantón)" href="https://es.wikipedia.org/wiki/Balsas_(cant%C3%B3n)">Balsas</a>,<a class="new" title="Marcabelí (cantón) (aún no redactado)" href="https://es.wikipedia.org/w/index.php?title=Marcabel%C3%AD_(cant%C3%B3n)&amp;action=edit&amp;redlink=1">Marcabelí</a>, <a class="mw-redirect" title="Arenillas (cantón)" href="https://es.wikipedia.org/wiki/Arenillas_(cant%C3%B3n)">Arenillas</a>, <a class="new" title="Santa Rosa (cantón) (aún no redactado)" href="https://es.wikipedia.org/w/index.php?title=Santa_Rosa_(cant%C3%B3n)&amp;action=edit&amp;redlink=1">Santa Rosa</a>, <a class="mw-redirect" title="Atahualpa (cantón)" href="https://es.wikipedia.org/wiki/Atahualpa_(cant%C3%B3n)">Atahualpa</a>, <a class="mw-redirect" title="Zaruma (cantón)" href="https://es.wikipedia.org/wiki/Zaruma_(cant%C3%B3n)">Zaruma</a>, y <a class="mw-redirect" title="Portovelo (cantón)" href="https://es.wikipedia.org/wiki/Portovelo_(cant%C3%B3n)">Portovelo</a> pertenecientes a su misma provincia; y además limita con la Provincia de Loja.</p>
<p>La cabecera del cantón es la ciudad de Piñas: comparten el apodo de «La Orquídea de los Andes» debido a la gran variedad de orquídeas silvestres encontradas en ésta región del Ecuador meridional. Tiene una población de 25.988 habitantes de los cuales aproximadamente 15517 se encuentran en la zona urbana.</p>
<p>Inicialmente era solo un barrio de la que ahora es parroquia suya, después pasó a ser una parroquia de Zaruma que en aquel entonces pertenecía a la Provincia de Loja; hasta que finalmente se conformó como cantón.</p>
<p>Sus actividades son principalmente comerciales y turísticas, posee una reserva ecológica, balnearios, gran diversidad de flora y fauna. Su clima es templado y húmedo, siendo variado: pudiendo en algunas zonas bajas estar despejado y caluroso; mas en zonas altas, nublado y fresco; va aproximadamente de los 16 a 32ºC con una humedad media de 71,5%; la velocidad del viento promedio es de 5,6 m/s.</p>
<h3><strong><span id="Fundaci.C3.B3n_y_toponimia" class="mw-headline">Fundación y toponimia</span></strong></h3>
<p>Piñas aparece en la historia como un conjunto de haciendas, de entre las cuales adquirió algunas el Bachiller Juan de Loayza, que aparece como el Primer fundador de Piñas allá por los años de 1815 a 1816, quien había sido enviado a principios del siglo XIX por el Gobierno de España para que estudie las minas de Zaruma. Luego de recorrer el Distrito Aurífero de Zaruma pasó su informe al Rey de España, haciendo hincapié en las grandes riquezas de éste Distrito. Una vez cumplida su comisión fundó una población precaria y se estableció definitivamente con su familia: dándole el nombre de Piñas, para perpetuar el nombre del pueblo en donde había nacido.</p>
<p>La historia dice que el Bachiller Juan de Loayza fue oriundo del Anejo <i>Las Piñas</i>, de la Provincia de Cádiz, Región de Andalucía en España; hay otra versión histórica, sobre el lugar natal del Bachiller Juan de Loayza, que supone que fue nativo de Piñas, de la misma España pequeña ciudad perteneciente a la Provincia de Pontevedra, en la Región deGalicia. Sin entrar a discutir cual de las dos poblaciones españolas fue la cuna de Juan de Loayza, debemos concluir que: el fundador le dio el nombre de <i>Piñas</i>.</p>
<p>Los antiguos habitantes aseguran que el primer pueblo de Piñas, fundado por el Bachiller Juan de Loayza, estuvo ubicado hacia el Norte de la actual ciudad, sobre la parte superior de la carretera Panamericana y abarcando el camino de herradura que conduce desde Piñas, a los barrios de Calera Grande, Calera Chica, Ayapamba y otros caseríos.</p>
<p>Como vestigios se observa hacia el pie del cementerio antiguo y a través de esta pequeña planicie, por donde sigue el camino de herradura, una especie de plaza, que se ha venido afirmando fue la plaza principal de la población, donde posteriormente, se situó el primer cementerio de la población.</p>
<p>&nbsp;</p>
<p><a href="http://blog.espol.edu.ec/giscacri/files/2015/11/cropped-PIÑAS11.jpg"><img loading="lazy" decoding="async" class="alignnone size-medium wp-image-64" src="http://blog.espol.edu.ec/giscacri/files/2015/11/cropped-PIÑAS11-300x202.jpg" alt="cropped-PIÑAS11" width="300" height="202" srcset="https://blog.espol.edu.ec/giscacri/files/2015/11/cropped-PIÑAS11-300x202.jpg 300w, https://blog.espol.edu.ec/giscacri/files/2015/11/cropped-PIÑAS11.jpg 1000w" sizes="auto, (max-width: 300px) 100vw, 300px" /></a> <a href="http://blog.espol.edu.ec/giscacri/files/2015/11/wpid-una-orquidea-con-encanto-cymbidium.jpg"><img loading="lazy" decoding="async" class="alignnone size-medium wp-image-25" src="http://blog.espol.edu.ec/giscacri/files/2015/11/wpid-una-orquidea-con-encanto-cymbidium-300x226.jpg" alt="wpid-una-orquidea-con-encanto-cymbidium" width="300" height="226" srcset="https://blog.espol.edu.ec/giscacri/files/2015/11/wpid-una-orquidea-con-encanto-cymbidium-300x226.jpg 300w, https://blog.espol.edu.ec/giscacri/files/2015/11/wpid-una-orquidea-con-encanto-cymbidium.jpg 550w" sizes="auto, (max-width: 300px) 100vw, 300px" /></a></p>
<p>Puede obtener mas información acerca de la Ciudad de Piñas en los siguientes enlaces:<br />
<a href="https://es.wikipedia.org/wiki/Cant%C3%B3n_Pi%C3%B1as" target="_blank">https://es.wikipedia.org/wiki/Cant%C3%B3n_Pi%C3%B1as</a><br />
<a href="https://es.wikipedia.org/wiki/Pi%C3%B1as" target="_blank">https://es.wikipedia.org/wiki/Pi%C3%B1as</a><br />
<a href="http://ciudadorquidea.com/content/view/1/" target="_blank">http://ciudadorquidea.com/content/view/1/</a><br />
<a href="http://ciudadorquidea.com/content/view/4/87/" target="_blank">http://ciudadorquidea.com/content/view/4/87/</a><br />
<a href="http://www.pinas.gob.ec/" target="_blank">http://www.pinas.gob.ec/</a><br />
<a href="http://www.ecuale.com/eloro/pinas.php" target="_blank">http://www.ecuale.com/eloro/pinas.php</a><br />
<a href="http://ecuador.mimunicipalidad.net/historia/El-Oro/Pinas/" target="_blank">http://ecuador.mimunicipalidad.net/historia/El-Oro/Pinas/</a></p>

<p>Piñas es un cantón de la Provincia de El Oro que se encuentra al suroeste de Ecuador. Limita con los cantones: Balsas,Marcabelí, Arenillas, Santa Rosa, Atahualpa, Zaruma, y Portovelo pertenecientes a su misma provincia; y además limita con la Provincia de Loja. La cabecera del cantón es la ciudad de Piñas: comparten el apodo de «La Orquídea &hellip; </p>
<p><a class="more-link btn" href="https://blog.espol.edu.ec/giscacri/historia/">Seguir leyendo</a></p>
