{"id":159,"date":"2015-11-10T00:26:49","date_gmt":"2015-11-10T00:26:49","guid":{"rendered":"http:\/\/blog.espol.edu.ec\/giscacri\/?page_id=159"},"modified":"2015-11-10T00:26:49","modified_gmt":"2015-11-10T00:26:49","slug":"museo-y-orquideario","status":"publish","type":"page","link":"https:\/\/blog.espol.edu.ec\/giscacri\/centros-turisticos\/museo-y-orquideario\/","title":{"rendered":"Museo y Orquideario"},"content":{"rendered":"<table border=\"0\" width=\"99%\" cellspacing=\"0\" cellpadding=\"0\">\n<tbody>\n<tr>\n<td valign=\"top\" width=\"75%\" height=\"14\">\n<div class=\"texto\"><\/div>\n<div class=\"texto\"><img decoding=\"async\" src=\"http:\/\/ciudadorquidea.com\/mambots\/content\/multithumb\/thumbs\/f5bf8156cd7af2283f9c58d19028f6b9.jpg\" alt=\"\" \/>\u00a0<img decoding=\"async\" src=\"http:\/\/ciudadorquidea.com\/mambots\/content\/multithumb\/thumbs\/a1cd048bbc1525b82bdd5e95c9c3b20e.jpg\" alt=\"\" \/><img decoding=\"async\" src=\"http:\/\/ciudadorquidea.com\/mambots\/content\/multithumb\/thumbs\/6ab4eff340dd624b090c62b23042aeaa.jpg\" alt=\"\" \/><\/div>\n<div class=\"texto\"><\/div>\n<div class=\"texto\"><\/div>\n<div class=\"texto\">Este museo consta de un inventario de todas las piezas que est\u00e1n en el museo, el cual a venido recopilando los objetos desde hace 50 a\u00f1os, en el cual pueden encontrar fotograf\u00edas y pinturas sobre la historia de Pi\u00f1as de las cuales el propietario con su gentileza que lo caracteriza da una explicaci\u00f3n sobre\u00a0el tema, adem\u00e1s tiene fotograf\u00edas y fechas de la primera iglesia, los primeros concejales, de donde sali\u00f3 el nombre de Pi\u00f1as Orqu\u00eddea de los Andes.<\/div>\n<\/td>\n<\/tr>\n<\/tbody>\n<\/table>\n<div class=\"texto\">\n<div class=\"texto\"><b>\u00c1rea<\/b><\/div>\n<div class=\"texto\">. . . . . . . . . . . . . . . . . . . . . . . . . . . . . . . . . . . . . . . . . . . . ..<\/div>\n<p><b>Ubicaci\u00f3n<\/b><\/p>\n<div class=\"texto\">Este museo se encuentra ubicado en la Escalinata Dr. Miguel Cabrera.<\/div>\n<div class=\"texto\"><b>Fecha de Creaci\u00f3n<\/b><\/div>\n<div class=\"texto\">. . . . . . . . . . . . . . . . . . . . . . . . . . . . . . . . . . . . . . . . . . . . ..<\/div>\n<div class=\"titulo1\">Cultura<\/div>\n<table border=\"0\" width=\"99%\" cellspacing=\"0\" cellpadding=\"0\">\n<tbody>\n<tr>\n<td valign=\"top\" width=\"75%\" height=\"14\">\n<div class=\"texto\">Cuenta con objetos de varios lugares del pa\u00eds, adem\u00e1s la colecci\u00f3n de monedas y billetes del Ecuador y otros pa\u00edses, instrumentos de la guerra del 41, objetos de plata, jarrones donde guardaban los granos, animales disecados, una imprenta antigua.<\/div>\n<\/td>\n<td align=\"center\"><img loading=\"lazy\" decoding=\"async\" src=\"http:\/\/www.viajandox.com\/eloro\/eloro_pinas_museo3.gif\" alt=\"\" width=\"140\" height=\"94\" border=\"0\" \/><\/td>\n<\/tr>\n<\/tbody>\n<\/table>\n<div class=\"texto\">\n<p>&nbsp;<\/p>\n<\/div>\n<table border=\"0\" width=\"99%\" cellspacing=\"0\" cellpadding=\"0\">\n<tbody>\n<tr>\n<td align=\"center\"><img loading=\"lazy\" decoding=\"async\" src=\"http:\/\/www.viajandox.com\/eloro\/eloro_pinas_museo1.jpg\" alt=\"\" width=\"140\" height=\"94\" border=\"0\" \/><\/td>\n<td valign=\"top\" width=\"75%\" height=\"14\">\n<div class=\"titulo1\">Orquideario<\/div>\n<div class=\"texto\">En lo que se refiere al orquideario tiene aproximadamente unas 1500 plantas entre orqu\u00eddeas y otras plantas.<\/div>\n<\/td>\n<\/tr>\n<\/tbody>\n<\/table>\n<div class=\"titulo1\">Atractivos<\/div>\n<div class=\"texto\">\u2022 La brisa fresca y el olor a tierra h\u00fameda identifican a este lugar, en donde se observa una variedad de orqu\u00eddeas. En su recorrido por el orquideario admire la belleza, delicadeza, color y aroma de las ex\u00f3ticas florecillas.<\/div>\n<div class=\"texto\">\u2022 Este lugar es sin duda un centro alternativo de cultura y arte en el cual, se puede apreciar la colecci\u00f3n de monedas y billetes del Ecuador, objetos de plata, jarrones y otros. Trabajos particulares o sencillamente la expresi\u00f3n de la imaginaci\u00f3n, de el arte mestizo.<\/div>\n<\/div>\n","protected":false},"excerpt":{"rendered":"<p>\u00a0 Este museo consta de un inventario de todas las piezas que est\u00e1n en el museo, el cual a venido recopilando los objetos desde hace 50 a\u00f1os, en el cual pueden encontrar fotograf\u00edas y pinturas sobre la historia de Pi\u00f1as de las cuales el propietario con su gentileza que lo caracteriza da una explicaci\u00f3n sobre\u00a0el &hellip; <\/p>\n<p><a class=\"more-link btn\" href=\"https:\/\/blog.espol.edu.ec\/giscacri\/centros-turisticos\/museo-y-orquideario\/\">Seguir leyendo<\/a><\/p>\n","protected":false},"author":9958,"featured_media":0,"parent":153,"menu_order":0,"comment_status":"closed","ping_status":"closed","template":"","meta":{"footnotes":""},"class_list":["post-159","page","type-page","status-publish","hentry","nodate","item-wrap"],"_links":{"self":[{"href":"https:\/\/blog.espol.edu.ec\/giscacri\/wp-json\/wp\/v2\/pages\/159","targetHints":{"allow":["GET"]}}],"collection":[{"href":"https:\/\/blog.espol.edu.ec\/giscacri\/wp-json\/wp\/v2\/pages"}],"about":[{"href":"https:\/\/blog.espol.edu.ec\/giscacri\/wp-json\/wp\/v2\/types\/page"}],"author":[{"embeddable":true,"href":"https:\/\/blog.espol.edu.ec\/giscacri\/wp-json\/wp\/v2\/users\/9958"}],"replies":[{"embeddable":true,"href":"https:\/\/blog.espol.edu.ec\/giscacri\/wp-json\/wp\/v2\/comments?post=159"}],"version-history":[{"count":1,"href":"https:\/\/blog.espol.edu.ec\/giscacri\/wp-json\/wp\/v2\/pages\/159\/revisions"}],"predecessor-version":[{"id":160,"href":"https:\/\/blog.espol.edu.ec\/giscacri\/wp-json\/wp\/v2\/pages\/159\/revisions\/160"}],"up":[{"embeddable":true,"href":"https:\/\/blog.espol.edu.ec\/giscacri\/wp-json\/wp\/v2\/pages\/153"}],"wp:attachment":[{"href":"https:\/\/blog.espol.edu.ec\/giscacri\/wp-json\/wp\/v2\/media?parent=159"}],"curies":[{"name":"wp","href":"https:\/\/api.w.org\/{rel}","templated":true}]}}