{"id":41,"date":"2015-11-09T16:57:34","date_gmt":"2015-11-09T16:57:34","guid":{"rendered":"http:\/\/blog.espol.edu.ec\/giscacri\/?page_id=41"},"modified":"2015-11-09T17:01:01","modified_gmt":"2015-11-09T17:01:01","slug":"bienvenida","status":"publish","type":"page","link":"https:\/\/blog.espol.edu.ec\/giscacri\/bienvenida\/","title":{"rendered":"Bienvenida"},"content":{"rendered":"<p>La ciudad de Pi\u00f1as, en la provincia de El Oro es conocida como \u201c <a href=\"http:\/\/ciudadorquidea.com\/component\/option,com_seyret\/Itemid,2\/task,videodirectlink\/id,320\/\" target=\"_blank\">La Orqu\u00eddea de los Andes<\/a>\u201d, debido a la gran variedad de orqu\u00eddeas salvajes encontradas en esta regi\u00f3n del Ecuador meridional.<\/p>\n<p>Pi\u00f1as es una ciudad colonial muy agradable y tranquila y el lugar perfecto\u00a0para observar 30 especies de colibr\u00edes y pericos o visitar el bosque nublado de Buenaventura.<\/p>\n<p>La ciudad de Pi\u00f1as recibe la visita de muchos turistas, especialmente durante las fiestas de canonizaci\u00f3n. Adem\u00e1s sirve de parada para visitar otros puntos tur\u00edsticos del cant\u00f3n y cantones vecinos.<\/p>\n<p>Desde la entrada a la ciudad se aprecia una estupenda vista de la ciudad entre las monta\u00f1as. En el centro su punto de reuni\u00f3n de muchos es el parque central, bajo \u00e9l se encuentra una zona comercial y est\u00e1 rodeado de edificaciones hechas de madera, y nuevas hechas de hormig\u00f3n; a un lado del parque se puede apreciar la Iglesia Matriz de tipo cat\u00f3lica, y a otro lado el edificio del Gobierno Municipal, ambas estructuras emblem\u00e1ticas de la ciudad y del cant\u00f3n.<\/p>\n<p>Durante sus fiestas por algunas de sus calles se realiza el <em>Rally<\/em> \u00abCiudad de Pi\u00f1as\u00bb, adem\u00e1s es parte del circuito \u00abVuelta a la Rep\u00fablica\u00bb.<\/p>\n<p>Se suele realizar el <em>V\u00eda Crucis<\/em> desde las faldas de la monta\u00f1a que se encuentra frente a la ciudad pasando por las catorce estaciones que simbolizan el <em>Calvario de Cristo<\/em> hasta llegar a la cima de la monta\u00f1a llamada <em>La Pata Grande<\/em>, donde se encuentra otro punto tur\u00edstico como es <em>La Cruz<\/em> de 20m de altura y el <em>Monumento a la Paz<\/em> en homenaje a la Virgen de la Merced, Patrona de la ciudad; es un mirador de la ciudad en la que adem\u00e1s se realizan espect\u00e1culos como <em>Pi\u00f1as Fest<\/em>.<\/p>\n<p>Se realizan a lo largo del a\u00f1o eventos como los carnavales, semana santa, y principalmente en los meses de octubre y noviembre por las fiestas de cantonizaci\u00f3n. Existen desfiles con carros aleg\u00f3ricos, elecciones de reinas de distintas instituciones, agasajos (d\u00eda de la madre, d\u00eda del ni\u00f1o, navidad), ferias mercantiles y de atracciones. Eventos musicales con artistas locales, actividades deportivas.<\/p>\n<p>En el mes de septiembre llegan los llamados <em>tendidos<\/em>, que es una feria de tipo comercial en la que antes del 2012 ocupaban las calles de Pi\u00f1as y ahora se ubican en el <em>Recinto Ferial<\/em> (antiguo estadio). Adem\u00e1s llegan juegos de atracciones como: carros chocones, la rueda moscovita, carrusel, etc.<\/p>\n<p>El museo de propiedad del Lic. Rub\u00e9n Torres dispone de una colecci\u00f3n de art\u00edculos arqueol\u00f3gicos, algunos pertenecen a la prehistoria, a la civilizaci\u00f3n prehisp\u00e1nica de los Ca\u00f1ar\u00eds, a las \u00e9pocas colonial, independentista y de comienzos de la Rep\u00fablica. Tambi\u00e9n se puede ver colecciones de numism\u00e1tica y filat\u00e9lica, una discoteca, pinturas y esculturas, colecci\u00f3n conjuntiva de ra\u00edces de \u00e1rboles recolectadas de diversos sectores del cant\u00f3n con formas y definiciones especiales. El mismo maneja un orquideario con tratamiento cient\u00edfico.<\/p>\n<p>Predominan el f\u00fatbol, <em>v\u00f3ley<\/em> (de tres jugadores), baloncesto, pichirilos (veh\u00edculo sin motor de cuatro ruedas, funciona por gravedad o impulsado por fuerza humana). En la actualidad Pi\u00f1as cuenta con un equipo de f\u00fatbol, <a title=\"Club ATV Pi\u00f1as\" href=\"https:\/\/www.facebook.com\/ATVpinas\" target=\"_blank\">Club ATV Pi\u00f1as<\/a>, en segunda divisi\u00f3n de la liga profesional de f\u00fatbol del Ecuador<\/p>\n<p>Tenemos profesionales de la fotograf\u00eda y video que te dejar\u00e1 ver las maravillas que Pi\u00f1as te puede ense\u00f1ar,\u00a0<a href=\"https:\/\/www.facebook.com\/edwinmanuel.orellanaapolo?fref=ts\" target=\"_blank\">Edwin Manuel Orellana Apolo<\/a>\u00a0y su equipo <a href=\"https:\/\/www.facebook.com\/paparazziproducciones\/?fref=ts\" target=\"_blank\">\"Paparazzi Producciones\"<\/a>\u00a0deleitar\u00e1 tu vista demostr\u00e1ndonos la pasi\u00f3n que tiene por su trabajo y por su tierra que lo vio nacer. Te invitamos a formar parte de este mundo maravilloso que te llenara de j\u00fabilo y de amor. Bienvenido.<\/p>\n","protected":false},"excerpt":{"rendered":"<p>La ciudad de Pi\u00f1as, en la provincia de El Oro es conocida como \u201c La Orqu\u00eddea de los Andes\u201d, debido a la gran variedad de orqu\u00eddeas salvajes encontradas en esta regi\u00f3n del Ecuador meridional. Pi\u00f1as es una ciudad colonial muy agradable y tranquila y el lugar perfecto\u00a0para observar 30 especies de colibr\u00edes y pericos o &hellip; <\/p>\n<p><a class=\"more-link btn\" href=\"https:\/\/blog.espol.edu.ec\/giscacri\/bienvenida\/\">Seguir leyendo<\/a><\/p>\n","protected":false},"author":9958,"featured_media":0,"parent":0,"menu_order":0,"comment_status":"closed","ping_status":"closed","template":"","meta":{"footnotes":""},"class_list":["post-41","page","type-page","status-publish","hentry","nodate","item-wrap"],"_links":{"self":[{"href":"https:\/\/blog.espol.edu.ec\/giscacri\/wp-json\/wp\/v2\/pages\/41","targetHints":{"allow":["GET"]}}],"collection":[{"href":"https:\/\/blog.espol.edu.ec\/giscacri\/wp-json\/wp\/v2\/pages"}],"about":[{"href":"https:\/\/blog.espol.edu.ec\/giscacri\/wp-json\/wp\/v2\/types\/page"}],"author":[{"embeddable":true,"href":"https:\/\/blog.espol.edu.ec\/giscacri\/wp-json\/wp\/v2\/users\/9958"}],"replies":[{"embeddable":true,"href":"https:\/\/blog.espol.edu.ec\/giscacri\/wp-json\/wp\/v2\/comments?post=41"}],"version-history":[{"count":4,"href":"https:\/\/blog.espol.edu.ec\/giscacri\/wp-json\/wp\/v2\/pages\/41\/revisions"}],"predecessor-version":[{"id":45,"href":"https:\/\/blog.espol.edu.ec\/giscacri\/wp-json\/wp\/v2\/pages\/41\/revisions\/45"}],"wp:attachment":[{"href":"https:\/\/blog.espol.edu.ec\/giscacri\/wp-json\/wp\/v2\/media?parent=41"}],"curies":[{"name":"wp","href":"https:\/\/api.w.org\/{rel}","templated":true}]}}