{"id":10,"date":"2012-09-06T02:48:23","date_gmt":"2012-09-06T02:48:23","guid":{"rendered":"http:\/\/blog.espol.edu.ec\/grupo1flickr\/?page_id=10"},"modified":"2012-09-06T02:48:23","modified_gmt":"2012-09-06T02:48:23","slug":"simon-bolivar","status":"publish","type":"page","link":"https:\/\/blog.espol.edu.ec\/grupo1flickr\/simon-bolivar\/","title":{"rendered":"Sim\u00f3n Bol\u00edvar"},"content":{"rendered":"<p>Caudillo de la independencia hispanoamericana (Caracas, Venezuela, 1783 - Santa Marta, Colombia, 1830). Nacido en una familia de origen vasco de la hidalgu\u00eda criolla venezolana, Sim\u00f3n Bol\u00edvar se form\u00f3 leyendo a los pensadores de la Ilustraci\u00f3n (Locke, Rousseau, Voltaire, Montesquieu\u2026) y viajando por Europa. En Par\u00eds tom\u00f3 contacto con las ideas de la Revoluci\u00f3n y conoci\u00f3 personalmente a Napole\u00f3n y Humboldt. Afiliado a la masoner\u00eda e imbuido de las ideas liberales, ya en 1805 se jur\u00f3 en Roma que no descansar\u00eda hasta liberar a su pa\u00eds de la dominaci\u00f3n espa\u00f1ola. Y, aunque carec\u00eda de formaci\u00f3n militar, Sim\u00f3n Bol\u00edvar lleg\u00f3 a convertirse en el principal dirigente de la guerra por la independencia de las colonias hispanoamericanas; adem\u00e1s, suministr\u00f3 al movimiento una base ideol\u00f3gica mediante sus propios escritos y discursos.<\/p>\n<p align=\"right\"><img loading=\"lazy\" decoding=\"async\" src=\"http:\/\/www.biografiasyvidas.com\/biografia\/b\/fotos\/bolivar.jpg\" alt=\"\" width=\"340\" height=\"386\" \/><br \/>\nSim\u00f3n Bol\u00edvar<\/p>\n<p>En 1810 se uni\u00f3 a la revoluci\u00f3n independentista que estall\u00f3 en Venezuela dirigida por <a href=\"http:\/\/www.biografiasyvidas.com\/biografia\/m\/miranda.htm\">Miranda<\/a> (aprovechando que la metr\u00f3poli se hallaba ocupada por el ej\u00e9rcito franc\u00e9s). El fracaso de aquella intentona oblig\u00f3 a Bol\u00edvar a huir del pa\u00eds en 1812; tom\u00f3 entonces las riendas del movimiento, lanzando desde Cartagena de Indias un manifiesto que incitaba de nuevo a la rebeli\u00f3n, corrigiendo los errores cometidos en el pasado (1812).<\/p>\n<p>En 1813 lanz\u00f3 una segunda revoluci\u00f3n, que entr\u00f3 triunfante en Caracas (de ese momento data la concesi\u00f3n por el Ayuntamiento del t\u00edtulo de <em>Libertador). <\/em>A\u00fan hubo una nueva reacci\u00f3n realista, bajo la direcci\u00f3n de Morillo y Bobes, que reconquistaron el pa\u00eds para la Corona espa\u00f1ola, expulsando a Bol\u00edvar a Jamaica (1814-15); pero \u00e9ste realiz\u00f3 una tercera revoluci\u00f3n entre 1816 y 1819, que le dar\u00eda el control del pa\u00eds.<\/p>\n<p>Bol\u00edvar so\u00f1aba con formar una gran confederaci\u00f3n que uniera a todas las antiguas colonias espa\u00f1olas de Am\u00e9rica, inspirada en el modelo de Estados Unidos. Por ello, no satisfecho con la liberaci\u00f3n de Venezuela, cruz\u00f3 los Andes y venci\u00f3 a las tropas realistas espa\u00f1olas en la batalla de Boyac\u00e1 (1819), que dio la independencia al Virreinato de Nueva Granada (la actual Colombia). Reuni\u00f3 entonces un Congreso en Angostura (1819), que elabor\u00f3 una Constituci\u00f3n para la nueva Rep\u00fablica de Colombia, que englobaba lo que hoy son Colombia, Venezuela, Ecuador y Panam\u00e1; el mismo Sim\u00f3n Bol\u00edvar fue elegido presidente de esta \u00abGran Colombia\u00bb. Luego liber\u00f3 la Audiencia Quito (actual Ecuador) en uni\u00f3n de <a href=\"http:\/\/www.biografiasyvidas.com\/biografia\/s\/sucre.htm\">Sucre<\/a>, tras imponerse en la batalla de Pichincha (1822).<\/p>\n<p>En aquel mismo a\u00f1o Sim\u00f3n Bol\u00edvar se reuni\u00f3 en Guayaquil con el otro gran caudillo del movimiento independentista, <a href=\"http:\/\/www.biografiasyvidas.com\/biografia\/s\/san_martin.htm\">San Mart\u00edn<\/a>, que hab\u00eda liberado Argentina y Chile, para ver la forma de cooperar en la liberaci\u00f3n del Per\u00fa; ambos dirigentes chocaron en sus ambiciones y en sus apreciaciones pol\u00edticas (pues San Mart\u00edn se inclinaba por crear reg\u00edmenes mon\u00e1rquicos encabezados por pr\u00edncipes europeos), desistiendo San Mart\u00edn de entablar una lucha por el poder y dejando el campo libre a Bol\u00edvar (poco despu\u00e9s se marchar\u00eda a Europa).<\/p>\n<p>Bol\u00edvar pudo entonces ponerse al frente de la insurrecci\u00f3n del Per\u00fa, \u00faltimo basti\u00f3n del continente en el que resist\u00edan los espa\u00f1oles, aprovechando las disensiones internas de los rebeldes del pa\u00eds (1823). En 1824 obtuvo la m\u00e1s decisiva de sus victorias en la batalla de Ayacucho, que determin\u00f3 el fin de la presencia espa\u00f1ola en Per\u00fa y en toda Sudam\u00e9rica. Los \u00faltimos focos realistas del Alto Per\u00fa fueron liquidados en 1825, cre\u00e1ndose all\u00ed la Rep\u00fablica de Bol\u00edvar (actual Bolivia). Bol\u00edvar, presidente ya de Colombia (1819-30), lo fue tambi\u00e9n de Per\u00fa (1824-26) y de Bolivia (1825-26), implantando en estas dos \u00faltimas Rep\u00fablicas un modelo constitucional llamado \u00abmonocr\u00e1tico\u00bb, con un presidente vitalicio y hereditario.<\/p>\n<p>Sin embargo, los \u00e9xitos militares de Bol\u00edvar no fueron acompa\u00f1ados por logros pol\u00edticos comparables. Su tendencia a ejercer el poder de forma dictatorial despert\u00f3 muchas reticencias; y el proyecto de una gran Hispanoam\u00e9rica unida choc\u00f3 con los sentimientos particularistas de los antiguos virreinatos, audiencias y capitan\u00edas generales del imperio espa\u00f1ol, cuyas oligarqu\u00edas locales acabaron buscando la independencia pol\u00edtica por separado<\/p>\n","protected":false},"excerpt":{"rendered":"<p>Caudillo de la independencia hispanoamericana (Caracas, Venezuela, 1783 - Santa Marta, Colombia, 1830). Nacido en una familia de origen vasco de la hidalgu\u00eda criolla venezolana, Sim\u00f3n Bol\u00edvar se form\u00f3 leyendo a los pensadores de la Ilustraci\u00f3n (Locke, Rousseau, Voltaire, Montesquieu\u2026) &hellip; <a href=\"https:\/\/blog.espol.edu.ec\/grupo1flickr\/simon-bolivar\/\">Sigue leyendo <span class=\"meta-nav\">&rarr;<\/span><\/a><\/p>\n","protected":false},"author":7883,"featured_media":0,"parent":0,"menu_order":0,"comment_status":"open","ping_status":"open","template":"","meta":{"footnotes":""},"class_list":["post-10","page","type-page","status-publish","hentry"],"_links":{"self":[{"href":"https:\/\/blog.espol.edu.ec\/grupo1flickr\/wp-json\/wp\/v2\/pages\/10","targetHints":{"allow":["GET"]}}],"collection":[{"href":"https:\/\/blog.espol.edu.ec\/grupo1flickr\/wp-json\/wp\/v2\/pages"}],"about":[{"href":"https:\/\/blog.espol.edu.ec\/grupo1flickr\/wp-json\/wp\/v2\/types\/page"}],"author":[{"embeddable":true,"href":"https:\/\/blog.espol.edu.ec\/grupo1flickr\/wp-json\/wp\/v2\/users\/7883"}],"replies":[{"embeddable":true,"href":"https:\/\/blog.espol.edu.ec\/grupo1flickr\/wp-json\/wp\/v2\/comments?post=10"}],"version-history":[{"count":3,"href":"https:\/\/blog.espol.edu.ec\/grupo1flickr\/wp-json\/wp\/v2\/pages\/10\/revisions"}],"predecessor-version":[{"id":13,"href":"https:\/\/blog.espol.edu.ec\/grupo1flickr\/wp-json\/wp\/v2\/pages\/10\/revisions\/13"}],"wp:attachment":[{"href":"https:\/\/blog.espol.edu.ec\/grupo1flickr\/wp-json\/wp\/v2\/media?parent=10"}],"curies":[{"name":"wp","href":"https:\/\/api.w.org\/{rel}","templated":true}]}}