{"id":114,"date":"2009-11-12T19:25:11","date_gmt":"2009-11-13T00:25:11","guid":{"rendered":"http:\/\/blog.espol.edu.ec\/guerreroskyline\/?page_id=114"},"modified":"2009-11-12T19:36:26","modified_gmt":"2009-11-13T00:36:26","slug":"se-separa-aerosmith-aun-esta-en-duda","status":"publish","type":"page","link":"https:\/\/blog.espol.edu.ec\/guerreroskyline\/se-separa-aerosmith-aun-esta-en-duda\/","title":{"rendered":"\u00bfSe separar\u00e1 Aerosmith??"},"content":{"rendered":"<h1 class=\"article_title\"><a href=\"http:\/\/entretenimiento.latam.msn.com\/articulo_reuters.aspx?cp-documentid=22577383\">Futuro de Aerosmith a\u00fan est\u00e1 en duda pese a reuni\u00f3n<\/a><\/h1>\n<p>LOS ANGELES (Reuters) - El vocalista de Aerosmith Steven Tyler se uni\u00f3 en el escenario con Joe Perry en Nueva York para aclarar el futuro del conflictivo conjunto de rock. \"Nueva York, quiero que sepas que no dejo Aerosmith\", dijo Tyler a sus admiradores durante la noche del martes, en una aparici\u00f3n sorpresa en un concierto del proyecto solista de Perry, seg\u00fan reportes del sitio sobre m\u00fasica NME.com.<\/p>\n<p><img loading=\"lazy\" decoding=\"async\" class=\"aligncenter size-medium wp-image-120\" src=\"http:\/\/blog.espol.edu.ec\/guerreroskyline\/files\/2009\/11\/aerosmith-269x300.jpg\" alt=\"aerosmith\" width=\"269\" height=\"300\" srcset=\"https:\/\/blog.espol.edu.ec\/guerreroskyline\/files\/2009\/11\/aerosmith-269x300.jpg 269w, https:\/\/blog.espol.edu.ec\/guerreroskyline\/files\/2009\/11\/aerosmith.jpg 360w\" sizes=\"auto, (max-width: 269px) 100vw, 269px\" \/><\/p>\n","protected":false},"excerpt":{"rendered":"<p>Futuro de Aerosmith a\u00fan est\u00e1 en duda pese a reuni\u00f3n LOS ANGELES (Reuters) - El vocalista de Aerosmith Steven Tyler se uni\u00f3 en el escenario con Joe Perry en Nueva York para aclarar el futuro del conflictivo conjunto de rock. \"Nueva York, quiero que sepas que no dejo Aerosmith\", dijo Tyler a sus admiradores durante [&hellip;]<\/p>\n","protected":false},"author":3104,"featured_media":0,"parent":0,"menu_order":0,"comment_status":"open","ping_status":"open","template":"","meta":{"footnotes":""},"class_list":["post-114","page","type-page","status-publish","hentry"],"aioseo_notices":[],"_links":{"self":[{"href":"https:\/\/blog.espol.edu.ec\/guerreroskyline\/wp-json\/wp\/v2\/pages\/114","targetHints":{"allow":["GET"]}}],"collection":[{"href":"https:\/\/blog.espol.edu.ec\/guerreroskyline\/wp-json\/wp\/v2\/pages"}],"about":[{"href":"https:\/\/blog.espol.edu.ec\/guerreroskyline\/wp-json\/wp\/v2\/types\/page"}],"author":[{"embeddable":true,"href":"https:\/\/blog.espol.edu.ec\/guerreroskyline\/wp-json\/wp\/v2\/users\/3104"}],"replies":[{"embeddable":true,"href":"https:\/\/blog.espol.edu.ec\/guerreroskyline\/wp-json\/wp\/v2\/comments?post=114"}],"version-history":[{"count":6,"href":"https:\/\/blog.espol.edu.ec\/guerreroskyline\/wp-json\/wp\/v2\/pages\/114\/revisions"}],"predecessor-version":[{"id":118,"href":"https:\/\/blog.espol.edu.ec\/guerreroskyline\/wp-json\/wp\/v2\/pages\/114\/revisions\/118"}],"wp:attachment":[{"href":"https:\/\/blog.espol.edu.ec\/guerreroskyline\/wp-json\/wp\/v2\/media?parent=114"}],"curies":[{"name":"wp","href":"https:\/\/api.w.org\/{rel}","templated":true}]}}