{"id":119,"date":"2009-11-23T20:38:19","date_gmt":"2009-11-24T01:38:19","guid":{"rendered":"http:\/\/blog.espol.edu.ec\/hbejegue\/?page_id=119"},"modified":"2009-11-23T22:00:29","modified_gmt":"2009-11-24T03:00:29","slug":"salinas","status":"publish","type":"page","link":"https:\/\/blog.espol.edu.ec\/hbejegue\/salinas\/","title":{"rendered":"Salinas.."},"content":{"rendered":"<p><object width=\"445\" height=\"364\"><param name=\"movie\" value=\"http:\/\/www.youtube.com\/v\/e2IDw5lqjf0&amp;hl=es_ES&amp;fs=1&amp;color1=0x006699&amp;color2=0x54abd6&amp;border=1\"><\/param><param name=\"allowFullScreen\" value=\"true\"><\/param><param name=\"allowscriptaccess\" value=\"always\"><\/param><embed src=\"http:\/\/www.youtube.com\/v\/e2IDw5lqjf0&amp;hl=es_ES&amp;fs=1&amp;color1=0x006699&amp;color2=0x54abd6&amp;border=1\" type=\"application\/x-shockwave-flash\" width=\"445\" height=\"364\"><\/embed><\/object><\/p>\n<p>Salinas - Santa Elena<\/p>\n<p>Es sin duda el mayor atractivo tur\u00edstico de la Pen\u00ednsula de Santa Elena, donde la diversi\u00f3n, el entretenimiento, el descanso, la buena comida... todas las actividades est\u00e1n garantizadas durante todo el a\u00f1o.<br \/>\n<a href=\"http:\/\/www.flickr.com\/photos\/44728240@N02\/4120394414\/\" title=\"salinas\" target=\"_blank\" class=\"flickr-image aligncenter\" rel=\"flickr-mgr\"><img decoding=\"async\" src=\"http:\/\/farm3.static.flickr.com\/2545\/4120394414_a71f3488f3.jpg\" alt=\"salinas\" class=\"flickr-large\" \/><\/a><br \/>\nSe puede llegar por tierra, desde Guayaquil el viaje por carretera tiene una duraci\u00f3n de dos horas, aproximadamente, en transporte p\u00fablico; por mar en cruceros especializados, o por aire, en vuelo que desde Guayaquil tiene una duraci\u00f3n de 30 minutos, pues Salinas cuenta tambi\u00e9n con un aeropuerto dentro de las instalaciones de la Base Militar que all\u00ed se asienta.<\/p>\n<p>Lugar que no puede dejar de visitar en Salinas es el conocido como Chocolatera que est\u00e1 ubicado dentro de la Base Naval de Salinas, en la punta m\u00e1s saliente de la Pen\u00ednsula, y que constituye el segundo punt\u00f3 m\u00e1s saliente de la costa sudamericana. <\/p>\n","protected":false},"excerpt":{"rendered":"<p>Salinas - Santa Elena Es sin duda el mayor atractivo tur\u00edstico de la Pen\u00ednsula de Santa Elena, donde la diversi\u00f3n, el entretenimiento, el descanso, la buena comida... todas las actividades est\u00e1n garantizadas durante todo el a\u00f1o. Se puede llegar por tierra, desde Guayaquil el viaje por carretera tiene una duraci\u00f3n de dos horas, aproximadamente, en [&hellip;]<\/p>\n","protected":false},"author":3072,"featured_media":0,"parent":0,"menu_order":0,"comment_status":"open","ping_status":"open","template":"","meta":{"_monsterinsights_skip_tracking":false,"_monsterinsights_sitenote_active":false,"_monsterinsights_sitenote_note":"","_monsterinsights_sitenote_category":0,"footnotes":""},"class_list":["post-119","page","type-page","status-publish","hentry"],"_links":{"self":[{"href":"https:\/\/blog.espol.edu.ec\/hbejegue\/wp-json\/wp\/v2\/pages\/119","targetHints":{"allow":["GET"]}}],"collection":[{"href":"https:\/\/blog.espol.edu.ec\/hbejegue\/wp-json\/wp\/v2\/pages"}],"about":[{"href":"https:\/\/blog.espol.edu.ec\/hbejegue\/wp-json\/wp\/v2\/types\/page"}],"author":[{"embeddable":true,"href":"https:\/\/blog.espol.edu.ec\/hbejegue\/wp-json\/wp\/v2\/users\/3072"}],"replies":[{"embeddable":true,"href":"https:\/\/blog.espol.edu.ec\/hbejegue\/wp-json\/wp\/v2\/comments?post=119"}],"version-history":[{"count":6,"href":"https:\/\/blog.espol.edu.ec\/hbejegue\/wp-json\/wp\/v2\/pages\/119\/revisions"}],"predecessor-version":[{"id":122,"href":"https:\/\/blog.espol.edu.ec\/hbejegue\/wp-json\/wp\/v2\/pages\/119\/revisions\/122"}],"wp:attachment":[{"href":"https:\/\/blog.espol.edu.ec\/hbejegue\/wp-json\/wp\/v2\/media?parent=119"}],"curies":[{"name":"wp","href":"https:\/\/api.w.org\/{rel}","templated":true}]}}