{"id":50,"date":"2009-06-23T00:42:03","date_gmt":"2009-06-23T05:42:03","guid":{"rendered":"http:\/\/blog.espol.edu.ec\/hdocveintim\/?page_id=50"},"modified":"2009-06-23T00:42:03","modified_gmt":"2009-06-23T05:42:03","slug":"mision","status":"publish","type":"page","link":"https:\/\/blog.espol.edu.ec\/hdocveintim\/mision\/","title":{"rendered":"Mision"},"content":{"rendered":"<p><!--[if gte mso 9]&gt;  Normal 0   21   false false false  ES-EC X-NONE X-NONE                           &lt;![endif]--><!--[if gte mso 9]&gt;                                                                                                                                            &lt;![endif]--> <!--[if gte mso 10]&gt;-->  <!--[endif]--><\/p>\n<p class=\"MsoNormal\" style=\"text-align: justify\"><span style=\"font-size: 12pt\">Nuestra Misi\u00f3n es formar parte de la soluci\u00f3n ofertada, orient\u00e1ndonos al aprovechamiento de la Informaci\u00f3n; hacer que ella, convertida en conocimiento, sea un elemento clave para la capacidad de reacci\u00f3n, crecimiento y proyecci\u00f3n de su Organizaci\u00f3n; para esto contamos con la Tecnolog\u00eda como <span> <\/span>una herramienta, para que usted se pueda apoyar en ella a trav\u00e9s de mecanismos de diferente tipo.<\/span><\/p>\n","protected":false},"excerpt":{"rendered":"<p>Nuestra Misi\u00f3n es formar parte de la soluci\u00f3n ofertada, orient\u00e1ndonos al aprovechamiento de la Informaci\u00f3n; hacer que ella, convertida en conocimiento, sea un elemento clave para la capacidad de reacci\u00f3n, crecimiento y proyecci\u00f3n de su Organizaci\u00f3n; para esto contamos con la Tecnolog\u00eda como una herramienta, para que usted se pueda apoyar en ella a trav\u00e9s [&hellip;]<\/p>\n","protected":false},"author":1945,"featured_media":0,"parent":0,"menu_order":0,"comment_status":"open","ping_status":"open","template":"","meta":{"footnotes":""},"class_list":["post-50","page","type-page","status-publish","hentry"],"_links":{"self":[{"href":"https:\/\/blog.espol.edu.ec\/hdocveintim\/wp-json\/wp\/v2\/pages\/50","targetHints":{"allow":["GET"]}}],"collection":[{"href":"https:\/\/blog.espol.edu.ec\/hdocveintim\/wp-json\/wp\/v2\/pages"}],"about":[{"href":"https:\/\/blog.espol.edu.ec\/hdocveintim\/wp-json\/wp\/v2\/types\/page"}],"author":[{"embeddable":true,"href":"https:\/\/blog.espol.edu.ec\/hdocveintim\/wp-json\/wp\/v2\/users\/1945"}],"replies":[{"embeddable":true,"href":"https:\/\/blog.espol.edu.ec\/hdocveintim\/wp-json\/wp\/v2\/comments?post=50"}],"version-history":[{"count":1,"href":"https:\/\/blog.espol.edu.ec\/hdocveintim\/wp-json\/wp\/v2\/pages\/50\/revisions"}],"predecessor-version":[{"id":51,"href":"https:\/\/blog.espol.edu.ec\/hdocveintim\/wp-json\/wp\/v2\/pages\/50\/revisions\/51"}],"wp:attachment":[{"href":"https:\/\/blog.espol.edu.ec\/hdocveintim\/wp-json\/wp\/v2\/media?parent=50"}],"curies":[{"name":"wp","href":"https:\/\/api.w.org\/{rel}","templated":true}]}}