{"id":19,"date":"2010-06-11T19:57:16","date_gmt":"2010-06-11T19:57:16","guid":{"rendered":"http:\/\/blog.espol.edu.ec\/hjmoreno\/?page_id=19"},"modified":"2010-06-11T19:58:44","modified_gmt":"2010-06-11T19:58:44","slug":"cine","status":"publish","type":"page","link":"https:\/\/blog.espol.edu.ec\/hjmoreno\/cine\/","title":{"rendered":"CINE"},"content":{"rendered":"<h4><a href=\"http:\/\/blog.espol.edu.ec\/hjmoreno\/files\/2010\/06\/ImageHandler.ashx_.jpg\"><img loading=\"lazy\" decoding=\"async\" class=\"alignleft size-thumbnail wp-image-20\" title=\"ImageHandler.ashx\" src=\"http:\/\/blog.espol.edu.ec\/hjmoreno\/files\/2010\/06\/ImageHandler.ashx_-150x150.jpg\" alt=\"\" width=\"150\" height=\"150\" \/><\/a>SINOPSIS<\/h4>\n<p>Escalofriante historia de horror basada en un hecho real en la que una mujer ejemplar, madre de familia de siete hijos, ciudadana cat\u00f3lica y perfecta abanderada del sue\u00f1o americano; esconde detr\u00e1s de su m\u00e1scara de normalidad una mujer perversa, un ser humano enfermo capaz de guardar un grave secreto pues en el s\u00f3tano de su casa mantuvo oculta a una adolescente que fue v\u00edctima de torturas y abusos por mucho tiempo.<\/p>\n<p><strong>Idioma<\/strong>: Ingl\u00e9s Subtitulada al espa\u00f1ol<\/p>\n<p><strong>Duraci\u00f3n<\/strong>: 1h40min<\/p>\n<p><strong>Censura<\/strong>: 12 a\u00f1os<\/p>\n","protected":false},"excerpt":{"rendered":"<p>SINOPSIS Escalofriante historia de horror basada en un hecho real en la que una mujer ejemplar, madre de familia de siete hijos, ciudadana cat\u00f3lica y perfecta abanderada del sue\u00f1o americano; esconde detr\u00e1s de su m\u00e1scara de normalidad una mujer perversa, un ser humano enfermo capaz de guardar un grave secreto pues en el s\u00f3tano de [&hellip;]<\/p>\n","protected":false},"author":4401,"featured_media":0,"parent":0,"menu_order":0,"comment_status":"open","ping_status":"open","template":"","meta":{"footnotes":""},"class_list":["post-19","page","type-page","status-publish","hentry"],"_links":{"self":[{"href":"https:\/\/blog.espol.edu.ec\/hjmoreno\/wp-json\/wp\/v2\/pages\/19","targetHints":{"allow":["GET"]}}],"collection":[{"href":"https:\/\/blog.espol.edu.ec\/hjmoreno\/wp-json\/wp\/v2\/pages"}],"about":[{"href":"https:\/\/blog.espol.edu.ec\/hjmoreno\/wp-json\/wp\/v2\/types\/page"}],"author":[{"embeddable":true,"href":"https:\/\/blog.espol.edu.ec\/hjmoreno\/wp-json\/wp\/v2\/users\/4401"}],"replies":[{"embeddable":true,"href":"https:\/\/blog.espol.edu.ec\/hjmoreno\/wp-json\/wp\/v2\/comments?post=19"}],"version-history":[{"count":2,"href":"https:\/\/blog.espol.edu.ec\/hjmoreno\/wp-json\/wp\/v2\/pages\/19\/revisions"}],"predecessor-version":[{"id":23,"href":"https:\/\/blog.espol.edu.ec\/hjmoreno\/wp-json\/wp\/v2\/pages\/19\/revisions\/23"}],"wp:attachment":[{"href":"https:\/\/blog.espol.edu.ec\/hjmoreno\/wp-json\/wp\/v2\/media?parent=19"}],"curies":[{"name":"wp","href":"https:\/\/api.w.org\/{rel}","templated":true}]}}