{"id":125,"date":"2009-07-03T05:37:29","date_gmt":"2009-07-03T09:37:29","guid":{"rendered":"http:\/\/blog.espol.edu.ec\/hnoriega\/?page_id=125"},"modified":"2009-07-03T05:37:29","modified_gmt":"2009-07-03T09:37:29","slug":"historia-del-ecuador","status":"publish","type":"page","link":"https:\/\/blog.espol.edu.ec\/hnoriega\/historia-del-ecuador\/","title":{"rendered":"Historia del Ecuador"},"content":{"rendered":"<p>\u00a0<\/p>\n<p align=\"left\"><span style=\"font-size: x-small;font-family: verdana\"><strong>\u00bfSab\u00edas que...<\/strong><\/span><\/p>\n<p align=\"left\"><span style=\"font-family: verdana\"><span style=\"font-size: x-small\">El Oriente de Ecuador es la zona de la selva h\u00fameda, y en esa zona se encuentran los menores porcentajes de poblaci\u00f3n de todo el<\/span> <span style=\"font-size: x-small\">pa\u00eds? Pero a la vez es una regi\u00f3n a la que se le dedica especial atenci\u00f3n, para colonizarla.\u00a0 <\/span><\/span><\/p>\n<p align=\"left\"><span style=\"font-size: x-small;font-family: verdana\"><strong>\u00bfSab\u00edas que...<\/strong><\/span><\/p>\n<p align=\"left\"><span style=\"font-size: x-small;font-family: verdana\">\u00a0En esa zona se dedican a los cultivos de bananas, c\u00edtricos y caf\u00e9, as\u00ed como a la cr\u00eda del ganado y a la explotaci\u00f3n forestal?<\/span><\/p>\n<p align=\"left\"><span style=\"font-size: x-small;font-family: verdana\">\u00a0\u00bfY que en el lago Agrio, desde 1967, se extrae petr\u00f3leo, con lo que Ecuador se convirti\u00f3 en pa\u00eds exportador de crudo?<\/span><\/p>\n<p align=\"left\"><span style=\"font-size: x-small;font-family: verdana\"><strong>\u00bfSab\u00edas que...<\/strong><\/span><\/p>\n<p align=\"left\"><span style=\"font-size: x-small;font-family: verdana\">En la regi\u00f3n oriental, rodeados de selvas, se encuentran r\u00edos como el Napo ( que se observa en la imagen), el Paute, el Pastaza y el Zamora, que nacen en la cordillera y forman parte de la cuenca del Amazonas?<\/span><\/p>\n<p align=\"left\"><span style=\"font-size: x-small;font-family: verdana\"><strong>\u00bfSab\u00edas que...<\/strong><\/span><\/p>\n<p align=\"left\"><span style=\"font-size: x-small;font-family: verdana\">La llanura oriental forma parte del Amazonas?<\/span><\/p>\n<p align=\"left\"><span style=\"font-size: x-small;font-family: verdana\"><strong>\u00bfSab\u00edas que...<\/strong><br \/>\nel cacao es originario de Am\u00e9rica, y que Ecuador es uno de los pa\u00edses que ha tenido las mejores plantaciones<\/span><\/p>\n<p align=\"left\"><span style=\"font-size: x-small;font-family: verdana\"><strong>\u00bfSab\u00edas que...<\/strong><br \/>\n\u00a0 frente a las costas de Ecuador se encuentran las Islas Gal\u00e1pagos?<\/span><\/p>\n<p align=\"left\"><span style=\"font-size: x-small;font-family: verdana\"><strong>\u00bfY que...<\/strong><br \/>\nadem\u00e1s de las tortugas gigantes, se encuentran all\u00ed gran cantidad de iguanas?<\/span><\/p>\n<p align=\"left\"><span style=\"font-size: x-small;font-family: verdana\">En la imagen, tomada a contraluz a la hora del crep\u00fasculo, en la isla Fernandina, en Punta Espinosa, este grupo de iguanas semejan animales prehist\u00f3ricos.<\/span><\/p>\n<p align=\"left\"><span style=\"font-size: x-small;font-family: verdana\"><strong>\u00bfSab\u00edas que...<\/strong><\/span><\/p>\n<p align=\"left\"><span style=\"font-size: x-small;font-family: verdana\"><strong>\u00a0<\/strong>Cuenca fue declarada en el a\u00f1o 2000, patrimonio Cultural de la Humanidad?<\/span><\/p>\n<p align=\"left\"><span style=\"font-family: verdana\"><span style=\"font-size: x-small\"><strong>\u00bfSab\u00edas que...<\/strong><\/span> <\/span><\/p>\n<p align=\"left\"><span style=\"font-size: x-small;font-family: verdana\"><strong>\u00a0<\/strong>Cuenca es la ciudad Capital de la Provincia de Azuay, fundada el 12 de abril de 1557 por el espa\u00f1ol Gil Ram\u00edrez D\u00e1valos, y preserva un aspecto colonial al pie de los cerros, y esto le da un gran atractivo tur\u00edstico?<\/span><\/p>\n<p align=\"left\"><span style=\"font-size: x-small;font-family: verdana\"><strong>\u00bfSab\u00edas que...<\/strong><\/span><\/p>\n<p align=\"left\"><span style=\"font-size: x-small;font-family: verdana\">Dicen que Cuenca es una de las ciudades m\u00e1s religiosas del Ecuador?<br \/>\n\u00a0En la mayor\u00eda de las casas hay una peque\u00f1a cruz en la puerta o en el techo para protegerla por Dios, de los males.<\/span><\/p>\n<p align=\"left\"><span style=\"font-size: x-small;font-family: verdana\">\u00a0En unas pocas cuadras se pueden visitar doce Iglesias.<\/span><\/p>\n<p align=\"left\"><span style=\"font-family: verdana\"><span style=\"font-size: x-small\">\u00a0Los taxistas llevan cruces e im\u00e1genes de distintas v\u00edrgenes.<\/span><\/span><\/p>\n<p align=\"left\"><span style=\"font-size: x-small;font-family: verdana\">\u00a0En algunos comercios las empleadas atienden con un rosario en la mano, del que no se desprenden.<\/span><\/p>\n<p align=\"left\"><span style=\"font-family: verdana\"><span style=\"font-size: x-small\">\u00a0<strong>\u00bfSab\u00edas que...<\/strong><\/span><\/span><\/p>\n<p align=\"left\"><span style=\"font-size: x-small;font-family: verdana\"><strong>\u00a0<\/strong>A la par, existen muchas creencias, mitos y leyendas. En la Plaza de la Catedral, en pleno Centro Hist\u00f3rico, venden un sinf\u00edn de productos sanadores, yerbas, brevajes, ung\u00fcentos, y hasta el \"perro sanador\" de asma y los derivados del \u00e1rbol \"Sangre del Drag\u00f3n\", que dicen que puede curar de todo.<\/span><\/p>\n<p><span style=\"font-size: x-small;font-family: verdana\"><strong>\u00bfSab\u00edas que...<\/strong><\/span><\/p>\n<p><span style=\"font-size: x-small;font-family: verdana\">La monta\u00f1a m\u00e1s alta de Ecuador es el Volc\u00e1n Cayambe (5878 m).<\/span><\/p>\n<p><span style=\"font-size: x-small;color: #000080;font-family: verdana\">Muchas de las altas cumbres andinas son volc\u00e1nicas, como el Chimborazo (extinguido) y el Cotopaxi, de 5.943 metros. Este \u00faltimo, que en el s. XIX hizo violentas erupciones, es el m\u00e1s alto de la Tierra entre los volcanes activos del mundo. El Sangay es uno de los m\u00e1s activos del mundo.<\/span><\/p>\n<p><span style=\"font-size: x-small;color: #000080;font-family: verdana\"><\/p>\n<div id=\"attachment_127\" style=\"width: 410px\" class=\"wp-caption aligncenter\"><img loading=\"lazy\" decoding=\"async\" aria-describedby=\"caption-attachment-127\" class=\"size-full wp-image-127\" src=\"http:\/\/blog.espol.edu.ec\/hnoriega\/files\/2009\/07\/400px-flag_of_the_presidency_of_the_republic_of_ecuador_svg.png\" alt=\"Bandera de la Rep\u00fablica de Ecuador\" width=\"400\" height=\"400\" srcset=\"https:\/\/blog.espol.edu.ec\/hnoriega\/files\/2009\/07\/400px-flag_of_the_presidency_of_the_republic_of_ecuador_svg.png 400w, https:\/\/blog.espol.edu.ec\/hnoriega\/files\/2009\/07\/400px-flag_of_the_presidency_of_the_republic_of_ecuador_svg-150x150.png 150w, https:\/\/blog.espol.edu.ec\/hnoriega\/files\/2009\/07\/400px-flag_of_the_presidency_of_the_republic_of_ecuador_svg-300x300.png 300w\" sizes=\"auto, (max-width: 400px) 100vw, 400px\" \/><p id=\"caption-attachment-127\" class=\"wp-caption-text\">Bandera de la Rep\u00fablica de Ecuador<\/p><\/div>\n<p><\/span><\/p>\n<p><span style=\"font-size: x-small;color: #000080;font-family: verdana\">El volc\u00e1n extinguido Chimborazo, de 6267 metros, es el monte m\u00e1s elevado del pa\u00eds . Los volcanes de esta regi\u00f3n son m\u00e1s de treinta, entre ellos se pueden citar: el Cayambe, otro de los volcanes m\u00e1s espectaculares del Ecuador en plena latitud 0\u00ba0'0'' en la Cordillera central, con 5790 metros; el Pululahua, la \u00fanica caldera poblada de un volc\u00e1n activo en el mundo; el Altar o C\u00e1pac Urcu, en la Cordillera Central, de 5.320 metros; el Sumaco, en la Cordillera Oriental, de 3.900 metros; el Pichincha de 4.787 metros, en cuyas faldas se libr\u00f3 la celebre batalla del 24 de mayo de 1822, ganada por Sucre a las fuerzas realistas acaudilladas por Aymerich; el Tungurahua, ubicado en la Cordillera Central, de 5.005 metros de altura, el Sangay, tambi\u00e9n en la Cordillera Central, con 5230 metros de altitud.<\/span><\/p>\n","protected":false},"excerpt":{"rendered":"<p>\u00a0 \u00bfSab\u00edas que... El Oriente de Ecuador es la zona de la selva h\u00fameda, y en esa zona se encuentran los menores porcentajes de poblaci\u00f3n de todo el pa\u00eds? Pero a la vez es una regi\u00f3n a la que se le dedica especial atenci\u00f3n, para colonizarla.\u00a0 \u00bfSab\u00edas que... \u00a0En esa zona se dedican a los [&hellip;]<\/p>\n","protected":false},"author":1692,"featured_media":0,"parent":0,"menu_order":0,"comment_status":"open","ping_status":"open","template":"","meta":{"footnotes":""},"class_list":["post-125","page","type-page","status-publish","hentry"],"_links":{"self":[{"href":"https:\/\/blog.espol.edu.ec\/hnoriega\/wp-json\/wp\/v2\/pages\/125","targetHints":{"allow":["GET"]}}],"collection":[{"href":"https:\/\/blog.espol.edu.ec\/hnoriega\/wp-json\/wp\/v2\/pages"}],"about":[{"href":"https:\/\/blog.espol.edu.ec\/hnoriega\/wp-json\/wp\/v2\/types\/page"}],"author":[{"embeddable":true,"href":"https:\/\/blog.espol.edu.ec\/hnoriega\/wp-json\/wp\/v2\/users\/1692"}],"replies":[{"embeddable":true,"href":"https:\/\/blog.espol.edu.ec\/hnoriega\/wp-json\/wp\/v2\/comments?post=125"}],"version-history":[{"count":3,"href":"https:\/\/blog.espol.edu.ec\/hnoriega\/wp-json\/wp\/v2\/pages\/125\/revisions"}],"predecessor-version":[{"id":129,"href":"https:\/\/blog.espol.edu.ec\/hnoriega\/wp-json\/wp\/v2\/pages\/125\/revisions\/129"}],"wp:attachment":[{"href":"https:\/\/blog.espol.edu.ec\/hnoriega\/wp-json\/wp\/v2\/media?parent=125"}],"curies":[{"name":"wp","href":"https:\/\/api.w.org\/{rel}","templated":true}]}}