{"id":130,"date":"2009-07-03T05:46:00","date_gmt":"2009-07-03T09:46:00","guid":{"rendered":"http:\/\/blog.espol.edu.ec\/hnoriega\/?page_id=130"},"modified":"2009-07-03T06:20:36","modified_gmt":"2009-07-03T10:20:36","slug":"quimica","status":"publish","type":"page","link":"https:\/\/blog.espol.edu.ec\/hnoriega\/quimica\/","title":{"rendered":"Las Ciencias"},"content":{"rendered":"<p style=\"text-align: left\"><strong><em><span style=\"text-decoration: line-through\"><span style=\"color: #ff0000\">QU\u00cdMICA<\/span><\/span><\/em><\/strong><\/p>\n<blockquote>\n<p style=\"text-align: center\"><strong><em>EJERCICIOS SOBRE MOLARIDAD<\/em><\/strong><\/p>\n<\/blockquote>\n<p>Aqu\u00ed adjunto un video sobre una serie de ejercicios de Molaridad de sustancias.........<\/p>\n<p style=\"text-align: center\"><object width=\"425\" height=\"344\" data=\"http:\/\/www.youtube.com\/v\/Y-9-ar7dpYM&amp;hl=es&amp;fs=1&amp;\" type=\"application\/x-shockwave-flash\"><param name=\"allowFullScreen\" value=\"true\" \/><param name=\"allowscriptaccess\" value=\"always\" \/><param name=\"src\" value=\"http:\/\/www.youtube.com\/v\/Y-9-ar7dpYM&amp;hl=es&amp;fs=1&amp;\" \/><\/object><\/p>\n<p><!--more--><\/p>\n<p style=\"text-align: center\"><strong><em>PREPARACI\u00d3N DE SOLUCIONES<\/em><\/strong><\/p>\n<p style=\"text-align: center\">\u00a0<\/p>\n<p>En este video se muestra como cambia a color anaranjado una soluci\u00f3n de con 0.1 gramos de Na2CO3, 5 gotas de anaranjado de metilo, y 50 ml de agua destilada. Para que esta soluci\u00f3n obtuviera dicho color se le agreg\u00f3 cierta cantidad de ml de soluci\u00f3n HCl 0.1 M<\/p>\n<p style=\"text-align: center\"><object width=\"425\" height=\"344\" data=\"http:\/\/www.youtube.com\/v\/a2HfQ2HPfX8&amp;hl=es&amp;fs=1&amp;\" type=\"application\/x-shockwave-flash\"><param name=\"allowFullScreen\" value=\"true\" \/><param name=\"allowscriptaccess\" value=\"always\" \/><param name=\"src\" value=\"http:\/\/www.youtube.com\/v\/a2HfQ2HPfX8&amp;hl=es&amp;fs=1&amp;\" \/><param name=\"allowfullscreen\" value=\"true\" \/><\/object><\/p>\n<p style=\"text-align: center\"><!--more--><\/p>\n<p style=\"text-align: center\"><strong><em>CALDERAS DE CONDENSACI\u00d3N<\/em><\/strong>\u00a0<\/p>\n<p style=\"text-align: center\">\u00a0<\/p>\n<p>A continuaci\u00f3n adjunto un video sobre las calderas de condensaci\u00f3n y las normas de calidad que deben tener.... Especialmente para el cuidado del medio ambiente<\/p>\n<p style=\"text-align: center\"><object width=\"425\" height=\"344\" data=\"http:\/\/www.youtube.com\/v\/rJ836p4Z-t4&amp;hl=es&amp;fs=1&amp;\" type=\"application\/x-shockwave-flash\"><param name=\"allowFullScreen\" value=\"true\" \/><param name=\"allowscriptaccess\" value=\"always\" \/><param name=\"src\" value=\"http:\/\/www.youtube.com\/v\/rJ836p4Z-t4&amp;hl=es&amp;fs=1&amp;\" \/><param name=\"allowfullscreen\" value=\"true\" \/><\/object><\/p>\n<p style=\"text-align: center\"><!--more--><\/p>\n<p style=\"text-align: center\"><strong>Aqu\u00ed unas diapositivas de las Ciencias, espero que sean de su agrado<\/strong><\/p>\n<p><strong>Uso del Bar\u00f3metro<\/strong><\/p>\n<div id=\"__ss_1677838\" style=\"width: 425px;text-align: left\"><a title=\"Bar\u00f3Metro  Uso\" href=\"http:\/\/www.slideshare.net\/Holguercito\/barmetro-uso\">Bar\u00f3Metro Uso<\/a><object width=\"425\" height=\"355\" data=\"http:\/\/static.slidesharecdn.com\/swf\/ssplayer2.swf?doc=barmetro-uso-090703045801-phpapp02&amp;stripped_title=barmetro-uso\" type=\"application\/x-shockwave-flash\"><param name=\"allowFullScreen\" value=\"true\" \/><param name=\"allowScriptAccess\" value=\"always\" \/><param name=\"src\" value=\"http:\/\/static.slidesharecdn.com\/swf\/ssplayer2.swf?doc=barmetro-uso-090703045801-phpapp02&amp;stripped_title=barmetro-uso\" \/><param name=\"allowfullscreen\" value=\"true\" \/><\/object><\/div>\n<div style=\"font-size: 11px;padding-top: 2px;font-family: tahoma,arial;height: 26px\">View more <a href=\"http:\/\/www.slideshare.net\/\">documents<\/a> from <a href=\"http:\/\/www.slideshare.net\/Holguercito\">Holguercito<\/a>.<\/div>\n<p>\u00a0<\/p>\n<p><strong>Clorato de Potasio<\/strong><\/p>\n<div id=\"__ss_1677842\" style=\"width: 425px;text-align: left\"><a title=\"Clorato Potasio\" href=\"http:\/\/www.slideshare.net\/Holguercito\/clorato-potasio\">Clorato Potasio<\/a><object width=\"425\" height=\"355\" data=\"http:\/\/static.slidesharecdn.com\/swf\/ssplayer2.swf?doc=cloratopotasio-090703050015-phpapp02&amp;stripped_title=clorato-potasio\" type=\"application\/x-shockwave-flash\"><param name=\"allowFullScreen\" value=\"true\" \/><param name=\"allowScriptAccess\" value=\"always\" \/><param name=\"src\" value=\"http:\/\/static.slidesharecdn.com\/swf\/ssplayer2.swf?doc=cloratopotasio-090703050015-phpapp02&amp;stripped_title=clorato-potasio\" \/><param name=\"allowfullscreen\" value=\"true\" \/><\/object><\/div>\n<div style=\"font-size: 11px;padding-top: 2px;font-family: tahoma,arial;height: 26px\">View more <a href=\"http:\/\/www.slideshare.net\/\">documents<\/a> from <a href=\"http:\/\/www.slideshare.net\/Holguercito\">Holguercito<\/a>.<\/div>\n<p>\u00a0<\/p>\n<p><strong>Seguridad El\u00e9ctrica<\/strong><\/p>\n<div id=\"__ss_1677843\" style=\"width: 425px;text-align: left\"><a title=\"Seguridad El\u00e9Ctrica Dom\u00e9Stica\" href=\"http:\/\/www.slideshare.net\/Holguercito\/seguridad-elctrica-domstica\">Seguridad El\u00e9Ctrica Dom\u00e9Stica<\/a><object width=\"425\" height=\"355\" data=\"http:\/\/static.slidesharecdn.com\/swf\/ssplayer2.swf?doc=seguridadelctricadomstica-090703050037-phpapp02&amp;stripped_title=seguridad-elctrica-domstica\" type=\"application\/x-shockwave-flash\"><param name=\"allowFullScreen\" value=\"true\" \/><param name=\"allowScriptAccess\" value=\"always\" \/><param name=\"src\" value=\"http:\/\/static.slidesharecdn.com\/swf\/ssplayer2.swf?doc=seguridadelctricadomstica-090703050037-phpapp02&amp;stripped_title=seguridad-elctrica-domstica\" \/><param name=\"allowfullscreen\" value=\"true\" \/><\/object><\/div>\n<div style=\"font-size: 11px;padding-top: 2px;font-family: tahoma,arial;height: 26px\">View more <a href=\"http:\/\/www.slideshare.net\/\">documents<\/a> from <a href=\"http:\/\/www.slideshare.net\/Holguercito\">Holguercito<\/a>.<\/div>\n<p>\u00a0<\/p>\n<p><strong>Inducci\u00f3n Electromagn\u00e9tica<\/strong><\/p>\n<div id=\"__ss_1677841\" style=\"width: 425px;text-align: left\"><a title=\"Inducci\u00f3N Electromagn\u00e8Tica\" href=\"http:\/\/www.slideshare.net\/Holguercito\/induccin-electromagntica\">Inducci\u00f3N Electromagn\u00e8Tica<\/a><object width=\"425\" height=\"355\" data=\"http:\/\/static.slidesharecdn.com\/swf\/ssplayer2.swf?doc=induccinelectromagntica-090703045918-phpapp01&amp;stripped_title=induccin-electromagntica\" type=\"application\/x-shockwave-flash\"><param name=\"allowFullScreen\" value=\"true\" \/><param name=\"allowScriptAccess\" value=\"always\" \/><param name=\"src\" value=\"http:\/\/static.slidesharecdn.com\/swf\/ssplayer2.swf?doc=induccinelectromagntica-090703045918-phpapp01&amp;stripped_title=induccin-electromagntica\" \/><param name=\"allowfullscreen\" value=\"true\" \/><\/object><\/p>\n<div style=\"font-size: 11px;padding-top: 2px;font-family: tahoma,arial;height: 26px\">View more <a href=\"http:\/\/www.slideshare.net\/\">documents<\/a> from <a href=\"http:\/\/www.slideshare.net\/Holguercito\">Holguercito<\/a>.<\/div>\n<\/div>\n","protected":false},"excerpt":{"rendered":"<p>QU\u00cdMICA EJERCICIOS SOBRE MOLARIDAD Aqu\u00ed adjunto un video sobre una serie de ejercicios de Molaridad de sustancias.........<\/p>\n","protected":false},"author":1692,"featured_media":0,"parent":0,"menu_order":0,"comment_status":"open","ping_status":"open","template":"","meta":{"footnotes":""},"class_list":["post-130","page","type-page","status-publish","hentry"],"_links":{"self":[{"href":"https:\/\/blog.espol.edu.ec\/hnoriega\/wp-json\/wp\/v2\/pages\/130","targetHints":{"allow":["GET"]}}],"collection":[{"href":"https:\/\/blog.espol.edu.ec\/hnoriega\/wp-json\/wp\/v2\/pages"}],"about":[{"href":"https:\/\/blog.espol.edu.ec\/hnoriega\/wp-json\/wp\/v2\/types\/page"}],"author":[{"embeddable":true,"href":"https:\/\/blog.espol.edu.ec\/hnoriega\/wp-json\/wp\/v2\/users\/1692"}],"replies":[{"embeddable":true,"href":"https:\/\/blog.espol.edu.ec\/hnoriega\/wp-json\/wp\/v2\/comments?post=130"}],"version-history":[{"count":4,"href":"https:\/\/blog.espol.edu.ec\/hnoriega\/wp-json\/wp\/v2\/pages\/130\/revisions"}],"predecessor-version":[{"id":133,"href":"https:\/\/blog.espol.edu.ec\/hnoriega\/wp-json\/wp\/v2\/pages\/130\/revisions\/133"}],"wp:attachment":[{"href":"https:\/\/blog.espol.edu.ec\/hnoriega\/wp-json\/wp\/v2\/media?parent=130"}],"curies":[{"name":"wp","href":"https:\/\/api.w.org\/{rel}","templated":true}]}}