{"id":50,"date":"2010-06-21T09:45:55","date_gmt":"2010-06-21T14:45:55","guid":{"rendered":"http:\/\/blog.espol.edu.ec\/igmolope\/slideshare\/"},"modified":"2010-06-21T10:03:36","modified_gmt":"2010-06-21T15:03:36","slug":"slideshare","status":"publish","type":"page","link":"https:\/\/blog.espol.edu.ec\/igmolope\/slideshare\/","title":{"rendered":"Slideshare"},"content":{"rendered":"<div id=\"__ss_31979\" style=\"width: 425px\"><strong><a title=\"Introducing Web 2.0 concepts\" href=\"http:\/\/www.slideshare.net\/jlewis\/introducing-web-20-concepts\">Introducing Web 2.0 concepts<\/a><\/strong><\/div>\n<div style=\"padding: 5px 0 12px\">View more <a href=\"http:\/\/www.slideshare.net\/\">presentations<\/a> from <a href=\"http:\/\/www.slideshare.net\/jlewis\">John Lewis<\/a>.<\/div>\n<p style=\"text-align: center\"><object classid=\"clsid:d27cdb6e-ae6d-11cf-96b8-444553540000\" width=\"425\" height=\"355\"><param name=\"src\" value=\"http:\/\/static.slidesharecdn.com\/swf\/ssplayer2.swf?doc=introducing-web-20-concepts-22220&amp;stripped_title=introducing-web-20-concepts\" \/><param name=\"allowfullscreen\" value=\"true\" \/><embed type=\"application\/x-shockwave-flash\" width=\"425\" height=\"355\" src=\"http:\/\/static.slidesharecdn.com\/swf\/ssplayer2.swf?doc=introducing-web-20-concepts-22220&amp;stripped_title=introducing-web-20-concepts\" allowfullscreen=\"true\"><\/embed><\/object><\/p>\n<p style=\"text-align: justify\">\u00a0<\/p>\n<p style=\"text-align: justify\">Seg\u00fan mi opini\u00f3n, SlideShare es la mejor herramienta disponible \u2013compatible con WordPress\u2013 para crear una presentaci\u00f3n, un <em>slideshow<\/em>.<\/p>\n<p style=\"text-align: justify\">El formato (tiene la opci\u00f3n de verse en pantalla completa, clicando \u201cfull\u201d en la barra de men\u00fa debajo de la presentaci\u00f3n), la flexibilidad y, definitivamente, el resultado final compensan lo trabajoso que puede resultar, al menos al principio, crear una presentaci\u00f3n pr\u00e1cticamente profesional. Para muestra, el bot\u00f3n que acaban de ver. [Mil gracias a Milla por su ayuda con el dise\u00f1o\/montaje].Por la rapidez con que quise publicar esta entrada.<\/p>\n","protected":false},"excerpt":{"rendered":"<p>Introducing Web 2.0 concepts View more presentations from John Lewis. \u00a0 Seg\u00fan mi opini\u00f3n, SlideShare es la mejor herramienta disponible \u2013compatible con WordPress\u2013 para crear una presentaci\u00f3n, un slideshow. El formato (tiene la opci\u00f3n de verse en pantalla completa, clicando \u201cfull\u201d en la barra de men\u00fa debajo de la presentaci\u00f3n), la flexibilidad y, definitivamente, el [&hellip;]<\/p>\n","protected":false},"author":4425,"featured_media":0,"parent":0,"menu_order":0,"comment_status":"open","ping_status":"open","template":"","meta":{"footnotes":""},"class_list":["post-50","page","type-page","status-publish","hentry"],"_links":{"self":[{"href":"https:\/\/blog.espol.edu.ec\/igmolope\/wp-json\/wp\/v2\/pages\/50","targetHints":{"allow":["GET"]}}],"collection":[{"href":"https:\/\/blog.espol.edu.ec\/igmolope\/wp-json\/wp\/v2\/pages"}],"about":[{"href":"https:\/\/blog.espol.edu.ec\/igmolope\/wp-json\/wp\/v2\/types\/page"}],"author":[{"embeddable":true,"href":"https:\/\/blog.espol.edu.ec\/igmolope\/wp-json\/wp\/v2\/users\/4425"}],"replies":[{"embeddable":true,"href":"https:\/\/blog.espol.edu.ec\/igmolope\/wp-json\/wp\/v2\/comments?post=50"}],"version-history":[{"count":6,"href":"https:\/\/blog.espol.edu.ec\/igmolope\/wp-json\/wp\/v2\/pages\/50\/revisions"}],"predecessor-version":[{"id":51,"href":"https:\/\/blog.espol.edu.ec\/igmolope\/wp-json\/wp\/v2\/pages\/50\/revisions\/51"}],"wp:attachment":[{"href":"https:\/\/blog.espol.edu.ec\/igmolope\/wp-json\/wp\/v2\/media?parent=50"}],"curies":[{"name":"wp","href":"https:\/\/api.w.org\/{rel}","templated":true}]}}