{"id":54,"date":"2015-06-01T03:51:12","date_gmt":"2015-06-01T03:51:12","guid":{"rendered":"http:\/\/blog.espol.edu.ec\/ilgallo\/?page_id=54"},"modified":"2015-06-01T03:51:12","modified_gmt":"2015-06-01T03:51:12","slug":"los-dorados-90","status":"publish","type":"page","link":"https:\/\/blog.espol.edu.ec\/ilgallo\/los-dorados-90\/","title":{"rendered":"LOS DORADOS 90"},"content":{"rendered":"<p style=\"text-align: center\"><em>Al igual que los a\u00f1os 80, los 90 comenzaron con mucho glamour, sobre todo por las Top Models, que hicieron un granaporte convirti\u00e9ndose en estrellas y las idolatraban como si fueran diosas. <\/em><br \/>\n<em>En los 90 las mujeres estaban agobiadas de las exigencias de las poderosas \u201cmujeres trabajadoras\u201d y comenzaron a pensar que para obtener buenos resultados deb\u00edan ser altas , esbeltas y seductoras. <\/em><br \/>\n<em>Muchas chicas j\u00f3venes rechazaban el estilo de trabajo duro de sus madres y prefirieron pasarla bien con una peque\u00f1a carrera profesional. <\/em><br \/>\n<em>Una \u00e9poca de crisis que no pod\u00eda ofrecer demasiado dejo de lado tambi\u00e9n a las supermodelos que resultaban sumamente caras y para una quebrada industria textil. <\/em><br \/>\n<em>Pronto comenz\u00f3 a surgir una contracorriente: hab\u00eda arribado el Grunge, que mostraba un fen\u00f3meno antimoda, con mujeres desali\u00f1adas y mal combinadas. Este movimiento duro poco, pero sin embargo el desconstructivismo perduro en la moda. <\/em><br \/>\n<em>Luego de esto la frescura natural regreso a la moda. Las mujeres deb\u00edan lucir tan naturales como cuando reci\u00e9n sal\u00edan de la ducha, el aspecto discreto era el mas aceptado. <\/em><br \/>\n<em>En los 90, la moda se volvi\u00f3 casual. La gente estaba cansada de la producci\u00f3n y entr\u00f3 en un tiempo de relajaci\u00f3n. Las demandas de la era moderna llevaron a las personas a sentir m\u00e1s vagancia, tal vez, al momento de hacer otras cosas como producirse. Por esta raz\u00f3n la moda de 1990 es muy caracter\u00edstica y podemos identificar los 90 con tanta claridad. Sin embargo, la moda de los 90 se basaba en la variedad y no en una tendencia espec\u00edfica y duradera. <\/em><br \/>\n<em>Esta necesidad de volverse casual ten\u00eda que ver con la necesidad de expresar nuestra individualidad. Despu\u00e9s de muchos a\u00f1os de tendencias y modas, la gente lleg\u00f3 a la conclusi\u00f3n de que no se estaban expresando con libertad. La moda de 1990 se trata de ponerse lo que te haga sentir c\u00f3modo, sin darle mucha importancia a la opini\u00f3n de los dem\u00e1s o a las tendencias. La ropa casual se convirti\u00f3 as\u00ed en la moda de los 90, y, aunque suene ir\u00f3nico, si te produc\u00edas mucho o usabas mucho maquillaje, estabas fuera de moda. <\/em><br \/>\n<em>Sin embargo, a mediados de la d\u00e9cada, la gente comenz\u00f3 a preocuparse mucho por expresar su individualidad y se olvid\u00f3 de la ropa casual. Una vez m\u00e1s nuevos dise\u00f1os exc\u00e9ntricos comenzaron a aparecer y la moda de 1990 sufri\u00f3 nuevas modificaciones. Los piercings, tatuajes, tintura de pelo fueron las nuevas tendencias, muy comunes de la moda de 1990.<\/em><\/p>\n<p style=\"text-align: center\"><a href=\"http:\/\/blog.espol.edu.ec\/ilgallo\/files\/2015\/05\/03-e14090681464261.jpg\"><img loading=\"lazy\" decoding=\"async\" class=\"aligncenter size-medium wp-image-26\" src=\"http:\/\/blog.espol.edu.ec\/ilgallo\/files\/2015\/05\/03-e14090681464261-225x300.jpg\" alt=\"03-e1409068146426\" width=\"225\" height=\"300\" srcset=\"https:\/\/blog.espol.edu.ec\/ilgallo\/files\/2015\/05\/03-e14090681464261-225x300.jpg 225w, https:\/\/blog.espol.edu.ec\/ilgallo\/files\/2015\/05\/03-e14090681464261.jpg 629w\" sizes=\"auto, (max-width: 225px) 100vw, 225px\" \/><\/a><\/p>\n<h1>LOOK A\u00d1OS 90<\/h1>\n<div class=\"articleBody\">\n<p>En la d\u00e9cada de los 90 se mostr\u00f3 un culto elevado a la moda y la est\u00e9tica. Los looks estaban basados en cabellos con mucho volumen, en maquillajes muy marcados y en indumentarias muy femeninas.<\/p>\n<h2><strong>MODA EN LOS A\u00d1OS 90<\/strong><\/h2>\n<p>Resaltaban los zapatos de tac\u00f3n de aguja, las blusas y americanas anchas, los jeans de talle alto y los pantalones tipo piratas.<\/p>\n<p>En los 90 se mezclaron muchas tendencias diferentes y la moda la marcaron reconocidas Top Models como: Claudia Shiffer, Naomi Campbell, Linda Evangelista, Elle McPherson\u2026<\/p>\n<p>Destaca el minimalismo, la sencillez y se rechaza la ostentaci\u00f3n vivida en <a href=\"http:\/\/www.loreal-paris.es\/tendencias\/maquillaje\/anos-80.aspx\">los a\u00f1os 80<\/a>, as\u00ed como las imposiciones del mercado.<\/p>\n<h2><strong>PEINADOS DE LOS A\u00d1OS 90<\/strong><\/h2>\n<p>Los peinados de los noventa se parecieron bastante a los de <a href=\"http:\/\/www.loreal-paris.es\/tendencias\/maquillaje\/anos-70.aspx\">los a\u00f1os setenta<\/a>, con sus sprays y su voluptuosidad. En esta \u00e9poca, se produjo una gran diversificaci\u00f3n y la gente intent\u00f3 peinarse mucho m\u00e1s \"casual\", por lo que es dif\u00edcil decir cu\u00e1l era la tendencia por excelencia en cuanto a pelo y cabello.<\/p>\n<p>Aun as\u00ed, la duda entre el <a href=\"http:\/\/www.loreal-paris.es\/tendencias\/peinados\/pelo-suelto-recogido.aspx\">pelo suelto o recogido<\/a> se decidi\u00f3 a favor del primero. Gustaba m\u00e1s si se llevaba rizado, muy largo y con mucho mucho volumen. Las novias lo sol\u00edan llevar as\u00ed en sus bodas, ya que el cabello ca\u00eda sobre los hombros y quedaba muy bien en contraste con el vestido blanco. Por eso, \u00e9ste es el peinado que debes lucir si necesitas un estilo noventero, pero no es lo \u00fanico que te hace falta.<\/p>\n<p>Si quieres crear un look inspirado en los a\u00f1os 90, sigue paso a paso c\u00f3mo obtener este maquillaje tan femenino y f\u00e1cil de combinar.<\/p>\n<p><a href=\"http:\/\/blog.espol.edu.ec\/ilgallo\/files\/2015\/06\/user1632_1154134920.jpg\"><img loading=\"lazy\" decoding=\"async\" class=\"alignleft size-medium wp-image-55\" src=\"http:\/\/blog.espol.edu.ec\/ilgallo\/files\/2015\/06\/user1632_1154134920-300x253.jpg\" alt=\"user1632_1154134920\" width=\"300\" height=\"253\" srcset=\"https:\/\/blog.espol.edu.ec\/ilgallo\/files\/2015\/06\/user1632_1154134920-300x253.jpg 300w, https:\/\/blog.espol.edu.ec\/ilgallo\/files\/2015\/06\/user1632_1154134920.jpg 400w\" sizes=\"auto, (max-width: 300px) 100vw, 300px\" \/><\/a><a href=\"http:\/\/blog.espol.edu.ec\/ilgallo\/files\/2015\/06\/enhanced-buzz-30717-1257352622-2.jpg\"><img loading=\"lazy\" decoding=\"async\" class=\"alignleft size-medium wp-image-56\" src=\"http:\/\/blog.espol.edu.ec\/ilgallo\/files\/2015\/06\/enhanced-buzz-30717-1257352622-2-216x300.jpg\" alt=\"enhanced-buzz-30717-1257352622-2\" width=\"216\" height=\"300\" srcset=\"https:\/\/blog.espol.edu.ec\/ilgallo\/files\/2015\/06\/enhanced-buzz-30717-1257352622-2-216x300.jpg 216w, https:\/\/blog.espol.edu.ec\/ilgallo\/files\/2015\/06\/enhanced-buzz-30717-1257352622-2.jpg 500w\" sizes=\"auto, (max-width: 216px) 100vw, 216px\" \/><\/a><a href=\"http:\/\/blog.espol.edu.ec\/ilgallo\/files\/2015\/06\/2890649750_bf759075cb.jpg\"><img loading=\"lazy\" decoding=\"async\" class=\"alignleft size-medium wp-image-57\" src=\"http:\/\/blog.espol.edu.ec\/ilgallo\/files\/2015\/06\/2890649750_bf759075cb-300x253.jpg\" alt=\"2890649750_bf759075cb\" width=\"300\" height=\"253\" srcset=\"https:\/\/blog.espol.edu.ec\/ilgallo\/files\/2015\/06\/2890649750_bf759075cb-300x253.jpg 300w, https:\/\/blog.espol.edu.ec\/ilgallo\/files\/2015\/06\/2890649750_bf759075cb.jpg 500w\" sizes=\"auto, (max-width: 300px) 100vw, 300px\" \/><\/a><\/p>\n<\/div>\n","protected":false},"excerpt":{"rendered":"<p>Al igual que los a\u00f1os 80, los 90 comenzaron con mucho glamour, sobre todo por las Top Models, que hicieron un granaporte convirti\u00e9ndose en estrellas y las idolatraban como si fueran diosas. En los 90 las mujeres estaban agobiadas de las exigencias de las poderosas \u201cmujeres trabajadoras\u201d y comenzaron a pensar que para obtener buenos [&hellip;]<\/p>\n","protected":false},"author":9640,"featured_media":0,"parent":0,"menu_order":0,"comment_status":"open","ping_status":"open","template":"","meta":{"footnotes":""},"class_list":["post-54","page","type-page","status-publish","hentry"],"_links":{"self":[{"href":"https:\/\/blog.espol.edu.ec\/ilgallo\/wp-json\/wp\/v2\/pages\/54","targetHints":{"allow":["GET"]}}],"collection":[{"href":"https:\/\/blog.espol.edu.ec\/ilgallo\/wp-json\/wp\/v2\/pages"}],"about":[{"href":"https:\/\/blog.espol.edu.ec\/ilgallo\/wp-json\/wp\/v2\/types\/page"}],"author":[{"embeddable":true,"href":"https:\/\/blog.espol.edu.ec\/ilgallo\/wp-json\/wp\/v2\/users\/9640"}],"replies":[{"embeddable":true,"href":"https:\/\/blog.espol.edu.ec\/ilgallo\/wp-json\/wp\/v2\/comments?post=54"}],"version-history":[{"count":1,"href":"https:\/\/blog.espol.edu.ec\/ilgallo\/wp-json\/wp\/v2\/pages\/54\/revisions"}],"predecessor-version":[{"id":58,"href":"https:\/\/blog.espol.edu.ec\/ilgallo\/wp-json\/wp\/v2\/pages\/54\/revisions\/58"}],"wp:attachment":[{"href":"https:\/\/blog.espol.edu.ec\/ilgallo\/wp-json\/wp\/v2\/media?parent=54"}],"curies":[{"name":"wp","href":"https:\/\/api.w.org\/{rel}","templated":true}]}}