{"id":153,"date":"2020-05-05T13:21:25","date_gmt":"2020-05-05T13:21:25","guid":{"rendered":"http:\/\/blog.espol.edu.ec\/imancero\/?page_id=153"},"modified":"2026-04-24T01:27:13","modified_gmt":"2026-04-24T06:27:13","slug":"153-2","status":"publish","type":"page","link":"https:\/\/blog.espol.edu.ec\/imancero\/teaching\/153-2\/","title":{"rendered":"\"Aj\u00e1!\" - Parque de la Ciencia"},"content":{"rendered":"\n<p><br><br><img loading=\"lazy\" decoding=\"async\" width=\"300\" height=\"159\" class=\"alignnone wp-image-157 \" src=\"http:\/\/blog.espol.edu.ec\/imancero\/files\/2020\/05\/aja1.jpg\" alt=\"\" srcset=\"https:\/\/blog.espol.edu.ec\/imancero\/files\/2020\/05\/aja1.jpg 640w, https:\/\/blog.espol.edu.ec\/imancero\/files\/2020\/05\/aja1-300x159.jpg 300w\" sizes=\"auto, (max-width: 300px) 100vw, 300px\" \/><\/p>\n\n\n\n<ul class=\"wp-block-list\">\n<li>VIII Semillero de cient\u00edficos e ingenieros<\/li>\n\n\n\n<li>IX Semillero de cient\u00edficos e ingenieros<\/li>\n<\/ul>\n\n\n\n<p>Fue en el lejano 2015 cuando tuve mi primera experiencia como instructor de matem\u00e1ticas en el Semillero organizado por Aj\u00e1 - Parque de la Ciencia, luego de lo cual tuve algunas colaboraciones posteriores. La idea detr\u00e1s es muy buena y es necesario que se mantenga una masa cr\u00edtica de instructores y dise\u00f1adores de actividades con una buena preparaci\u00f3n pedag\u00f3gica. Luego de pasar por el entrenamiento del <a href=\"http:\/\/www.cise.espol.edu.ec\/es\/ciclo-b%C3%A1sico-de-formaci%C3%B3n-docente-cbfd-1\">Ciclo B\u00e1sico de Formaci\u00f3n Docente<\/a>, del CISE, he revisitado las experiencias del 2015 y propongo el siguiente Protocolo de dise\u00f1o instruccional para futuros semilleros cient\u00edficos:<br><br><a href=\"http:\/\/blog.espol.edu.ec\/imancero\/files\/2020\/05\/Semillero_Parque_de_la_Ciencia_Protocolo.pdf\">Protocolo Semillero Aj\u00e1 - Parque de la Ciencia<\/a>\u00a0\u00a0(para instructores o ayudantes)<br><br>En la medida que actualice los reportes individuales de las experiencias del 2015, ir\u00e9 incluyendo sus enlaces en la siguiente lista:<br><br><strong><span style=\"color: #ff6900\" class=\"has-inline-color has-luminous-vivid-orange-color\">Matem\u00e1ticas - Reportes t\u00e9cnicos:<\/span><\/strong> (para instructores o ayudantes)<\/p>\n\n\n\n<ul class=\"wp-block-list\">\n<li><a href=\"http:\/\/blog.espol.edu.ec\/imancero\/teaching\/153-2\/teselaciones\/\">Teselaciones<\/a>\u00a0 (enlace)<\/li>\n\n\n\n<li>Simetr\u00eda<\/li>\n\n\n\n<li>Topolog\u00eda<\/li>\n\n\n\n<li>Arte<\/li>\n\n\n\n<li>Geometr\u00eda<\/li>\n\n\n\n<li>Probabilidad<\/li>\n\n\n\n<li>Estad\u00edstica<\/li>\n\n\n\n<li>\u00c1lgebra<\/li>\n\n\n\n<li>Estructuras cristalinas<\/li>\n<\/ul>\n\n\n\n<p><strong><span class=\"has-inline-color has-luminous-vivid-orange-color\" style=\"color: #ff6900\">Biolog\u00eda - Reportes t\u00e9cnicos:<\/span><\/strong> (para instructores o ayudantes)<\/p>\n\n\n\n<ul class=\"wp-block-list\">\n<li>Plantas<\/li>\n\n\n\n<li>Microfauna<\/li>\n\n\n\n<li>Cromosomas<\/li>\n\n\n\n<li>Bacterias<\/li>\n\n\n\n<li>Salida de campo<\/li>\n<\/ul>\n\n\n<div class=\"wp-block-image\">\n<figure class=\"aligncenter size-large\"><img decoding=\"async\" src=\"http:\/\/blog.espol.edu.ec\/imancero\/files\/2020\/05\/aja2.jpg\" alt=\"\" class=\"wp-image-207\" \/><\/figure><\/div>\n\n\n<p><\/p>\n\n\n\n<p><\/p>\n","protected":false},"excerpt":{"rendered":"<p>Fue en el lejano 2015 cuando tuve mi primera experiencia como instructor de matem\u00e1ticas en el Semillero organizado por Aj\u00e1 - Parque de la Ciencia, luego de lo cual tuve algunas colaboraciones posteriores. La idea detr\u00e1s es muy buena y es necesario que se mantenga una masa cr\u00edtica de instructores y dise\u00f1adores de actividades con [&hellip;]<\/p>\n","protected":false},"author":9991,"featured_media":0,"parent":81,"menu_order":0,"comment_status":"closed","ping_status":"closed","template":"","meta":{"_monsterinsights_skip_tracking":false,"_monsterinsights_sitenote_active":false,"_monsterinsights_sitenote_note":"","_monsterinsights_sitenote_category":0,"footnotes":""},"class_list":["post-153","page","type-page","status-publish","hentry"],"_links":{"self":[{"href":"https:\/\/blog.espol.edu.ec\/imancero\/wp-json\/wp\/v2\/pages\/153","targetHints":{"allow":["GET"]}}],"collection":[{"href":"https:\/\/blog.espol.edu.ec\/imancero\/wp-json\/wp\/v2\/pages"}],"about":[{"href":"https:\/\/blog.espol.edu.ec\/imancero\/wp-json\/wp\/v2\/types\/page"}],"author":[{"embeddable":true,"href":"https:\/\/blog.espol.edu.ec\/imancero\/wp-json\/wp\/v2\/users\/9991"}],"replies":[{"embeddable":true,"href":"https:\/\/blog.espol.edu.ec\/imancero\/wp-json\/wp\/v2\/comments?post=153"}],"version-history":[{"count":11,"href":"https:\/\/blog.espol.edu.ec\/imancero\/wp-json\/wp\/v2\/pages\/153\/revisions"}],"predecessor-version":[{"id":607,"href":"https:\/\/blog.espol.edu.ec\/imancero\/wp-json\/wp\/v2\/pages\/153\/revisions\/607"}],"up":[{"embeddable":true,"href":"https:\/\/blog.espol.edu.ec\/imancero\/wp-json\/wp\/v2\/pages\/81"}],"wp:attachment":[{"href":"https:\/\/blog.espol.edu.ec\/imancero\/wp-json\/wp\/v2\/media?parent=153"}],"curies":[{"name":"wp","href":"https:\/\/api.w.org\/{rel}","templated":true}]}}