{"id":11,"date":"2014-10-28T20:59:02","date_gmt":"2014-10-28T20:59:02","guid":{"rendered":"http:\/\/blog.espol.edu.ec\/ivastjim\/?page_id=11"},"modified":"2014-11-10T04:20:06","modified_gmt":"2014-11-10T04:20:06","slug":"mi-primer-video","status":"publish","type":"page","link":"https:\/\/blog.espol.edu.ec\/ivastjim\/mi-primer-video\/","title":{"rendered":"Historia de la moda"},"content":{"rendered":"<p style=\"text-align: center\"><strong>\u00a0La historia de la moda refleja la evoluci\u00f3n cronol\u00f3gica de las prendas de vestir.<\/strong><\/p>\n<p>&nbsp;<\/p>\n<p><a href=\"http:\/\/blog.espol.edu.ec\/ivastjim\/files\/2014\/10\/moda-oto\u00f1o-invierno-2014-muaa.jpg\"><img loading=\"lazy\" decoding=\"async\" class=\" wp-image-271 aligncenter\" src=\"http:\/\/blog.espol.edu.ec\/ivastjim\/files\/2014\/10\/moda-oto\u00f1o-invierno-2014-muaa.jpg\" alt=\"moda oto\u00f1o invierno 2014 muaa\" width=\"456\" height=\"674\" srcset=\"https:\/\/blog.espol.edu.ec\/ivastjim\/files\/2014\/10\/moda-oto\u00f1o-invierno-2014-muaa.jpg 527w, https:\/\/blog.espol.edu.ec\/ivastjim\/files\/2014\/10\/moda-oto\u00f1o-invierno-2014-muaa-202x300.jpg 202w\" sizes=\"auto, (max-width: 456px) 100vw, 456px\" \/><\/a><\/p>\n<p>&nbsp;<\/p>\n<p>&nbsp;<\/p>\n<p>La <a title=\"La moda\" href=\"http:\/\/es.wikipedia.org\/wiki\/Moda\" target=\"_blank\">moda<\/a>\u00a0indica en su significado m\u00e1s amplio una elecci\u00f3n o, mejor dicho, un mecanismo regulador de elecciones, realizadas en funci\u00f3n de criterios subjetivos asociados al gusto colectivo.<\/p>\n<p>La moda son <a class=\"mw-redirect\" title=\"Tendencias\" href=\"http:\/\/es.wikipedia.org\/wiki\/Tendencias\" target=\"_blank\">tendencias<\/a> repetitivas, ya sea de ropa, accesorios, <a class=\"mw-redirect\" title=\"Estilos de vida\" href=\"http:\/\/es.wikipedia.org\/wiki\/Estilos_de_vida\" target=\"_blank\">estilos de vida<\/a> y maneras de comportarse, que marcan o modifican la conducta de una persona.<\/p>\n<p>&nbsp;<\/p>\n<p><a href=\"http:\/\/blog.espol.edu.ec\/ivastjim\/files\/2014\/10\/moda.jpg\"><img loading=\"lazy\" decoding=\"async\" class=\"size-full wp-image-268 aligncenter\" src=\"http:\/\/blog.espol.edu.ec\/ivastjim\/files\/2014\/10\/moda.jpg\" alt=\"moda\" width=\"500\" height=\"333\" srcset=\"https:\/\/blog.espol.edu.ec\/ivastjim\/files\/2014\/10\/moda.jpg 500w, https:\/\/blog.espol.edu.ec\/ivastjim\/files\/2014\/10\/moda-300x199.jpg 300w, https:\/\/blog.espol.edu.ec\/ivastjim\/files\/2014\/10\/moda-150x100.jpg 150w\" sizes=\"auto, (max-width: 500px) 100vw, 500px\" \/><\/a><\/p>\n<p>&nbsp;<\/p>\n<p>Es el arte del vestido, de la confecci\u00f3n de prendas en base a par\u00e1metros funcionales y estil\u00edsticos, tanto en ropa como accesorios. El vestido es una necesidad b\u00e1sica para el ser humano, para protegerse del fr\u00edo y de las inclemencias del tiempo. Durante su evoluci\u00f3n, el ser humano ha ido perdiendo el pelo, que ha tenido que suplir con pieles de otros animales o, m\u00e1s tarde, con lana o productos vegetales como el lino y el algod\u00f3n.<\/p>\n<p>&nbsp;<\/p>\n","protected":false},"excerpt":{"rendered":"<p>\u00a0La historia de la moda refleja la evoluci\u00f3n cronol\u00f3gica de las prendas de vestir. &nbsp; &nbsp; &nbsp; La moda\u00a0indica en su significado m\u00e1s amplio una elecci\u00f3n o, mejor dicho, un mecanismo regulador de elecciones, realizadas en funci\u00f3n de criterios subjetivos &hellip; <a href=\"https:\/\/blog.espol.edu.ec\/ivastjim\/mi-primer-video\/\">Sigue leyendo <span class=\"meta-nav\">&rarr;<\/span><\/a><\/p>\n","protected":false},"author":9425,"featured_media":0,"parent":0,"menu_order":8,"comment_status":"open","ping_status":"open","template":"","meta":{"footnotes":""},"class_list":["post-11","page","type-page","status-publish","hentry"],"_links":{"self":[{"href":"https:\/\/blog.espol.edu.ec\/ivastjim\/wp-json\/wp\/v2\/pages\/11","targetHints":{"allow":["GET"]}}],"collection":[{"href":"https:\/\/blog.espol.edu.ec\/ivastjim\/wp-json\/wp\/v2\/pages"}],"about":[{"href":"https:\/\/blog.espol.edu.ec\/ivastjim\/wp-json\/wp\/v2\/types\/page"}],"author":[{"embeddable":true,"href":"https:\/\/blog.espol.edu.ec\/ivastjim\/wp-json\/wp\/v2\/users\/9425"}],"replies":[{"embeddable":true,"href":"https:\/\/blog.espol.edu.ec\/ivastjim\/wp-json\/wp\/v2\/comments?post=11"}],"version-history":[{"count":28,"href":"https:\/\/blog.espol.edu.ec\/ivastjim\/wp-json\/wp\/v2\/pages\/11\/revisions"}],"predecessor-version":[{"id":273,"href":"https:\/\/blog.espol.edu.ec\/ivastjim\/wp-json\/wp\/v2\/pages\/11\/revisions\/273"}],"wp:attachment":[{"href":"https:\/\/blog.espol.edu.ec\/ivastjim\/wp-json\/wp\/v2\/media?parent=11"}],"curies":[{"name":"wp","href":"https:\/\/api.w.org\/{rel}","templated":true}]}}