{"id":165,"date":"2014-11-09T15:38:52","date_gmt":"2014-11-09T15:38:52","guid":{"rendered":"http:\/\/blog.espol.edu.ec\/ivastjim\/?page_id=165"},"modified":"2014-11-09T16:15:47","modified_gmt":"2014-11-09T16:15:47","slug":"moda-de-los-90","status":"publish","type":"page","link":"https:\/\/blog.espol.edu.ec\/ivastjim\/mi-primer-video\/moda-de-los-90\/","title":{"rendered":"Moda de los 60"},"content":{"rendered":"<p style=\"text-align: center\"><a href=\"http:\/\/blog.espol.edu.ec\/ivastjim\/files\/2014\/11\/60.jpg\"><img loading=\"lazy\" decoding=\"async\" class=\"alignnone size-full wp-image-181\" src=\"http:\/\/blog.espol.edu.ec\/ivastjim\/files\/2014\/11\/60.jpg\" alt=\"60\" width=\"400\" height=\"397\" srcset=\"https:\/\/blog.espol.edu.ec\/ivastjim\/files\/2014\/11\/60.jpg 400w, https:\/\/blog.espol.edu.ec\/ivastjim\/files\/2014\/11\/60-150x150.jpg 150w, https:\/\/blog.espol.edu.ec\/ivastjim\/files\/2014\/11\/60-300x297.jpg 300w\" sizes=\"auto, (max-width: 400px) 100vw, 400px\" \/><\/a>\u00a0 <strong>Los 60<\/strong><\/p>\n<p>&nbsp;<\/p>\n<p>Una d\u00e9cada en donde todas las mujeres modernas e independientes deseaban demostrar estas cuestiones cort\u00e1ndose el pelo con un famoso corte que impuso <a title=\"MARY QUANT\" href=\"http:\/\/es.wikipedia.org\/wiki\/Mary_Quant\" target=\"_blank\">Mary Quant<\/a> (apodada la reina de la minifalda) que consist\u00eda en un peinado \u201cchampi\u00f1\u00f3n\u201d como lo usaban los <a title=\"THE BEATLES\" href=\"http:\/\/es.wikipedia.org\/wiki\/The_Beatles\" target=\"_blank\">Beattles<\/a>.<br \/>\nEl ideal de la d\u00e9cada era no mostrar los atributos femeninos ni las curvas, sino, por el contrario parecer delegadas ninfas que mostraban su lado infantil a modo de juego de seducci\u00f3n.<\/p>\n<p>&nbsp;<\/p>\n<p><a title=\"MARY QUANT\" href=\"http:\/\/es.wikipedia.org\/wiki\/Mary_Quant\" target=\"_blank\">MARY QUANT<\/a>\u00a0inspiradora del estilo en los 60.<\/p>\n<p><a href=\"http:\/\/blog.espol.edu.ec\/ivastjim\/files\/2014\/11\/PicMonkey-Collage2.jpg\"><img loading=\"lazy\" decoding=\"async\" class=\"wp-image-186 aligncenter\" src=\"http:\/\/blog.espol.edu.ec\/ivastjim\/files\/2014\/11\/PicMonkey-Collage2.jpg\" alt=\"PicMonkey Collage2\" width=\"513\" height=\"513\" srcset=\"https:\/\/blog.espol.edu.ec\/ivastjim\/files\/2014\/11\/PicMonkey-Collage2.jpg 2000w, https:\/\/blog.espol.edu.ec\/ivastjim\/files\/2014\/11\/PicMonkey-Collage2-150x150.jpg 150w, https:\/\/blog.espol.edu.ec\/ivastjim\/files\/2014\/11\/PicMonkey-Collage2-300x300.jpg 300w, https:\/\/blog.espol.edu.ec\/ivastjim\/files\/2014\/11\/PicMonkey-Collage2-1024x1024.jpg 1024w\" sizes=\"auto, (max-width: 513px) 100vw, 513px\" \/><\/a><\/p>\n<p>&nbsp;<\/p>\n","protected":false},"excerpt":{"rendered":"<p>\u00a0 Los 60 &nbsp; Una d\u00e9cada en donde todas las mujeres modernas e independientes deseaban demostrar estas cuestiones cort\u00e1ndose el pelo con un famoso corte que impuso Mary Quant (apodada la reina de la minifalda) que consist\u00eda en un peinado &hellip; <a href=\"https:\/\/blog.espol.edu.ec\/ivastjim\/mi-primer-video\/moda-de-los-90\/\">Sigue leyendo <span class=\"meta-nav\">&rarr;<\/span><\/a><\/p>\n","protected":false},"author":9425,"featured_media":0,"parent":11,"menu_order":0,"comment_status":"open","ping_status":"open","template":"","meta":{"footnotes":""},"class_list":["post-165","page","type-page","status-publish","hentry"],"_links":{"self":[{"href":"https:\/\/blog.espol.edu.ec\/ivastjim\/wp-json\/wp\/v2\/pages\/165","targetHints":{"allow":["GET"]}}],"collection":[{"href":"https:\/\/blog.espol.edu.ec\/ivastjim\/wp-json\/wp\/v2\/pages"}],"about":[{"href":"https:\/\/blog.espol.edu.ec\/ivastjim\/wp-json\/wp\/v2\/types\/page"}],"author":[{"embeddable":true,"href":"https:\/\/blog.espol.edu.ec\/ivastjim\/wp-json\/wp\/v2\/users\/9425"}],"replies":[{"embeddable":true,"href":"https:\/\/blog.espol.edu.ec\/ivastjim\/wp-json\/wp\/v2\/comments?post=165"}],"version-history":[{"count":6,"href":"https:\/\/blog.espol.edu.ec\/ivastjim\/wp-json\/wp\/v2\/pages\/165\/revisions"}],"predecessor-version":[{"id":187,"href":"https:\/\/blog.espol.edu.ec\/ivastjim\/wp-json\/wp\/v2\/pages\/165\/revisions\/187"}],"up":[{"embeddable":true,"href":"https:\/\/blog.espol.edu.ec\/ivastjim\/wp-json\/wp\/v2\/pages\/11"}],"wp:attachment":[{"href":"https:\/\/blog.espol.edu.ec\/ivastjim\/wp-json\/wp\/v2\/media?parent=165"}],"curies":[{"name":"wp","href":"https:\/\/api.w.org\/{rel}","templated":true}]}}