{"id":176,"date":"2014-11-09T15:55:06","date_gmt":"2014-11-09T15:55:06","guid":{"rendered":"http:\/\/blog.espol.edu.ec\/ivastjim\/?page_id=176"},"modified":"2014-11-10T02:08:47","modified_gmt":"2014-11-10T02:08:47","slug":"moda-de-los-90-2","status":"publish","type":"page","link":"https:\/\/blog.espol.edu.ec\/ivastjim\/mi-primer-video\/moda-de-los-90-2\/","title":{"rendered":"Moda de los 90"},"content":{"rendered":"<p><strong>En la d\u00e9cada de los 90<\/strong> se mostr\u00f3 un culto elevado a la moda y la est\u00e9tica. Los looks estaban basados en cabellos con mucho volumen, en maquillajes muy marcados y en indumentarias muy femeninas.<\/p>\n<p>En los 90 se mezclaron muchas tendencias diferentes y la moda la marcaron reconocidas Top Models como: <a href=\"http:\/\/es.wikipedia.org\/wiki\/Claudia_Schiffer\" target=\"_blank\">Claudia Schiffer<\/a>, <a href=\"http:\/\/es.wikipedia.org\/wiki\/Naomi_Campbell\" target=\"_blank\">Naomi Campbell<\/a>, <a href=\"http:\/\/es.wikipedia.org\/wiki\/Linda_Evangelista\" target=\"_blank\">Linda Evangelista<\/a>, <a href=\"http:\/\/es.wikipedia.org\/wiki\/Elle_Macpherson\" target=\"_blank\">Elle MacPherson<\/a>\u2026<\/p>\n<p>&nbsp;<\/p>\n<p><a href=\"http:\/\/blog.espol.edu.ec\/ivastjim\/files\/2014\/11\/91.jpg\"><img loading=\"lazy\" decoding=\"async\" class=\" wp-image-211 aligncenter\" src=\"http:\/\/blog.espol.edu.ec\/ivastjim\/files\/2014\/11\/91.jpg\" alt=\"91\" width=\"478\" height=\"361\" srcset=\"https:\/\/blog.espol.edu.ec\/ivastjim\/files\/2014\/11\/91.jpg 635w, https:\/\/blog.espol.edu.ec\/ivastjim\/files\/2014\/11\/91-300x226.jpg 300w\" sizes=\"auto, (max-width: 478px) 100vw, 478px\" \/><\/a><\/p>\n<p>&nbsp;<\/p>\n<p>En esta \u00e9poca, se produjo una gran diversificaci\u00f3n y la gente intent\u00f3 peinarse mucho m\u00e1s \"casual\", por lo que es dif\u00edcil decir cu\u00e1l era la tendencia por excelencia en cuanto a pelo y cabello.<\/p>\n<p>&nbsp;<\/p>\n<p>&nbsp;<\/p>\n<p><a href=\"http:\/\/blog.espol.edu.ec\/ivastjim\/files\/2014\/11\/92.png\"><img loading=\"lazy\" decoding=\"async\" class=\"wp-image-212 aligncenter\" src=\"http:\/\/blog.espol.edu.ec\/ivastjim\/files\/2014\/11\/92.png\" alt=\"92\" width=\"494\" height=\"259\" srcset=\"https:\/\/blog.espol.edu.ec\/ivastjim\/files\/2014\/11\/92.png 639w, https:\/\/blog.espol.edu.ec\/ivastjim\/files\/2014\/11\/92-300x157.png 300w\" sizes=\"auto, (max-width: 494px) 100vw, 494px\" \/><\/a><\/p>\n<p>&nbsp;<\/p>\n<p>Resaltaban los zapatos de tac\u00f3n de aguja, las blusas y americanas anchas, los jeans de talle alto y los pantalones tipo piratas.<\/p>\n<p>&nbsp;<\/p>\n<p><a href=\"http:\/\/blog.espol.edu.ec\/ivastjim\/files\/2014\/11\/93.jpg\"><img loading=\"lazy\" decoding=\"async\" class=\" wp-image-213 aligncenter\" src=\"http:\/\/blog.espol.edu.ec\/ivastjim\/files\/2014\/11\/93.jpg\" alt=\"93\" width=\"483\" height=\"407\" srcset=\"https:\/\/blog.espol.edu.ec\/ivastjim\/files\/2014\/11\/93.jpg 400w, https:\/\/blog.espol.edu.ec\/ivastjim\/files\/2014\/11\/93-300x252.jpg 300w\" sizes=\"auto, (max-width: 483px) 100vw, 483px\" \/><\/a><\/p>\n","protected":false},"excerpt":{"rendered":"<p>En la d\u00e9cada de los 90 se mostr\u00f3 un culto elevado a la moda y la est\u00e9tica. Los looks estaban basados en cabellos con mucho volumen, en maquillajes muy marcados y en indumentarias muy femeninas. En los 90 se mezclaron &hellip; <a href=\"https:\/\/blog.espol.edu.ec\/ivastjim\/mi-primer-video\/moda-de-los-90-2\/\">Sigue leyendo <span class=\"meta-nav\">&rarr;<\/span><\/a><\/p>\n","protected":false},"author":9425,"featured_media":0,"parent":11,"menu_order":0,"comment_status":"open","ping_status":"open","template":"","meta":{"footnotes":""},"class_list":["post-176","page","type-page","status-publish","hentry"],"_links":{"self":[{"href":"https:\/\/blog.espol.edu.ec\/ivastjim\/wp-json\/wp\/v2\/pages\/176","targetHints":{"allow":["GET"]}}],"collection":[{"href":"https:\/\/blog.espol.edu.ec\/ivastjim\/wp-json\/wp\/v2\/pages"}],"about":[{"href":"https:\/\/blog.espol.edu.ec\/ivastjim\/wp-json\/wp\/v2\/types\/page"}],"author":[{"embeddable":true,"href":"https:\/\/blog.espol.edu.ec\/ivastjim\/wp-json\/wp\/v2\/users\/9425"}],"replies":[{"embeddable":true,"href":"https:\/\/blog.espol.edu.ec\/ivastjim\/wp-json\/wp\/v2\/comments?post=176"}],"version-history":[{"count":7,"href":"https:\/\/blog.espol.edu.ec\/ivastjim\/wp-json\/wp\/v2\/pages\/176\/revisions"}],"predecessor-version":[{"id":222,"href":"https:\/\/blog.espol.edu.ec\/ivastjim\/wp-json\/wp\/v2\/pages\/176\/revisions\/222"}],"up":[{"embeddable":true,"href":"https:\/\/blog.espol.edu.ec\/ivastjim\/wp-json\/wp\/v2\/pages\/11"}],"wp:attachment":[{"href":"https:\/\/blog.espol.edu.ec\/ivastjim\/wp-json\/wp\/v2\/media?parent=176"}],"curies":[{"name":"wp","href":"https:\/\/api.w.org\/{rel}","templated":true}]}}