{"id":74,"date":"2014-06-13T01:30:11","date_gmt":"2014-06-13T01:30:11","guid":{"rendered":"http:\/\/blog.espol.edu.ec\/ivogsarm\/?page_id=74"},"modified":"2014-06-13T01:31:15","modified_gmt":"2014-06-13T01:31:15","slug":"74-2","status":"publish","type":"page","link":"https:\/\/blog.espol.edu.ec\/ivogsarm\/74-2\/","title":{"rendered":"VESTIMENTA"},"content":{"rendered":"<p><a href=\"http:\/\/blog.espol.edu.ec\/ivogsarm\/files\/2014\/06\/images-1.jpg\"><img loading=\"lazy\" decoding=\"async\" class=\"wp-image-78 aligncenter\" src=\"http:\/\/blog.espol.edu.ec\/ivogsarm\/files\/2014\/06\/images-1.jpg\" alt=\"images (1)\" width=\"392\" height=\"304\" \/><\/a><\/p>\n<p>La indumentaria para los jugadores de baloncesto ha de ser ligera para que nos permita realizar los movimientos con destreza.<\/p>\n<p>No hay que olvidar que es un deporte donde la agilidad es lo m\u00e1s importante. La ropa de baloncesto tendr\u00e1 que ser suelta y comoda por lo mismo. Los movimientos son r\u00e1pidos y no debemos tener nada pesado, pegado o inc\u00f3modo que nos lo impida. El dise\u00f1o ya corre por cuenta de la equipaci\u00f3n o club.<\/p>\n<p>La pelota de baloncesto puede ser de cuero o materiales sint\u00e9ticos. Siempre tendr\u00e1 que ser rugosa para que se adhiera mejor a la piel de las manos. Siempre hay que tenerla bien inflada para que de botes. Pero tampoco debe contener mucho aire comprimido porque puede reventar en el momento menos inoportuno. El baloncesto es un deporte en el cual el bote de la pelota es fundamental.<\/p>\n<p>El equipamiento de un jugador de baloncesto se compone de:<\/p>\n<p>\u2022 Una camiseta sin mangas, originalmente de algod\u00f3n, y en la actualidad de material sint\u00e9tico. En su parte delantera encontramos el logotipo del equipo y la publicidad contratada. En la parte trasera encontramos el apellido del jugador. Debajo del nombre, en grande, el n\u00famero del jugador. Esto es importante para apuntar el n\u00famero de faltas y los puntos del jugador as\u00ed como las sustituciones.<\/p>\n<p style=\"text-align: left\">\u2022 El pantal\u00f3n puede ser corto o bermudas: Debe ser de los mismos colores que la camiseta, sin bolsillos.<\/p>\n<p style=\"text-align: left\">\u2022 Calzado: tienen forma de bota para sujetar bien el tobillo y protegerlo de torceduras. Adem\u00e1s cuentan con c\u00e1maras de aire para preservar la planta del pie. Las suelas deben tener un dise\u00f1o apropiado para frenar r\u00e1pido.<\/p>\n<p style=\"text-align: left\">\u2022 Calcetines: Generalmente cortos y de algod\u00f3n. Aunque suelen ser blancos como otros calcetines deportivos.<\/p>\n","protected":false},"excerpt":{"rendered":"<p>La indumentaria para los jugadores de baloncesto ha de ser ligera para que nos permita realizar los movimientos con destreza. No hay que olvidar que es un deporte donde la agilidad es lo m\u00e1s importante. La ropa de baloncesto tendr\u00e1 que ser suelta y comoda por lo mismo. Los movimientos son r\u00e1pidos y no debemos &hellip; <a href=\"https:\/\/blog.espol.edu.ec\/ivogsarm\/74-2\/\" class=\"more-link\">Seguir leyendo <span class=\"screen-reader-text\">VESTIMENTA<\/span> <span class=\"meta-nav\">&rarr;<\/span><\/a><\/p>\n","protected":false},"author":9163,"featured_media":0,"parent":0,"menu_order":0,"comment_status":"open","ping_status":"open","template":"","meta":{"footnotes":""},"class_list":["post-74","page","type-page","status-publish","hentry"],"_links":{"self":[{"href":"https:\/\/blog.espol.edu.ec\/ivogsarm\/wp-json\/wp\/v2\/pages\/74","targetHints":{"allow":["GET"]}}],"collection":[{"href":"https:\/\/blog.espol.edu.ec\/ivogsarm\/wp-json\/wp\/v2\/pages"}],"about":[{"href":"https:\/\/blog.espol.edu.ec\/ivogsarm\/wp-json\/wp\/v2\/types\/page"}],"author":[{"embeddable":true,"href":"https:\/\/blog.espol.edu.ec\/ivogsarm\/wp-json\/wp\/v2\/users\/9163"}],"replies":[{"embeddable":true,"href":"https:\/\/blog.espol.edu.ec\/ivogsarm\/wp-json\/wp\/v2\/comments?post=74"}],"version-history":[{"count":3,"href":"https:\/\/blog.espol.edu.ec\/ivogsarm\/wp-json\/wp\/v2\/pages\/74\/revisions"}],"predecessor-version":[{"id":81,"href":"https:\/\/blog.espol.edu.ec\/ivogsarm\/wp-json\/wp\/v2\/pages\/74\/revisions\/81"}],"wp:attachment":[{"href":"https:\/\/blog.espol.edu.ec\/ivogsarm\/wp-json\/wp\/v2\/media?parent=74"}],"curies":[{"name":"wp","href":"https:\/\/api.w.org\/{rel}","templated":true}]}}