{"id":151,"date":"2014-11-09T02:59:47","date_gmt":"2014-11-09T02:59:47","guid":{"rendered":"http:\/\/blog.espol.edu.ec\/janliben\/?page_id=151"},"modified":"2014-11-09T04:52:29","modified_gmt":"2014-11-09T04:52:29","slug":"manabi","status":"publish","type":"page","link":"https:\/\/blog.espol.edu.ec\/janliben\/manabi\/","title":{"rendered":"MANABI"},"content":{"rendered":"<p><b>Manab\u00ed<\/b> es una <a title=\"Provincias de Ecuador\" href=\"http:\/\/es.wikipedia.org\/wiki\/Provincias_de_Ecuador\">provincia<\/a> <a class=\"mw-redirect\" title=\"Ecuatoriana\" href=\"http:\/\/es.wikipedia.org\/wiki\/Ecuatoriana\">ecuatoriana<\/a> localizada en el emplazamiento centro-noroeste del <a title=\"Ecuador\" href=\"http:\/\/es.wikipedia.org\/wiki\/Ecuador\">Ecuador<\/a> continental, cuya unidad jur\u00eddica se ubica en la regi\u00f3n geogr\u00e1fica del <a title=\"Regi\u00f3n Litoral de Ecuador\" href=\"http:\/\/es.wikipedia.org\/wiki\/Regi%C3%B3n_Litoral_de_Ecuador\">litoral<\/a>, que a su vez se encuentra dividida por el cruce de la <a title=\"Ecuador terrestre\" href=\"http:\/\/es.wikipedia.org\/wiki\/Ecuador_terrestre\">l\u00ednea equinoccial<\/a>. Su capital es <a title=\"Portoviejo\" href=\"http:\/\/es.wikipedia.org\/wiki\/Portoviejo\">Portoviejo<\/a>.<\/p>\n<p><a href=\"http:\/\/blog.espol.edu.ec\/janliben\/files\/2014\/11\/manabi.jpg\"><img loading=\"lazy\" decoding=\"async\" class=\"wp-image-152 aligncenter\" src=\"http:\/\/blog.espol.edu.ec\/janliben\/files\/2014\/11\/manabi.jpg\" alt=\"manabi\" width=\"394\" height=\"298\" \/><\/a><\/p>\n<p><b>CRUCITA<\/b><\/p>\n<p><b>Ubicaci\u00f3n:\u00a0<\/b>Crucita se encuentra a 27 kil\u00f3metros de Portoviejo.<\/p>\n<div class=\"titulo1\"><strong>Atractivos<\/strong><\/div>\n<p>La mayor\u00eda del a\u00f1o es apto para volar, pero especialmente los fines de semana y feriados y con mayor incidencia en Octubre o Septiembre.<\/p>\n<p><strong>Comidas T\u00edpicas<\/strong><\/p>\n<p>Arroz con Concha valor aproximado de $8,Empanadas de Verde $1, \u00a0 \u00a0 \u00a0 \u00a0 \u00a0 \u00a0 \u00a0 \u00a0 \u00a0 \u00a0 \u00a0 \u00a0 \u00a0 Arroz con Pescado$6.<\/p>\n<p><a href=\"http:\/\/blog.espol.edu.ec\/janliben\/files\/2014\/11\/crucita-la-bella-que-sigue-encantando-2011114063815-a5c52d6c54d1b20fc837241eddf357fa.jpg\"><img loading=\"lazy\" decoding=\"async\" class=\"wp-image-159 aligncenter\" src=\"http:\/\/blog.espol.edu.ec\/janliben\/files\/2014\/11\/crucita-la-bella-que-sigue-encantando-2011114063815-a5c52d6c54d1b20fc837241eddf357fa.jpg\" alt=\"crucita--la-bella--que-sigue-encantando-2011114063815-a5c52d6c54d1b20fc837241eddf357fa\" width=\"418\" height=\"551\" \/><\/a><\/p>\n<p>&nbsp;<\/p>\n<p><strong>ISLA DE LA PLATA<\/strong><\/p>\n<p>Para llegar numerosas compa\u00f1\u00edas de transporte ofrecen viajes a la Isla de la Plata, algunos de estos viajes cuentan con permisos, mientras que otros no, por cuidado y protecci\u00f3n siempre verifique si tiene la licencia \u00fanica anual de funcionamiento vigente del a\u00f1o LUAF. El viaje a la isla demora m\u00e1s de una hora en una embarcaci\u00f3n bastante r\u00e1pida, por lo que puede ser un viaje rudo para algunos.<\/p>\n<p><b>Ubicaci\u00f3n:<\/b>Localizada a 37 Km. de Puerto L\u00f3pez.<\/p>\n<p><b>Extensi\u00f3n:<\/b>La <b><i>Isla de la Plata<\/i><\/b> comprende un total de 1.200 hect\u00e1reas.<\/p>\n<p><b>Clima:<\/b>Su clima es des\u00e9rtico en el cual las especias vegetales se han adaptado.<\/p>\n<p><strong>Atractivos<\/strong>: <a href=\"http:\/\/www.icb.org.ar\/\" target=\"_blank\">Ballenas Jorobadas<\/a><\/p>\n<p><a href=\"http:\/\/blog.espol.edu.ec\/janliben\/files\/2014\/11\/images-7.jpg\"><img loading=\"lazy\" decoding=\"async\" class=\"wp-image-160 aligncenter\" src=\"http:\/\/blog.espol.edu.ec\/janliben\/files\/2014\/11\/images-7.jpg\" alt=\"images (7)\" width=\"378\" height=\"287\" \/><\/a><\/p>\n<p>&nbsp;<\/p>\n<p><strong>PLAYA EL MURCIELAGO<\/strong><\/p>\n<p>para llegar desde Quito existen Tres opciones:<\/p>\n<ul>\n<li>Tomar la Panamericana Sur hasta Al\u00f3ag<\/li>\n<li>Tomar la Autopista Rumi\u00f1ahui (Valle de los Chillos) hasta el Tri\u00e1ngulo de San Rafael y luego tomar la v\u00eda a Sangolqui - Amagua\u00f1a - Al\u00f3ag. Al llegar a Al\u00f3ag debe tomar la v\u00eda a Santo Domingo - El Carmen - Chone - Tosagua - Rocafuerte - Portoviejo- Jipijapa-Puerto Cayo-Machalilla-Puerto L\u00f3pez y Puerto Rico. El recorrido desde Quito hasta Manta es de 8 horas aproximadamente.<\/li>\n<li>Viajar en bus, existen varias compa\u00f1\u00edas de transporte que van a Manta:\n<div class=\"texto\">Horarios: de lunes a domingo a las 21:00 pm. y 21:45 pm. Desde Manta - Quito.<\/div>\n<div class=\"texto\">Horarios: de lunes a domingo a las 21:30 pm. y 22:30 pm. Desde Quito - Manta<\/div>\n<\/li>\n<\/ul>\n<p>Para llegar desde Guayaquil<\/p>\n<ul>\n<li>Tomar la via La cadena - Manta<\/li>\n<li>La ruta del sol<\/li>\n<\/ul>\n<p><a href=\"http:\/\/blog.espol.edu.ec\/janliben\/files\/2014\/11\/descarga-4.jpg\"><img loading=\"lazy\" decoding=\"async\" class=\"wp-image-162 aligncenter\" src=\"http:\/\/blog.espol.edu.ec\/janliben\/files\/2014\/11\/descarga-4.jpg\" alt=\"descarga (4)\" width=\"387\" height=\"270\" \/><\/a><\/p>\n<p>&nbsp;<\/p>\n<p><strong>ISLA CORAZON - BAHIA DE CARAQUEZ<\/strong><\/p>\n<div class=\"texto\">Para llegar los que viven en Portoviejo, Manta, Guayaquil y Quito, se recomienda llegar primero a Bah\u00eda de Car\u00e1quez.<\/div>\n<div class=\"texto\">Para aquellos que est\u00e1n en Jama, Pedernales y Esmeraldas, se recomienda llegar a San Vicente. Desde estos sitios a 20 minutos se encuentra la Isla Coraz\u00f3n.<\/div>\n<div class=\"texto\">Un gu\u00eda nativo ecologista le llevar\u00e1 a observar faenas de pesca artesanal hasta llegar al sendero ecotur\u00edstico construido en madera, el cual tiene alcobas y una torre para observar mangle rojo y blanco, y animales nativos.<\/div>\n<div class=\"texto\"><strong>Atractivo<\/strong><\/div>\n<div class=\"texto\">Acuarios las especies marinas m\u00e1s representativas del estuario del r\u00edo Chone, as\u00ed como de ver una exposici\u00f3n de fotos y un video sobre los manglares y la historia de la comunidad.<\/div>\n<div class=\"texto\">Asi como tambien sendero interpretativo, T\u00fanel de manglares, anidamiento de aves. etc.<\/div>\n<div class=\"texto\"><a href=\"http:\/\/blog.espol.edu.ec\/janliben\/files\/2014\/11\/islacorazon18.jpg\"><img loading=\"lazy\" decoding=\"async\" class=\"size-full wp-image-163 aligncenter\" src=\"http:\/\/blog.espol.edu.ec\/janliben\/files\/2014\/11\/islacorazon18.jpg\" alt=\"islacorazon18\" width=\"405\" height=\"304\" srcset=\"https:\/\/blog.espol.edu.ec\/janliben\/files\/2014\/11\/islacorazon18.jpg 405w, https:\/\/blog.espol.edu.ec\/janliben\/files\/2014\/11\/islacorazon18-300x225.jpg 300w, https:\/\/blog.espol.edu.ec\/janliben\/files\/2014\/11\/islacorazon18-399x300.jpg 399w\" sizes=\"auto, (max-width: 405px) 100vw, 405px\" \/><\/a><\/div>\n","protected":false},"excerpt":{"rendered":"<p>Manab\u00ed es una provincia ecuatoriana localizada en el emplazamiento centro-noroeste del Ecuador continental, cuya unidad jur\u00eddica se ubica en la regi\u00f3n geogr\u00e1fica del litoral, que a su vez se encuentra dividida por el cruce de la l\u00ednea equinoccial. Su capital &hellip; <a href=\"https:\/\/blog.espol.edu.ec\/janliben\/manabi\/\">Sigue leyendo <span class=\"meta-nav\">&rarr;<\/span><\/a><\/p>\n","protected":false},"author":9429,"featured_media":0,"parent":0,"menu_order":0,"comment_status":"open","ping_status":"open","template":"","meta":{"footnotes":""},"class_list":["post-151","page","type-page","status-publish","hentry"],"_links":{"self":[{"href":"https:\/\/blog.espol.edu.ec\/janliben\/wp-json\/wp\/v2\/pages\/151","targetHints":{"allow":["GET"]}}],"collection":[{"href":"https:\/\/blog.espol.edu.ec\/janliben\/wp-json\/wp\/v2\/pages"}],"about":[{"href":"https:\/\/blog.espol.edu.ec\/janliben\/wp-json\/wp\/v2\/types\/page"}],"author":[{"embeddable":true,"href":"https:\/\/blog.espol.edu.ec\/janliben\/wp-json\/wp\/v2\/users\/9429"}],"replies":[{"embeddable":true,"href":"https:\/\/blog.espol.edu.ec\/janliben\/wp-json\/wp\/v2\/comments?post=151"}],"version-history":[{"count":4,"href":"https:\/\/blog.espol.edu.ec\/janliben\/wp-json\/wp\/v2\/pages\/151\/revisions"}],"predecessor-version":[{"id":164,"href":"https:\/\/blog.espol.edu.ec\/janliben\/wp-json\/wp\/v2\/pages\/151\/revisions\/164"}],"wp:attachment":[{"href":"https:\/\/blog.espol.edu.ec\/janliben\/wp-json\/wp\/v2\/media?parent=151"}],"curies":[{"name":"wp","href":"https:\/\/api.w.org\/{rel}","templated":true}]}}