{"id":119,"date":"2015-06-27T20:30:35","date_gmt":"2015-06-27T20:30:35","guid":{"rendered":"http:\/\/blog.espol.edu.ec\/jaristephaniia\/?page_id=119"},"modified":"2015-06-28T00:51:16","modified_gmt":"2015-06-28T00:51:16","slug":"you-can-dance","status":"publish","type":"page","link":"https:\/\/blog.espol.edu.ec\/jaristephaniia\/you-can-dance\/","title":{"rendered":"You can dance!"},"content":{"rendered":"<p>No necesariamente el ballet puede despejar tu mente, eso lo hace la danza en general. Para bailar se necesita de la t\u00e9cnica pero sobre todo de la pasi\u00f3n que tengas por bailar en cada momento...<\/p>\n<p><img loading=\"lazy\" decoding=\"async\" id=\"irc_mi\" class=\" aligncenter\" src=\"http:\/\/www.muncrosales.gov.ar\/fotos_index\/Pareja_de_Baile.gif\" alt=\"\" width=\"320\" height=\"400\" \/><\/p>\n<p>Bailar es dejarse llevar por la m\u00fasica, y compartir con alguien tus movimientos es un gran placer. Puedes bailar sol@ en tu habitaci\u00f3n o en tu casa, bailar con un grupo de amigos en una fiesta, en la disco, bailar un tango, salsa, reguet\u00f3n, bachata, hip hop, Breakdance e incluso bailar los diferentes ritmos que caracterizan a un pa\u00eds o una regi\u00f3n en particular.<\/p>\n<p><img loading=\"lazy\" decoding=\"async\" id=\"irc_mi\" class=\"\" src=\"http:\/\/lh4.ggpht.com\/jaimik.sexyboy\/SFqNPLtteBI\/AAAAAAAAAXY\/MiYwECJtkuo\/s400\/hip-hop.png\" alt=\"\" width=\"165\" height=\"147\" \/><img loading=\"lazy\" decoding=\"async\" id=\"irc_mi\" class=\"\" src=\"http:\/\/i950.photobucket.com\/albums\/ad343\/elrinconcito\/gifs\/Musica\/Bailarines\/GIF055.gif\" alt=\"\" width=\"202\" height=\"120\" \/><\/p>\n<p>El Hip Hop y el Breakdance son los tipos de baile m\u00e1s practicado por j\u00f3venes actualmente.<\/p>\n<p><a href=\"http:\/\/blog.espol.edu.ec\/jaristephaniia\/2015\/06\/28\/contemporaneo\/\">CONTEMPOR\u00c1NEO<\/a><\/p>\n<p>Bailar es so\u00f1ar con lo pies...<\/p>\n<p><iframe loading=\"lazy\" title=\"SYTYCD Season 5 Kayla   Kupono Contemporary Gravity Addiction\" width=\"500\" height=\"281\" src=\"https:\/\/www.youtube.com\/embed\/QZ-1cq8ibwg?feature=oembed\" frameborder=\"0\" allow=\"accelerometer; autoplay; clipboard-write; encrypted-media; gyroscope; picture-in-picture; web-share\" referrerpolicy=\"strict-origin-when-cross-origin\" allowfullscreen><\/iframe><\/p>\n<p>MODERNO<\/p>\n<p>Mientras t\u00fa me ignoras, Yo Bailo.<\/p>\n<p><iframe loading=\"lazy\" title=\"&#039;Wiggle&#039; Jason Derulo ft. Snoop Dogg choreography by Jasmine Meakin (Mega Jam)\" width=\"500\" height=\"281\" src=\"https:\/\/www.youtube.com\/embed\/I0pf8AxCVuk?feature=oembed\" frameborder=\"0\" allow=\"accelerometer; autoplay; clipboard-write; encrypted-media; gyroscope; picture-in-picture; web-share\" referrerpolicy=\"strict-origin-when-cross-origin\" allowfullscreen><\/iframe><\/p>\n<p>No basta la t\u00e9cnica, debes tener pasi\u00f3n!<\/p>\n<p><iframe loading=\"lazy\" title=\"GDFR - FLO RIDA Dance Video | @MattSteffanina Choreography (Matt Steffanina)\" width=\"500\" height=\"281\" src=\"https:\/\/www.youtube.com\/embed\/OzYeofpdM8A?feature=oembed\" frameborder=\"0\" allow=\"accelerometer; autoplay; clipboard-write; encrypted-media; gyroscope; picture-in-picture; web-share\" referrerpolicy=\"strict-origin-when-cross-origin\" allowfullscreen><\/iframe><\/p>\n<p>Porque al bailar dices lo que no puedes con palabras!!!<\/p>\n<p><iframe loading=\"lazy\" title=\"WIGGLE - Jason Derulo Dance | Choreography by @MattSteffanina (Class Video)\" width=\"500\" height=\"281\" src=\"https:\/\/www.youtube.com\/embed\/efK_Nzc6wQU?feature=oembed\" frameborder=\"0\" allow=\"accelerometer; autoplay; clipboard-write; encrypted-media; gyroscope; picture-in-picture; web-share\" referrerpolicy=\"strict-origin-when-cross-origin\" allowfullscreen><\/iframe><\/p>\n<p>No bailes para presumir, baila porque necesitas desahogarte y entrar a un mundo donde t\u00fa eres el mundo!<\/p>\n<p><iframe loading=\"lazy\" title=\"&#039;Bitch Better Have My Money&#039;  Rihanna choreography by Jasmine Meakin (Mega Jam)\" width=\"500\" height=\"281\" src=\"https:\/\/www.youtube.com\/embed\/f-9OEaA9rmU?feature=oembed\" frameborder=\"0\" allow=\"accelerometer; autoplay; clipboard-write; encrypted-media; gyroscope; picture-in-picture; web-share\" referrerpolicy=\"strict-origin-when-cross-origin\" allowfullscreen><\/iframe><\/p>\n<p>Bailar y olvidarse de todo...<\/p>\n<p><iframe loading=\"lazy\" title=\"AYO - @ChrisBrown &amp; @Tyga Dance Video | @MattSteffanina Choreography\" width=\"500\" height=\"281\" src=\"https:\/\/www.youtube.com\/embed\/9H0rjZ-eG7k?feature=oembed\" frameborder=\"0\" allow=\"accelerometer; autoplay; clipboard-write; encrypted-media; gyroscope; picture-in-picture; web-share\" referrerpolicy=\"strict-origin-when-cross-origin\" allowfullscreen><\/iframe><\/p>\n<p>Y aqu\u00ed una nena incre\u00edble ASIA<\/p>\n<p><iframe loading=\"lazy\" title=\"TRAP QUEEN - Fetty Wap Dance | @MattSteffanina Choreography ft 9 y\/o Asia Monet! #DanceOnTrap\" width=\"500\" height=\"281\" src=\"https:\/\/www.youtube.com\/embed\/BkKDBD3qtqo?feature=oembed\" frameborder=\"0\" allow=\"accelerometer; autoplay; clipboard-write; encrypted-media; gyroscope; picture-in-picture; web-share\" referrerpolicy=\"strict-origin-when-cross-origin\" allowfullscreen><\/iframe><\/p>\n<p>Fuerza, elegancia, pasi\u00f3n, amor a la Danza!<\/p>\n<p>https:\/\/youtu.be\/ASy_mGZxyps<\/p>\n<p>As\u00ed bailar\u00e1 su hij@!! \ud83d\ude09<\/p>\n<p>&nbsp;<\/p>\n<p>&nbsp;<\/p>\n","protected":false},"excerpt":{"rendered":"<p>No necesariamente el ballet puede despejar tu mente, eso lo hace la danza en general. Para bailar se necesita de la t\u00e9cnica pero sobre todo de la pasi\u00f3n que tengas por bailar en cada momento... Bailar es dejarse llevar por &hellip; <a href=\"https:\/\/blog.espol.edu.ec\/jaristephaniia\/you-can-dance\/\">Sigue leyendo <span class=\"meta-nav\">&rarr;<\/span><\/a><\/p>\n","protected":false},"author":9694,"featured_media":0,"parent":0,"menu_order":0,"comment_status":"open","ping_status":"open","template":"","meta":{"footnotes":""},"class_list":["post-119","page","type-page","status-publish","hentry"],"_links":{"self":[{"href":"https:\/\/blog.espol.edu.ec\/jaristephaniia\/wp-json\/wp\/v2\/pages\/119","targetHints":{"allow":["GET"]}}],"collection":[{"href":"https:\/\/blog.espol.edu.ec\/jaristephaniia\/wp-json\/wp\/v2\/pages"}],"about":[{"href":"https:\/\/blog.espol.edu.ec\/jaristephaniia\/wp-json\/wp\/v2\/types\/page"}],"author":[{"embeddable":true,"href":"https:\/\/blog.espol.edu.ec\/jaristephaniia\/wp-json\/wp\/v2\/users\/9694"}],"replies":[{"embeddable":true,"href":"https:\/\/blog.espol.edu.ec\/jaristephaniia\/wp-json\/wp\/v2\/comments?post=119"}],"version-history":[{"count":5,"href":"https:\/\/blog.espol.edu.ec\/jaristephaniia\/wp-json\/wp\/v2\/pages\/119\/revisions"}],"predecessor-version":[{"id":158,"href":"https:\/\/blog.espol.edu.ec\/jaristephaniia\/wp-json\/wp\/v2\/pages\/119\/revisions\/158"}],"wp:attachment":[{"href":"https:\/\/blog.espol.edu.ec\/jaristephaniia\/wp-json\/wp\/v2\/media?parent=119"}],"curies":[{"name":"wp","href":"https:\/\/api.w.org\/{rel}","templated":true}]}}