{"id":272,"date":"2012-01-18T04:08:58","date_gmt":"2012-01-18T04:08:58","guid":{"rendered":"http:\/\/blog.espol.edu.ec\/jasmibar\/?page_id=272"},"modified":"2012-01-18T04:09:11","modified_gmt":"2012-01-18T04:09:11","slug":"tesis-del-phd-mariano-montano-el-conocimiento-tropical","status":"publish","type":"page","link":"https:\/\/blog.espol.edu.ec\/jasmibar\/tesis-del-phd-mariano-montano-el-conocimiento-tropical\/","title":{"rendered":"TESIS DEL PHD. MARIANO MONTA\u00d1O (El Conocimiento tropical)"},"content":{"rendered":"<p><a href=\"http:\/\/blog.espol.edu.ec\/jasmibar\/files\/2012\/01\/Monta%C3%B1o-2010-Ph.D.-Tesis-UMH-Espa%C3%B1a.pdf\">Monta\u00f1o 2010 Ph.D. Tesis UMH-Espa\u00f1a<\/a><\/p>\n<p>El PhD.Mariano de Jesus monta\u00f1o impulsando el conocimiento tropical.<\/p>\n","protected":false},"excerpt":{"rendered":"<p>Monta\u00f1o 2010 Ph.D. Tesis UMH-Espa\u00f1a El PhD.Mariano de Jesus monta\u00f1o impulsando el conocimiento tropical.<\/p>\n","protected":false},"author":6866,"featured_media":0,"parent":0,"menu_order":0,"comment_status":"open","ping_status":"open","template":"","meta":{"footnotes":""},"class_list":["post-272","page","type-page","status-publish","hentry"],"_links":{"self":[{"href":"https:\/\/blog.espol.edu.ec\/jasmibar\/wp-json\/wp\/v2\/pages\/272","targetHints":{"allow":["GET"]}}],"collection":[{"href":"https:\/\/blog.espol.edu.ec\/jasmibar\/wp-json\/wp\/v2\/pages"}],"about":[{"href":"https:\/\/blog.espol.edu.ec\/jasmibar\/wp-json\/wp\/v2\/types\/page"}],"author":[{"embeddable":true,"href":"https:\/\/blog.espol.edu.ec\/jasmibar\/wp-json\/wp\/v2\/users\/6866"}],"replies":[{"embeddable":true,"href":"https:\/\/blog.espol.edu.ec\/jasmibar\/wp-json\/wp\/v2\/comments?post=272"}],"version-history":[{"count":2,"href":"https:\/\/blog.espol.edu.ec\/jasmibar\/wp-json\/wp\/v2\/pages\/272\/revisions"}],"predecessor-version":[{"id":275,"href":"https:\/\/blog.espol.edu.ec\/jasmibar\/wp-json\/wp\/v2\/pages\/272\/revisions\/275"}],"wp:attachment":[{"href":"https:\/\/blog.espol.edu.ec\/jasmibar\/wp-json\/wp\/v2\/media?parent=272"}],"curies":[{"name":"wp","href":"https:\/\/api.w.org\/{rel}","templated":true}]}}