{"id":74,"date":"2011-10-26T15:46:53","date_gmt":"2011-10-26T15:46:53","guid":{"rendered":"http:\/\/blog.espol.edu.ec\/jasmibar\/?page_id=74"},"modified":"2011-11-09T02:36:06","modified_gmt":"2011-11-09T02:36:06","slug":"avances-tecnologicos","status":"publish","type":"page","link":"https:\/\/blog.espol.edu.ec\/jasmibar\/avances-tecnologicos\/","title":{"rendered":"AVANCES TECNOLOGICOS"},"content":{"rendered":"<h2 style=\"text-align: center\">Los diez avances tecnol\u00f3gicos que surgir\u00e1n con fuerza en 2011<\/h2>\n<p>05\/12\/10 \t\t\t\t\t\t \t\t\t\t\t\t\tSe vienen autos con Internet, celulares 3D, letreros interactivos, robots enfermeras e Implantes cibern\u00e9ticos.<\/p>\n<p><a href=\"http:\/\/blog.espol.edu.ec\/jasmibar\/files\/2011\/10\/JAS.jpg\"><img loading=\"lazy\" decoding=\"async\" class=\"aligncenter size-medium wp-image-75\" title=\"AUTOMATIZACION \" src=\"http:\/\/blog.espol.edu.ec\/jasmibar\/files\/2011\/10\/JAS-300x168.jpg\" alt=\"\" width=\"300\" height=\"168\" srcset=\"https:\/\/blog.espol.edu.ec\/jasmibar\/files\/2011\/10\/JAS-300x168.jpg 300w, https:\/\/blog.espol.edu.ec\/jasmibar\/files\/2011\/10\/JAS.jpg 526w\" sizes=\"auto, (max-width: 300px) 100vw, 300px\" \/><\/a><\/p>\n<p><strong>1<\/strong> <strong>El grafeno.<\/strong><\/p>\n<p>Este material derivado del grafito  es barato, flexible, transparente y de gran conductividad. Sus  descubridores se alzaron este a\u00f1o con el Nobel de F\u00edsica. Puede ser  empleado para pantallas t\u00e1ctiles, celulares y paneles solares. Esta  forma de carbono puro de una sola capa at\u00f3mica, revolucion\u00f3 la  electr\u00f3nica, la inform\u00e1tica y las comunicaciones y era dif\u00edcil de  replicar industrialmente. Pero gracias a una depuraci\u00f3n de la  Universidad Sungkyunkwan, en Corea del Sur, ser\u00e1 producido a gran escala  el pr\u00f3ximo a\u00f1o.<\/p>\n<p><strong>2<\/strong> <strong>Letreros interactivos.<\/strong><\/p>\n<p>Sirven  para mejorar la experiencia de consumo a trav\u00e9s de una interfase  sensible al tacto, con videos y reconocimiento de rostro, que ofrece  informaci\u00f3n sobre el producto y la forma adecuada para su aplicaci\u00f3n.<\/p>\n<p><strong>3<\/strong> <strong>Robots enfermeras.<\/strong><\/p>\n<p>Esta unidad de videoconferencia m\u00f3vil ingresar\u00e1 a la habitaci\u00f3n de los  pacientes para realizar diferentes procedimientos de rutina (tomar la  presi\u00f3n o la fiebre, entregar medicaci\u00f3n) e interactuar con los  pacientes.<\/p>\n<p><strong>4<\/strong> <strong>Veh\u00edculos inteligentes.<\/strong><\/p>\n<p>Cada vez  habr\u00e1 m\u00e1s autos con Internet, para conocer el estado de las rutas,  escoger un camino alternativo y disfrutar de diferentes contenidos  digitales como enormes archivos online de m\u00fasica y videos.<\/p>\n<p><strong>5<\/strong> <strong>Celulares 3D.<\/strong><\/p>\n<p>La percepci\u00f3n de profundidad es obra de Julien Flack, director de  tecnolog\u00eda de Dynamic Digital Depth, quien a trav\u00e9s de un software  sintetiza escenas en 3D, estimando la profundidad de los objetos. No  requiere gafas.<\/p>\n<p><strong>6<\/strong> <strong>Redes de sensores inal\u00e1mbricos.<\/strong><\/p>\n<p>Son  nodos de computadoras en miniaturas equipadas con sensores coordinados  para una tarea com\u00fan. Un s\u00f3lo artefacto analiza el tr\u00e1fico o el clima,  detecta actividad s\u00edsmica y movimientos militares. Se caracterizan por  su f\u00e1cil instalaci\u00f3n, ser autoconfigurables y convertirse en emisores o  receptores de datos en pocos segundos.<\/p>\n<p><strong>7<\/strong> <strong>TV de LED.<\/strong><\/p>\n<p>Son un 30% m\u00e1s eficientes en el ahorro de energ\u00eda que los LCD  tradicionales, se calientan menos, no tienen problemas de uniformidad de  color, duran m\u00e1s, no emplean materiales t\u00f3xicos y no generan residuos.  Se espera que el pr\u00f3ximo a\u00f1o el precio baje un 35%.<\/p>\n<p><strong>8<\/strong> <strong>Componentes fotovoltaicos.<\/strong><\/p>\n<p>Al colocar nanopart\u00edculas de plata sobre paneles fotovoltaicos de  pel\u00edcula fina, convierten de un 8 a un 12% de la luz que captan en  electricidad. De masificarse este hallazgo, podr\u00eda cambiar el equilibrio  de la tecnolog\u00eda utilizada en las c\u00e9lulas solares.<\/p>\n<p><strong>9<\/strong> <strong>Computaci\u00f3n ubicua.<\/strong><\/p>\n<p>Se espera que los chips sean \u201cinvisibles\u201d y dejen de percibirse como  objetos diferenciados, de forma que el hombre interactu\u00e9 naturalmente  con ellos para hacer cualquier tarea diaria. Desde encender las luces,  regular la calefacci\u00f3n, hasta cerrar el garage, dando \u00f3rdenes s\u00f3lo con  la voz.<\/p>\n<p><strong>10<\/strong> <strong>Implantes cibern\u00e9ticos.<\/strong><\/p>\n<p>La nueva  generaci\u00f3n de dispositivos m\u00e9dicos implantables se basar\u00e1 en materiales  \u00f3pticos y electr\u00f3nicos. Actuar\u00e1n monitoreando signos vitales y  almacenar\u00e1n datos para agregar al historial m\u00e9dico del paciente.<\/p>\n<p><iframe loading=\"lazy\" width=\"420\" height=\"315\" src=\"http:\/\/www.youtube.com\/embed\/EzjkBwZtxp4\" frameborder=\"0\" allowfullscreen><\/iframe><\/p>\n<p><iframe loading=\"lazy\" width=\"420\" height=\"315\" src=\"http:\/\/www.youtube.com\/embed\/1u47_Is9Nx4\" frameborder=\"0\" allowfullscreen><\/iframe><br \/>\n\ufeff<\/p>\n","protected":false},"excerpt":{"rendered":"<p>Los diez avances tecnol\u00f3gicos que surgir\u00e1n con fuerza en 2011 05\/12\/10 Se vienen autos con Internet, celulares 3D, letreros interactivos, robots enfermeras e Implantes cibern\u00e9ticos. 1 El grafeno. Este material derivado del grafito es barato, flexible, transparente y de gran conductividad. Sus descubridores se alzaron este a\u00f1o con el Nobel de F\u00edsica. Puede ser empleado [&hellip;]<\/p>\n","protected":false},"author":6866,"featured_media":0,"parent":0,"menu_order":0,"comment_status":"open","ping_status":"open","template":"","meta":{"footnotes":""},"class_list":["post-74","page","type-page","status-publish","hentry"],"_links":{"self":[{"href":"https:\/\/blog.espol.edu.ec\/jasmibar\/wp-json\/wp\/v2\/pages\/74","targetHints":{"allow":["GET"]}}],"collection":[{"href":"https:\/\/blog.espol.edu.ec\/jasmibar\/wp-json\/wp\/v2\/pages"}],"about":[{"href":"https:\/\/blog.espol.edu.ec\/jasmibar\/wp-json\/wp\/v2\/types\/page"}],"author":[{"embeddable":true,"href":"https:\/\/blog.espol.edu.ec\/jasmibar\/wp-json\/wp\/v2\/users\/6866"}],"replies":[{"embeddable":true,"href":"https:\/\/blog.espol.edu.ec\/jasmibar\/wp-json\/wp\/v2\/comments?post=74"}],"version-history":[{"count":3,"href":"https:\/\/blog.espol.edu.ec\/jasmibar\/wp-json\/wp\/v2\/pages\/74\/revisions"}],"predecessor-version":[{"id":160,"href":"https:\/\/blog.espol.edu.ec\/jasmibar\/wp-json\/wp\/v2\/pages\/74\/revisions\/160"}],"wp:attachment":[{"href":"https:\/\/blog.espol.edu.ec\/jasmibar\/wp-json\/wp\/v2\/media?parent=74"}],"curies":[{"name":"wp","href":"https:\/\/api.w.org\/{rel}","templated":true}]}}