{"id":60,"date":"2014-11-11T09:59:01","date_gmt":"2014-11-11T14:59:01","guid":{"rendered":"http:\/\/blog.espol.edu.ec\/javiteri\/?page_id=60"},"modified":"2014-11-11T09:59:01","modified_gmt":"2014-11-11T14:59:01","slug":"300-realidad-o-ficcion-2","status":"publish","type":"page","link":"https:\/\/blog.espol.edu.ec\/javiteri\/300-realidad-o-ficcion-2\/","title":{"rendered":"300 \u00bfrealidad o ficci\u00f3n?"},"content":{"rendered":"<p><img decoding=\"async\" src=\"http:\/\/lalenteconcava.files.wordpress.com\/2012\/04\/300_28.jpg\" alt=\"\" \/><\/p>\n<p>Quiz\u00e1s una de las pel\u00edculas m\u00e1s conocidas de los \u00faltimos tiempos es 300. Y es que cuando se habla de 300 es imposible no recordar la valent\u00eda de 300 espartanos defendiendo su civilizaci\u00f3n contra un ej\u00e9rcito de 300,000 persas liderados por Jerjes I. Sin embargo, aunque la mayor\u00eda conoce que la batalla que se describe realmente paso, uno no podr\u00eda apreciar hasta qu\u00e9 punto es real y cuando es ficci\u00f3n.<\/p>\n<p>&nbsp;<\/p>\n<p>Para empezar 300 relata la batalla de las termopilas. Pero exactamente \u00bfcu\u00e1l era el conflicto? Esta batalla se dio en el contexto de las guerras m\u00e9dicas, una serie de tres guerras que se dieron entre persas y griegos alrededor del siglo V A.C. \u00bfLa raz\u00f3n? la no sumisi\u00f3n de estos \u00faltimos. Al principio los espartanos realmente no quisieron ser parte del conflicto, pero al ver la amenaza, se vieron forzados a organizarse con el resto de polis griegas. Al final lograron reunir un ej\u00e9rcito de cerca de 10,000 hombres en los que se inclu\u00eda a 300 espartanos, en su tiempo, los mejores guerreros del planeta. Esto contrasta con la pel\u00edcula ya que en esta se habla de 300 espartanos y una coalici\u00f3n de m\u00e1ximo 2000 griegos de otras polis. Sin embargo algo a lo que s\u00ed es fiel la pel\u00edcula es el grueso del ej\u00e9rcito persa. Estimaciones recientes arrojan cerca de 300,000 combatientes del lado persa. Una diferencia m\u00e1s que abismal.<\/p>\n<p>&nbsp;<\/p>\n<p>Sin embargo la ventaja de los griegos era justamente el lugar; esta se dio en una peque\u00f1a brecha de 12 metros de ancho. Esto permiti\u00f3 que el ej\u00e9rcito persa entre de a poco y ante la mejor preparaci\u00f3n militar de los griegos, estos aniquilaron a 20,000 persas con apenas bajas. A pesar de esto, la suerte estaba echada. Jerjes, impaciente, hab\u00eda recibido la visita de un campesino griego, Efialtes, que ciego por el dinero, le comunico al rey persa una manera de entrar por la retaguardia de los griegos (en la pel\u00edcula la visi\u00f3n de Efialtes es totalmente fant\u00e1stica). Esto cambio abruptamente. Le\u00f3nidas I, rey espartano y l\u00edder de la coalici\u00f3n griega, al enterarse de lo sucedido, decidi\u00f3 preguntar qui\u00e9n estar\u00eda dispuesto a quedarse y quien a irse. La mayor\u00eda de los griegos escaparon, pero los 300 espartanos se quedaron pero junto a 700 tespios y 400 tebanos. Esto tambi\u00e9n es diferente a la pel\u00edcula donde solo se quedan los espartanos.<\/p>\n<p><img decoding=\"async\" src=\"http:\/\/1.bp.blogspot.com\/-ed945MY0yfg\/ToHiL55TYSI\/AAAAAAAAAeE\/9W8Q281eHjw\/s400\/676px-Thermopylae_map_480bc-es.svg.png\" alt=\"\" \/><br \/>\nNo es necesario decir el resultado de la batalla, los griegos fueron pr\u00e1cticamente aniquilados. Solo dos sobrevivieron, gracias a que se hicieron los muertos. De ellos uno se suicid\u00f3 y el otro llego a combatir en otras batallas. A pesar del resultado, los griegos realmente si ganaron algo, tiempo. Este fue suficiente para que las polis griegas se organizaran mejor y lograran a la postre expulsar a los persas. Como dato denotar la valent\u00eda de los tespios, que durante las guerras m\u00e9dicas, llegaron a sacrificarse 3 veces de la misma manera que lo hicieron en termopilas.<\/p>\n<p><strong>Diferencias entre la pel\u00edcula y la batalla real <\/strong><\/p>\n<ul>\n<li>Los griegos luchan sin armadura y sin usar ninguna de las formaciones de los espartanos hist\u00f3ricos.<\/li>\n<li>Efialtes es denotado como un ser deforme y frustrado, cuando realmente era un campesino con buena forma f\u00edsica<\/li>\n<li>La representaci\u00f3n de los persas como seres deformes y crueles, cuando solo eran personas normales<\/li>\n<li>Jerjes I, es mostrado calvo y con perforaciones, eso estar\u00eda bien si \u00e9l hubiera sido un rey africano, pero al ser persa es muy probable que su aspecto f\u00edsico haya sido muy diferente<\/li>\n<li>El hecho de que solo se mencionan a 300 espartanos que se quedaron, cuando en realidad los acompa\u00f1aron 500 tebanos y 400 tespios.<\/li>\n<li>Adem\u00e1s hubo personajes totalmente ficticios en la pel\u00edcula como el gigante Berseker o el hombre con manos de cuchillas que ejecutaba a los traidores persas.<\/li>\n<\/ul>\n<p style=\"margin: 0cm;margin-bottom: .0001pt;line-height: 15.75pt\"><strong><span style=\"font-size: 10.5pt;font-family: 'Lucida Sans Unicode',sans-serif;color: #333333\">Contexto hist\u00f3rico real y cr\u00edticas<\/span><\/strong><span style=\"font-size: 10.5pt;font-family: 'Lucida Sans Unicode',sans-serif;color: #333333\">.<\/span><\/p>\n<p style=\"margin: 0cm;margin-bottom: .0001pt;line-height: 15.75pt;text-align: start\"><span style=\"font-size: 10.5pt;font-family: 'Lucida Sans Unicode',sans-serif;color: #333333\">A pesar de ser una pel\u00edcula ficticia 300 en realidad explica de buena manera al menos el contexto de la batalla y la guerra. Sin embargo una de las criticas principales es el hecho de enaltecer el hero\u00edsmo dram\u00e1tico de los espartanos, m\u00e1s que el contexto hist\u00f3rico real. Adem\u00e1s la pel\u00edcula muestra a Esparta como los buenos cuando en realidad ellos eran una monarqu\u00eda militar. B\u00e1sicamente viv\u00edan de la guerra, y los espartanos hombres eran criados exclusivamente para eso. As\u00ed los quehaceres espartanos los hac\u00edan los esclavos que eran casi toda la poblaci\u00f3n de Esparta. Esto al fin y al cabo fue la responsable de su ca\u00edda. A pesar de todo esto la batalla de Termopilas es denotada como una de las m\u00e1s importantes de la historia, donde se muestra como la t\u00e9cnica y el patriotismo pueden ser factores determinantes en una batalla.<\/span><\/p>\n<p>&nbsp;<\/p>\n<p>&nbsp;<\/p>\n","protected":false},"excerpt":{"rendered":"<p>Quiz\u00e1s una de las pel\u00edculas m\u00e1s conocidas de los \u00faltimos tiempos es 300. Y es que cuando se habla de 300 es imposible no recordar la valent\u00eda de 300 espartanos defendiendo su civilizaci\u00f3n contra un ej\u00e9rcito de 300,000 persas liderados por Jerjes I. Sin embargo, aunque la mayor\u00eda conoce que la batalla que se describe [&hellip;]<\/p>\n","protected":false},"author":9393,"featured_media":0,"parent":0,"menu_order":0,"comment_status":"open","ping_status":"open","template":"","meta":{"footnotes":""},"class_list":["post-60","page","type-page","status-publish","hentry"],"_links":{"self":[{"href":"https:\/\/blog.espol.edu.ec\/javiteri\/wp-json\/wp\/v2\/pages\/60","targetHints":{"allow":["GET"]}}],"collection":[{"href":"https:\/\/blog.espol.edu.ec\/javiteri\/wp-json\/wp\/v2\/pages"}],"about":[{"href":"https:\/\/blog.espol.edu.ec\/javiteri\/wp-json\/wp\/v2\/types\/page"}],"author":[{"embeddable":true,"href":"https:\/\/blog.espol.edu.ec\/javiteri\/wp-json\/wp\/v2\/users\/9393"}],"replies":[{"embeddable":true,"href":"https:\/\/blog.espol.edu.ec\/javiteri\/wp-json\/wp\/v2\/comments?post=60"}],"version-history":[{"count":1,"href":"https:\/\/blog.espol.edu.ec\/javiteri\/wp-json\/wp\/v2\/pages\/60\/revisions"}],"predecessor-version":[{"id":61,"href":"https:\/\/blog.espol.edu.ec\/javiteri\/wp-json\/wp\/v2\/pages\/60\/revisions\/61"}],"wp:attachment":[{"href":"https:\/\/blog.espol.edu.ec\/javiteri\/wp-json\/wp\/v2\/media?parent=60"}],"curies":[{"name":"wp","href":"https:\/\/api.w.org\/{rel}","templated":true}]}}