{"id":66,"date":"2016-11-13T03:10:54","date_gmt":"2016-11-13T03:10:54","guid":{"rendered":"http:\/\/blog.espol.edu.ec\/jazanedo\/?page_id=66"},"modified":"2016-11-13T18:05:51","modified_gmt":"2016-11-13T18:05:51","slug":"drama","status":"publish","type":"page","link":"https:\/\/blog.espol.edu.ec\/jazanedo\/drama\/","title":{"rendered":"DRAMA"},"content":{"rendered":"<h2 style=\"text-align: center\"><strong><span style=\"color: #ff6600\">STAIRWAY TO HEAVEN\u00a0<\/span><\/strong><\/h2>\n<p style=\"padding-left: 60px\"><img loading=\"lazy\" decoding=\"async\" class=\"alignnone size-full wp-image-121\" src=\"http:\/\/blog.espol.edu.ec\/jazanedo\/files\/2016\/11\/1._Stairway_to_Heaven.jpg\" alt=\"1-_stairway_to_heaven\" width=\"589\" height=\"442\" \/><\/p>\n<ul>\n<li><strong>Episodios:<\/strong> 20<\/li>\n<li><strong>A\u00f1o:<\/strong> 2004<\/li>\n<li style=\"text-align: center\"><strong>Sinopsis:<\/strong> \u00a0La historia comienza cuando el joven Song Joo (un destacado pianista y \u00fanico heredero del Grupo Global) y Jung Suh (hija \u00fanica del destacado arquitecto que construy\u00f3 los edificios del Grupo Global) son dos enamorados adolescentes. Ambos son amigos de la infancia y comparten un destino muy similar: Song Joo perdi\u00f3 a su padre, y Jung Suh su madre. Todo cambia cuando el padre de la ni\u00f1a se casa con Tae Mi Ra, una famosa actriz y modelo coreana, quien trae consigo a sus hijos, la ambiciosa Yu Ri y al irracional pero sensible pintor Tae Hwa. Se desata una serie de conflictos cuando el hermanastro comienza a demostrar sentimientos rom\u00e1nticos hacia Jung Suh. Por otra parte, Yu Ri apoyada por su madre, comienzan a maltratar a Jung Suh. Yu Ri hace todo lo posible para arrebatarle el novio a su hermanastra. A\u00f1os m\u00e1s tarde ella tiene un accidente causado por su hermanastra Yu Ri la cual pierde la memoria olvidando por completo a Song Joo, quien le prometi\u00f3 que volver\u00eda para estar a su lado.<iframe loading=\"lazy\" title=\"(AB) Escalera Al Cielo OST - Geu Gut Man Eun [Subs \/ Esp &amp; Romanizacion]\" width=\"610\" height=\"458\" src=\"https:\/\/www.youtube.com\/embed\/3Tksop4mYtI?feature=oembed\" frameborder=\"0\" allow=\"accelerometer; autoplay; clipboard-write; encrypted-media; gyroscope; picture-in-picture; web-share\" referrerpolicy=\"strict-origin-when-cross-origin\" allowfullscreen><\/iframe>\n<p>&nbsp;<\/p>\n<p><strong>SECRET LOVE<\/strong><\/li>\n<\/ul>\n<p style=\"padding-left: 90px\"><img loading=\"lazy\" decoding=\"async\" class=\"alignnone size-full wp-image-122\" src=\"http:\/\/blog.espol.edu.ec\/jazanedo\/files\/2016\/11\/Secret_780x436.jpg\" alt=\"secret_780x436\" width=\"590\" height=\"330\" srcset=\"https:\/\/blog.espol.edu.ec\/jazanedo\/files\/2016\/11\/Secret_780x436.jpg 590w, https:\/\/blog.espol.edu.ec\/jazanedo\/files\/2016\/11\/Secret_780x436-250x141.jpg 250w\" sizes=\"auto, (max-width: 590px) 100vw, 590px\" \/><\/p>\n<ul>\n<li><strong>Episodios:<\/strong>\u00a016<\/li>\n<li><strong>A\u00f1o:<\/strong> 2013<\/li>\n<li style=\"text-align: left\"><strong>Sinopsis:<\/strong><\/li>\n<\/ul>\n<p style=\"padding-left: 60px;text-align: center\">Jo Min Hyuk\u00a0naci\u00f3 en una familia rica y lo tiene todo, incluyendo una buena apariencia e inteligencia, pero carece de bondad. \u00c9l pierde a su novia en un accidente, donde sacude su mundo y lo llena de dolor y de sed de venganza.<\/p>\n<p style=\"padding-left: 60px;text-align: center\">Kang Yoo Jung\u00a0es la mujer que fue detenida y encarcelada a causa de dicho accidente, pero quien realmente iba conduciendo era su novio, el f\u00edscal\u00a0Ahn Do Hoon. Yoo Jung se culpa del accidente por amor a su prometido\u00a0Ahn Do Hoon\u00a0y al ser encontrada culpable es sentenciada a 5 a\u00f1os de prisi\u00f3n. En la c\u00e1rcel descubre que est\u00e1 embarazada y da a luz a un ni\u00f1o dentro de la misma, donde tiempo despu\u00e9s todo se complica cuando\u00a0Min Hyuk\u00a0cegado por el rencor y el odio decide vengarse arrebat\u00e1ndole a su hijo. Ella entonces no tendr\u00e1 otra opci\u00f3n que esperar hasta el momento en el que termine su condena.<\/p>\n<p style=\"padding-left: 60px;text-align: center\">Mientras tanto\u00a0Shin Se Yeon, prometida de\u00a0Min Hyuk\u00a0con un matrimonio arreglado por sus familias, es la que tiene un amor no correspondido. Ella se describe a si misma con \u201csed de amor\u201d, y sufrir\u00e1 por no tener el de\u00a0Min Hyuk.<\/p>\n<p style=\"padding-left: 60px;text-align: center\">Yoo Jung\u00a0al salir de prisi\u00f3n no contar\u00e1 con que\u00a0Min Hyuk\u00a0la est\u00e1 esperando con ans\u00edas para seguir cumpliendo su venganza en el nombre de su amada fallecida\u2026<\/p>\n<p><iframe loading=\"lazy\" title=\"Navi (Feat. Kebee of Eluphant) - Incurable Disease FMV (Secret OST) [ENGSUB + Romanization + Hangul]\" width=\"610\" height=\"343\" src=\"https:\/\/www.youtube.com\/embed\/mEcx_RJUYO0?feature=oembed\" frameborder=\"0\" allow=\"accelerometer; autoplay; clipboard-write; encrypted-media; gyroscope; picture-in-picture; web-share\" referrerpolicy=\"strict-origin-when-cross-origin\" allowfullscreen><\/iframe><\/p>\n<p>&nbsp;<\/p>\n<p style=\"text-align: center\"><strong>MARRIAGE CONTRACT<\/strong><\/p>\n<p style=\"text-align: center;padding-left: 30px\"><img loading=\"lazy\" decoding=\"async\" class=\"alignnone size-medium wp-image-123\" src=\"http:\/\/blog.espol.edu.ec\/jazanedo\/files\/2016\/11\/54744765-f058-440f-bcc2-8c09bd829027-600x478.jpg\" alt=\"54744765-f058-440f-bcc2-8c09bd829027\" width=\"600\" height=\"478\" \/><\/p>\n<ul>\n<li><strong>Episodios:<\/strong>\u00a016<\/li>\n<li><strong>A\u00f1o:<\/strong> 2016<\/li>\n<li style=\"text-align: left\"><strong>Sinopsis:<\/strong><\/li>\n<\/ul>\n<p style=\"padding-left: 60px;text-align: center\">Han Ji Hoon es un exitoso empresario hijo de una gran familia. Su madre biol\u00f3gica es otra mujer qui\u00e9n lo dej\u00f3 a cargo de su padre y la esposa de este desde que el era joven, y ahora ella se encuentra gravemente enferma, necesitando un trasplante de h\u00edgado urgente. A pesar de todo el da\u00f1o que le ha causado, Ji Hoon hace todo lo posible por ayudarla, y busca desesperadamente un donante.<\/p>\n<p style=\"padding-left: 60px;text-align: center\">Kang Hye Soo es una joven madre cuyo marido muri\u00f3 tempranamente, dej\u00e1ndola sola criando a su peque\u00f1a hija. Ella carga con muchos problemas, incluyendo las deudas que dej\u00f3 su difunto esposo y el descubrimiento de un tumor cerebral que amenaza su vida.<\/p>\n<p style=\"padding-left: 60px;text-align: center\">Al verse ambos acorralados por sus distintas situaciones, Hye Soo se ofrece como donante del h\u00edgado para la madre de Ji Hoon, a cambio del dinero suficiente para acabar con sus deudas y poder dejarle un futuro prometedor a su hija. Sin embargo, al ser este un acto ilegal, ellos deber\u00e1n casarse y fingir ser una familia para que el proceso pueda completarse, por lo que ambos firman un contrato matrimonial.<\/p>\n<p style=\"padding-left: 60px;text-align: center\">\n<p><iframe loading=\"lazy\" title=\"Jisoo- Hold On Marriage Contract OST Part. 2\" width=\"610\" height=\"343\" src=\"https:\/\/www.youtube.com\/embed\/vEy8PwNsmOU?feature=oembed\" frameborder=\"0\" allow=\"accelerometer; autoplay; clipboard-write; encrypted-media; gyroscope; picture-in-picture; web-share\" referrerpolicy=\"strict-origin-when-cross-origin\" allowfullscreen><\/iframe><\/p>\n<p>&nbsp;<\/p>\n<p style=\"text-align: center\"><strong>UNCONTROLLABLY FOND<\/strong><\/p>\n<p style=\"text-align: center\"><img loading=\"lazy\" decoding=\"async\" class=\"alignnone  wp-image-124\" src=\"http:\/\/blog.espol.edu.ec\/jazanedo\/files\/2016\/11\/descarga-4-1.jpg\" alt=\"descarga-4\" width=\"326\" height=\"469\" \/><\/p>\n<ul>\n<li><strong>Episodios:<\/strong>\u00a020<\/li>\n<li><strong>A\u00f1o:<\/strong> 2016<\/li>\n<li style=\"text-align: center\"><strong>Sinopsis:<\/strong>No Eul a su corta edad presencia el accidente que mata a su padre y la persona culpable es protegida para no ser culpada y a pesar de todos los esfuerzos de No Eul por encontrar justicia el fiscal a cargo del caso se lo impide. Shin Joon Young fue un estudiante flojo pero al enterarse que su padre es un hombre muy respetado trata de seguir sus pasos y ser como el. Despu\u00e9s de varios a\u00f1os Shin Joon Young y No Eul se vuelven a encontrar. No Eul es constantemente asediada por los usureros de quien su padre se presto dinero pero no se ha rendido y sino puede encontrar justicia se vengara del fiscal quien encubri\u00f3 el asesinato de su padre. Shin Joon Young se encuentra en la universidad para ser fiscal como su padre; es entonces cuando la verdad es revelada ante los ojos de Shin Joon Young \u00bfQue serias capaz de hacer por defender a tu padre de la mujer que amas? Un intento desesperado por protegerlo lleva a Shin Joon Young a causar un accidente contra No Eul que pone su vida entre la vida y la muerte, es ah\u00ed al estar arrepentido de lo que hizo que lo lleva a hacer una promesa, su vida a cambio de la de No Eul. Ahora le quedan 3 meses de vida y har\u00e1 todo lo posible por solucionar el error que cometi\u00f3 y encerrar a los culpables del sufrimiento de No Eul, incluso a su padre.<\/li>\n<li style=\"text-align: center\"><iframe loading=\"lazy\" title=\"New Empire - A Little Braver MV [sub espa\u00f1ol | lyrics]  Incontrolablemente Enamorados OST\" width=\"610\" height=\"343\" src=\"https:\/\/www.youtube.com\/embed\/1dy-lWOOxEU?feature=oembed\" frameborder=\"0\" allow=\"accelerometer; autoplay; clipboard-write; encrypted-media; gyroscope; picture-in-picture; web-share\" referrerpolicy=\"strict-origin-when-cross-origin\" allowfullscreen><\/iframe>\n<p>&nbsp;<\/li>\n<\/ul>\n","protected":false},"excerpt":{"rendered":"<p>STAIRWAY TO HEAVEN\u00a0 Episodios: 20 A\u00f1o: 2004 Sinopsis: \u00a0La historia comienza cuando el joven Song Joo (un destacado pianista y \u00fanico heredero del Grupo Global) y Jung Suh (hija \u00fanica del destacado arquitecto que construy\u00f3 los edificios del Grupo Global) son dos enamorados adolescentes. Ambos son amigos de la infancia y comparten un destino muy [&hellip;]<\/p>\n","protected":false},"author":10717,"featured_media":0,"parent":0,"menu_order":0,"comment_status":"closed","ping_status":"closed","template":"","meta":{"footnotes":""},"class_list":["post-66","page","type-page","status-publish","hentry"],"_links":{"self":[{"href":"https:\/\/blog.espol.edu.ec\/jazanedo\/wp-json\/wp\/v2\/pages\/66","targetHints":{"allow":["GET"]}}],"collection":[{"href":"https:\/\/blog.espol.edu.ec\/jazanedo\/wp-json\/wp\/v2\/pages"}],"about":[{"href":"https:\/\/blog.espol.edu.ec\/jazanedo\/wp-json\/wp\/v2\/types\/page"}],"author":[{"embeddable":true,"href":"https:\/\/blog.espol.edu.ec\/jazanedo\/wp-json\/wp\/v2\/users\/10717"}],"replies":[{"embeddable":true,"href":"https:\/\/blog.espol.edu.ec\/jazanedo\/wp-json\/wp\/v2\/comments?post=66"}],"version-history":[{"count":3,"href":"https:\/\/blog.espol.edu.ec\/jazanedo\/wp-json\/wp\/v2\/pages\/66\/revisions"}],"predecessor-version":[{"id":125,"href":"https:\/\/blog.espol.edu.ec\/jazanedo\/wp-json\/wp\/v2\/pages\/66\/revisions\/125"}],"wp:attachment":[{"href":"https:\/\/blog.espol.edu.ec\/jazanedo\/wp-json\/wp\/v2\/media?parent=66"}],"curies":[{"name":"wp","href":"https:\/\/api.w.org\/{rel}","templated":true}]}}