{"id":78,"date":"2016-11-13T03:15:54","date_gmt":"2016-11-13T03:15:54","guid":{"rendered":"http:\/\/blog.espol.edu.ec\/jazanedo\/?page_id=78"},"modified":"2016-11-13T22:10:44","modified_gmt":"2016-11-13T22:10:44","slug":"recomendadas","status":"publish","type":"page","link":"https:\/\/blog.espol.edu.ec\/jazanedo\/recomendadas\/","title":{"rendered":"RECOMENDADAS"},"content":{"rendered":"<h1><\/h1>\n<h1><strong><span style=\"color: #339966\">Lista de las 10 mejores pel\u00edculas\u00a0<\/span><\/strong><\/h1>\n<ol>\n<li style=\"text-align: justify\">\n<h2><strong><span style=\"color: #000080\">\u00a0Baby and me<\/span><\/strong><\/h2>\n<p>Joon Su es un estudiante de escuela superior que vive con sus padres, viviendo despreocupadamente sin dejar de meterse en l\u00edos y peleas. Un d\u00eda aparece un beb\u00e9 con un papel que dice que \u00e9l es su padre, por lo que a Joon Su no le quedar\u00e1 otro remedio que cuidarlo, cambiarle el pa\u00f1al, alimentar, dormir al beb\u00e9 y adem\u00e1s seguir asistiendo a clase. Todo eso y otras cosas m\u00e1s dificultar\u00e1n la vida del joven que empieza a cambiar su actitud y forma de pensar, dejando a un lado su rebeld\u00eda.<\/p>\n<h2><\/h2>\n<p><iframe loading=\"lazy\" title=\"Baby and Me - OFFICIAL TRAILER -  Jang Geun-suk Teen Drama\" width=\"610\" height=\"343\" src=\"https:\/\/www.youtube.com\/embed\/7oThvRuRAsE?feature=oembed\" frameborder=\"0\" allow=\"accelerometer; autoplay; clipboard-write; encrypted-media; gyroscope; picture-in-picture; web-share\" referrerpolicy=\"strict-origin-when-cross-origin\" allowfullscreen><\/iframe><\/p>\n<p>Vea la pel\u00edcula completa en el siguiente link: \u00a0<a href=\"https:\/\/www.youtube.com\/watch?v=3uPmxotAvso\" target=\"_blank\">https:\/\/www.youtube.com\/watch?v=cfV2qM9NTw8<\/a><\/li>\n<li style=\"text-align: justify\">\n<h2><span style=\"color: #993366\"><strong><span style=\"color: #993366\">A millionarie's first love<\/span><\/strong><\/span><\/h2>\n<h2><strong><br \/>\n<\/strong><\/h2>\n<p>Kang Jae Kyung (Hyun Bin) es un joven millonario, mimado, prepotente e irritante que acaba de heredar una gran fortuna de su abuelo, la misma que debe pasar a sus manos cuando cumpla 18 a\u00f1os. A pesar de cumplir la edad, el abogado de la familia le informa que el testamento ordena que para obtener la herencia debe cambiarse a una escuela rural y graduarse alli, de no acatar esa orden, s\u00f3lo podr\u00e1 reclamar el 0.1% de la herencia. La noticia es tragica para Jae Kyung que termina estudiando en un pueblo de escasos recursos. Alli conoce a Eun Whan (Lee Yeon Hee). El desenlace de esta gran historia de amor se da cuando Kan Jae Kyung se da cuenta que se ha enamorado inesperadamente de la chica y que no puede declararle su amor pues ella padece de una grave enfermedad en el coraz\u00f3n por la cual no puede recibir ninguna clase de emocion fuerte.<\/p>\n<p><iframe loading=\"lazy\" title=\"Trailer - A Millionaire&#039;s First Love (sub espa\u00f1ol)\" width=\"610\" height=\"458\" src=\"https:\/\/www.youtube.com\/embed\/Hlb4YGVJl0c?feature=oembed\" frameborder=\"0\" allow=\"accelerometer; autoplay; clipboard-write; encrypted-media; gyroscope; picture-in-picture; web-share\" referrerpolicy=\"strict-origin-when-cross-origin\" allowfullscreen><\/iframe><\/p>\n<p>Vea la pel\u00edcula completa en el siguiente link:\u00a0<a href=\"https:\/\/www.youtube.com\/watch?v=sIdUFs8ZHuQ\" target=\"_blank\">https:\/\/www.youtube.com\/watch?v=sIdUFs8ZHuQ<\/a><\/li>\n<li style=\"text-align: justify\"><strong>YOU'RE MY PET\u00a0<\/strong><\/li>\n<\/ol>\n<p style=\"text-align: justify;padding-left: 60px\">La historia trata sobre Ji Eun, una chica trabajadora y de car\u00e1cter fuerte, que actualmente trabaja en un peri\u00f3dico importante. Un d\u00eda encuentra\u00a0en su camino\u00a0a In Ho, un atractivo chico de 20 a\u00f1os sin dinero y tirado en la calle, que quiere bailar ballet y actualmente no tiene d\u00f3nde ir. Al comienzo de la relaci\u00f3n, Ji Eun no soporta la idea de tener cerca a In Ho, pero la soledad hace que Ji Eun lo \"adopte\", llev\u00e1ndolo a casa y trat\u00e1ndolo como una mascota, incluso apod\u00e1ndolo \"Momo\", el nombre de su anterior mascota.<\/p>\n<p><iframe loading=\"lazy\" title=\"You&#039;re my Pet (Trailer) sub espa\u00f1ol\" width=\"610\" height=\"343\" src=\"https:\/\/www.youtube.com\/embed\/dUhKo4sr3b4?feature=oembed\" frameborder=\"0\" allow=\"accelerometer; autoplay; clipboard-write; encrypted-media; gyroscope; picture-in-picture; web-share\" referrerpolicy=\"strict-origin-when-cross-origin\" allowfullscreen><\/iframe><\/p>\n<p style=\"padding-left: 60px\">Vea la pel\u00edcula completa en el siguiente link: <a href=\"https:\/\/www.youtube.com\/watch?v=G7JxA3DfcLI\">https:\/\/www.youtube.com\/watch?v=G7JxA3DfcLI<\/a><\/p>\n<p style=\"padding-left: 60px\">4. \u00a0<strong>1OO DAY WITH MRS. ARROGANT<\/strong><\/p>\n<p style=\"padding-left: 60px;text-align: justify\">Es la historia de una colegiala(Kang Ha Yeong) que termina con su novio justo el d\u00eda antes de cumplir 100 d\u00edas juntos. Se enoja tanto que patea en la calle una lata y golpea a un chico rico(Ahn Hyung Joon) mientras est\u00e1 manejando. A causa de esto, el chico tiene un peque\u00f1o accidente en el que su auto queda rayado y demanda que le pague inmediatamente una suma de dinero que ella no puede afrontar. Todo esto termina en un contrato de 100 d\u00ecas de esclavitud para ella, aunque el amor no tarda en llegar. El problema surge cuando los 100 d\u00edas se acaban y \u00e9l tiene que irse.<\/p>\n<p><iframe loading=\"lazy\" title=\"100 Days with Mr. Arrogant (My Love Ssagajy -\ub0b4 \uc0ac\ub791 \uc2f8\uac00\uc9c0 ) - Trailer\" width=\"610\" height=\"458\" src=\"https:\/\/www.youtube.com\/embed\/Er30pYSM8to?feature=oembed\" frameborder=\"0\" allow=\"accelerometer; autoplay; clipboard-write; encrypted-media; gyroscope; picture-in-picture; web-share\" referrerpolicy=\"strict-origin-when-cross-origin\" allowfullscreen><\/iframe><\/p>\n<p style=\"text-align: left;padding-left: 60px\">Vea la pel\u00edcula completa en el siguiente link:\u00a0<a href=\"https:\/\/www.youtube.com\/watch?v=S85kMizbF_8\">https:\/\/www.youtube.com\/watch?v=S85kMizbF_8<\/a><\/p>\n<p style=\"text-align: left;padding-left: 60px\">5. <strong>DO RE MI FA SOL LA TI DO<\/strong><\/p>\n<p style=\"padding-left: 60px;text-align: justify\">Yoon Jeong Won, una chica con bastante energ\u00eda y car\u00e1cter, trabaja medio tiempo en un parque de diversiones disfrazada como <i>Dooly, el peque\u00f1o dinosaurio<\/i>. Un d\u00eda es v\u00edctima de las burlas y juegos de un grupo de amigos que visitaban el parque, por lo que, en venganza Jeong Won vierte un vaso de soda sobre uno de ellos.Poco tiempo despu\u00e9s, Jeong Won descubre que ese mismo chico, del parque de diversiones, se ha mudado a la casa de al lado. Se trata de Shin Eun Gyu, un chico bastante guapo y popular,\u00a0vocalista de una banda llamada <i>Do Re Mi Fa So La Ti Do <\/i>\u2661<\/p>\n<p style=\"padding-left: 60px;text-align: justify\">Una noche,\u00a0Eun Gyu, sorprende a Jeong Won tratando de salir de su casa, por lo que la amenaza con decirle a sus padres que ella se escapa todas las noches para ir a trabajar a una tienda de autoservicio. Para mantener a Eun Gyu tranquilo, Jeong Won se compromete a cargar su guitarra hasta el lugar de ensayos de su banda, durante toda una semana.<\/p>\n<p style=\"padding-left: 60px;text-align: justify\">Pronto Jeong Won y Eun Gyu\u00a0comienzan a desarrollar sentimientos\u00a0mutuos y los dos terminan convirti\u00e9ndose en pareja. Sin embargo, por jugarretas del destino entra en escena Hee Won, el tercero en discordia de este tri\u00e1ngulo amoroso, alguien que no es desconocido para ninguno de los dos.<\/p>\n<p><iframe loading=\"lazy\" title=\"Do re mi fa so la ti do [MV] - Doremifasolatido Trailer Competitor 5\" width=\"610\" height=\"458\" src=\"https:\/\/www.youtube.com\/embed\/GjtqulBHUO0?feature=oembed\" frameborder=\"0\" allow=\"accelerometer; autoplay; clipboard-write; encrypted-media; gyroscope; picture-in-picture; web-share\" referrerpolicy=\"strict-origin-when-cross-origin\" allowfullscreen><\/iframe><\/p>\n<p style=\"padding-left: 60px\">Vea la pel\u00edcula completa en el siguiente link:<a href=\"https:\/\/www.youtube.com\/watch?v=BaiHrAK4gFo\">https:\/\/www.youtube.com\/watch?v=BaiHrAK4gFo<\/a><\/p>\n<p style=\"text-align: left;padding-left: 60px\">6. \u00a0<strong>200 POUNTS BEAUTY\u00a0<\/strong><\/p>\n<p style=\"padding-left: 60px;text-align: justify\">Ha Na es una cantante de sincronizaci\u00f3n de labios para Ammy, una famosa cantante de pop coreana. A pesar de que siempre se esconde debido a su apariencia, es una chica inteligente y alegre hasta que Ammy la humilla delante de Sang Jun, su amor secreto. Lo que provoca que Ha Na tome una decisi\u00f3n, una cirug\u00eda pl\u00e1stica en todo su cuerpo, para poder convertirse en toda una belleza.<\/p>\n<p><iframe loading=\"lazy\" title=\"200 Pounds Beauty trailer espa\u00f1ol\" width=\"610\" height=\"343\" src=\"https:\/\/www.youtube.com\/embed\/N64lLU2ns-4?feature=oembed\" frameborder=\"0\" allow=\"accelerometer; autoplay; clipboard-write; encrypted-media; gyroscope; picture-in-picture; web-share\" referrerpolicy=\"strict-origin-when-cross-origin\" allowfullscreen><\/iframe><\/p>\n<p style=\"padding-left: 60px\">Vea la pel\u00edcula completa en el siguiente link:\u00a0<a href=\"https:\/\/www.youtube.com\/watch?v=SkIyArie0kU\">https:\/\/www.youtube.com\/watch?v=SkIyArie0kU<\/a><\/p>\n<p style=\"padding-left: 60px\">7. <span style=\"color: #000000\"><b>ALWAYS\u00a0<\/b><\/span><\/p>\n<p style=\"text-align: justify;padding-left: 60px\">\"Always\" narra una triste y hermosa historia de amor sobre un ex-boxeador y una mujer que est\u00e1 perdiendo la vista.<\/p>\n<p style=\"text-align: justify;padding-left: 60px\">Cheol Min, un ex-boxeador con un pasado oscuro y misterioso, acepta el trabajo nocturno atendiendo un parking. Un d\u00eda,conoce a una chica llamada Jung Hwa que qued\u00f3 ciega a consecuencias de un accidente de tr\u00e1fico,ella entra en la cabina donde trabaja y sin saber que es \u00e9l, le da caramelos y mandarinas. Pasan asi los d\u00edas y entre ellos surgir\u00e1 un amor mutuo. Jun Hwa, al hacerse un chequeo m\u00e9dico pone en conocimiento de Cheol Min que de no hacerse la operaci\u00f3n pronto para recobrar la vista m\u00e1s adelante seria demasiado tarde. Cheol Min hara lo imposible por conseguir que Jun Hwa se opere, pero \u00bfser\u00e1 suficiente? \u00bfQue hara para poder conseguir todo el dinero de la operacion?<\/p>\n<p><iframe loading=\"lazy\" title=\"Kmovie \uc624\uc9c1 \uadf8\ub300\ub9cc\uff0fAlways\uff0fOnly You (2011) Trailer sub espa\u00f1ol\" width=\"610\" height=\"343\" src=\"https:\/\/www.youtube.com\/embed\/fWrUGHIU6WY?feature=oembed\" frameborder=\"0\" allow=\"accelerometer; autoplay; clipboard-write; encrypted-media; gyroscope; picture-in-picture; web-share\" referrerpolicy=\"strict-origin-when-cross-origin\" allowfullscreen><\/iframe><\/p>\n<p style=\"padding-left: 60px\">Vea la pel\u00edcula completa en el siguiente link:\u00a0<a href=\"https:\/\/www.youtube.com\/watch?v=vLFdKB5GPIY\">https:\/\/www.youtube.com\/watch?v=vLFdKB5GPIY<\/a><\/p>\n<p style=\"padding-left: 60px\">8. <strong>MY LITTLE BRIDE<\/strong><\/p>\n<p style=\"padding-left: 60px;text-align: justify\">Bo Eun es una chica normal de secundaria que se preocupa por grados y se siente atra\u00edda por su equipo de b\u00e9isbol de la escuela sobre todo por uno de los miembros del equipo Jung Woo. Un d\u00eda, el abuelo de Bo Eun le ordena que se case Sang Min a causa de un pacto que hizo con el abuelo de Sang Min durante la Guerra de Corea. A pesar de la oposici\u00f3n de los nietos, son obligados a casarse a causa de la fuerte influencia del abuelo de Bo Eun. Ella, comienza la vida matrimonial y dice que ella no tiene ning\u00fan marido y empieza a salir con Jung Woo. Bo Eun cree que puede manejar tanto de hombres como de vivir una doble vida. Todo va sin problemas hasta que Sang Min visita Bo Eun en la escuela como maestro. En la escuela, mantienen una relaci\u00f3n de estudiante a maestro sin ning\u00fan problema hasta que empiezan los celos.<\/p>\n<p><iframe loading=\"lazy\" title=\"My Little Bride Trailer\" width=\"610\" height=\"458\" src=\"https:\/\/www.youtube.com\/embed\/cxhRA630Xdc?feature=oembed\" frameborder=\"0\" allow=\"accelerometer; autoplay; clipboard-write; encrypted-media; gyroscope; picture-in-picture; web-share\" referrerpolicy=\"strict-origin-when-cross-origin\" allowfullscreen><\/iframe><\/p>\n<p style=\"padding-left: 60px\">Vea la pel\u00edcula completa en el siguiente link:\u00a0<a href=\"https:\/\/www.youtube.com\/watch?v=iFW7U7QrGSE\">https:\/\/www.youtube.com\/watch?v=iFW7U7QrGSE<\/a><\/p>\n<p style=\"padding-left: 60px\">9. <strong>MY SASSY GIRL<\/strong><\/p>\n<p style=\"text-align: justify;padding-left: 30px\">Mi chica descarada cuenta la divertida historia de amor entre Gyeon-woo, un estudiante inexperto y una estrafalaria chica universitaria.<\/p>\n<p style=\"text-align: justify;padding-left: 30px\">\u00c9l la encuentra, a altas horas de la noche, borracha a punto de ser arrollada por un tren, y desplomada en un vag\u00f3n del metro, borracha hasta el punto de vomitar sobre un desafortunado pasajero. Dej\u00e1ndole sin elecci\u00f3n, la lleva hasta un motel para que pase la borrachera, (pensando abandonarle alli).<\/p>\n<p style=\"text-align: justify;padding-left: 30px\">As\u00ed es como comienzan sus citas, con \u00e9l enamor\u00e1ndose de la chica, que est\u00e1 dolida debido a un amor previo que termin\u00f3. Amarla, sin embargo, no es nada f\u00e1cil.<\/p>\n<p><iframe loading=\"lazy\" title=\"My sassy girl trailer subtitulado en espa\u00f1ol\" width=\"610\" height=\"343\" src=\"https:\/\/www.youtube.com\/embed\/xk7BY5IIeWE?feature=oembed\" frameborder=\"0\" allow=\"accelerometer; autoplay; clipboard-write; encrypted-media; gyroscope; picture-in-picture; web-share\" referrerpolicy=\"strict-origin-when-cross-origin\" allowfullscreen><\/iframe><\/p>\n<p style=\"padding-left: 60px\">Vea la pel\u00edcula completa en el siguiente link:\u00a0<a href=\"https:\/\/www.youtube.com\/watch?v=aTE2VvPYHBI\">https:\/\/www.youtube.com\/watch?v=aTE2VvPYHBI<\/a><\/p>\n<p style=\"padding-left: 60px\">10. <strong>A WEREWOLF BOY\u00a0<\/strong><\/p>\n<p style=\"padding-left: 60px;text-align: justify\">Kim Suni, una mujer mayor que a sus 60 a\u00f1os vive en los EE.UU., recibe una llamada telef\u00f3nica acerca de la venta de su vieja casa familiar en Corea del Sur. De regreso a su tierra natal, conoce a su nieta Eun-joo, quien conduce a la casa de campo y deciden pasar la noche ah\u00ed. Suni recuerda c\u00f3mo hace 47 a\u00f1os cuando era una adolescente en 1965, se traslad\u00f3 desde Se\u00fal junto con su madre viuda y hermana Sun-Ja a un valle remoto para someterse a un per\u00edodo de convalecencia tras sufrir problemas con sus pulmones. Las Kim viv\u00edan en la pobreza y estaban a merced de su patr\u00f3n arrogante y vanidoso, Ji-Tae, hijo del socio de negocios del difunto padre de Suni. Debido a su delicado estado de salud, Suni quien era una joven hermosa pero introvertida vive una vida aislada en su pa\u00eds de origen, sin amigos de su edad.Una noche, Suni mira destellos en la oscuridad de la parte trasera de su casa. Al d\u00eda siguiente, ella descubre a un joven salvaje de unos 19 a\u00f1os en su patio. suni lo educa y le ense\u00f1a todo lo que debe saber para comportarse.<\/p>\n<p><iframe loading=\"lazy\" title=\"A Werewolf Boy (2012) Trailer Sup Esp\" width=\"610\" height=\"343\" src=\"https:\/\/www.youtube.com\/embed\/XbdOnAqJ24k?feature=oembed\" frameborder=\"0\" allow=\"accelerometer; autoplay; clipboard-write; encrypted-media; gyroscope; picture-in-picture; web-share\" referrerpolicy=\"strict-origin-when-cross-origin\" allowfullscreen><\/iframe><\/p>\n<p style=\"padding-left: 60px\">Vea la pel\u00edcula completa en el siguiente link:\u00a0<a href=\"https:\/\/www.youtube.com\/watch?v=m08hkOWCw1M\">https:\/\/www.youtube.com\/watch?v=m08hkOWCw1M<\/a><\/p>\n","protected":false},"excerpt":{"rendered":"<p>Lista de las 10 mejores pel\u00edculas\u00a0 \u00a0Baby and me Joon Su es un estudiante de escuela superior que vive con sus padres, viviendo despreocupadamente sin dejar de meterse en l\u00edos y peleas. Un d\u00eda aparece un beb\u00e9 con un papel que dice que \u00e9l es su padre, por lo que a Joon Su no le [&hellip;]<\/p>\n","protected":false},"author":10717,"featured_media":0,"parent":0,"menu_order":0,"comment_status":"closed","ping_status":"closed","template":"","meta":{"footnotes":""},"class_list":["post-78","page","type-page","status-publish","hentry"],"_links":{"self":[{"href":"https:\/\/blog.espol.edu.ec\/jazanedo\/wp-json\/wp\/v2\/pages\/78","targetHints":{"allow":["GET"]}}],"collection":[{"href":"https:\/\/blog.espol.edu.ec\/jazanedo\/wp-json\/wp\/v2\/pages"}],"about":[{"href":"https:\/\/blog.espol.edu.ec\/jazanedo\/wp-json\/wp\/v2\/types\/page"}],"author":[{"embeddable":true,"href":"https:\/\/blog.espol.edu.ec\/jazanedo\/wp-json\/wp\/v2\/users\/10717"}],"replies":[{"embeddable":true,"href":"https:\/\/blog.espol.edu.ec\/jazanedo\/wp-json\/wp\/v2\/comments?post=78"}],"version-history":[{"count":3,"href":"https:\/\/blog.espol.edu.ec\/jazanedo\/wp-json\/wp\/v2\/pages\/78\/revisions"}],"predecessor-version":[{"id":138,"href":"https:\/\/blog.espol.edu.ec\/jazanedo\/wp-json\/wp\/v2\/pages\/78\/revisions\/138"}],"wp:attachment":[{"href":"https:\/\/blog.espol.edu.ec\/jazanedo\/wp-json\/wp\/v2\/media?parent=78"}],"curies":[{"name":"wp","href":"https:\/\/api.w.org\/{rel}","templated":true}]}}