{"id":95,"date":"2015-05-26T01:58:16","date_gmt":"2015-05-26T01:58:16","guid":{"rendered":"http:\/\/blog.espol.edu.ec\/jbveliz\/?page_id=95"},"modified":"2015-05-26T01:58:16","modified_gmt":"2015-05-26T01:58:16","slug":"arroz-con-gallina","status":"publish","type":"page","link":"https:\/\/blog.espol.edu.ec\/jbveliz\/carnes-2\/arroz-con-gallina\/","title":{"rendered":"Arroz con gallina"},"content":{"rendered":"<p>Ingredientes<\/p>\n<ul>\n<li>1 gallina<\/li>\n<li>1 \u00bd lb de arroz<\/li>\n<li>1 lb de carne picada chiquita<\/li>\n<li>2 cebollas grandes ralladas<\/li>\n<li>Sal<\/li>\n<li>Pimienta<\/li>\n<li>2 rajas de canela<\/li>\n<li>4 cdas de mantequilla<\/li>\n<\/ul>\n<p>Preparaci\u00f3n<\/p>\n<p>Cocine la gallina en suficiente agua con la canela, sal y pimienta, cuando este blanda ret\u00edrela y cuele el caldo; sofr\u00eda la carne y la cebolla en un poquito de mantequilla. Mida la cantidad de caldo que guardo relacionado con la cantidad de arroz; ponga a cocinar y luego de quince minutos, agregue la carne, deje un tiempo m\u00e1s al fuego. Al momento de servir ad\u00f3rnalo con almendras fritas en mantequilla y pedazos de gallina sin piel, ni huesos.<\/p>\n","protected":false},"excerpt":{"rendered":"<p>Ingredientes 1 gallina 1 \u00bd lb de arroz 1 lb de carne picada chiquita 2 cebollas grandes ralladas Sal Pimienta 2 rajas de canela 4 cdas de mantequilla Preparaci\u00f3n Cocine la gallina en suficiente agua con la canela, sal y pimienta, cuando este blanda ret\u00edrela y cuele el caldo; sofr\u00eda la carne y la cebolla &hellip; <\/p>\n<p><a class=\"more-link btn\" href=\"https:\/\/blog.espol.edu.ec\/jbveliz\/carnes-2\/arroz-con-gallina\/\">Seguir leyendo<\/a><\/p>\n","protected":false},"author":9615,"featured_media":0,"parent":61,"menu_order":0,"comment_status":"open","ping_status":"open","template":"","meta":{"footnotes":""},"class_list":["post-95","page","type-page","status-publish","hentry","nodate","item-wrap"],"_links":{"self":[{"href":"https:\/\/blog.espol.edu.ec\/jbveliz\/wp-json\/wp\/v2\/pages\/95","targetHints":{"allow":["GET"]}}],"collection":[{"href":"https:\/\/blog.espol.edu.ec\/jbveliz\/wp-json\/wp\/v2\/pages"}],"about":[{"href":"https:\/\/blog.espol.edu.ec\/jbveliz\/wp-json\/wp\/v2\/types\/page"}],"author":[{"embeddable":true,"href":"https:\/\/blog.espol.edu.ec\/jbveliz\/wp-json\/wp\/v2\/users\/9615"}],"replies":[{"embeddable":true,"href":"https:\/\/blog.espol.edu.ec\/jbveliz\/wp-json\/wp\/v2\/comments?post=95"}],"version-history":[{"count":1,"href":"https:\/\/blog.espol.edu.ec\/jbveliz\/wp-json\/wp\/v2\/pages\/95\/revisions"}],"predecessor-version":[{"id":96,"href":"https:\/\/blog.espol.edu.ec\/jbveliz\/wp-json\/wp\/v2\/pages\/95\/revisions\/96"}],"up":[{"embeddable":true,"href":"https:\/\/blog.espol.edu.ec\/jbveliz\/wp-json\/wp\/v2\/pages\/61"}],"wp:attachment":[{"href":"https:\/\/blog.espol.edu.ec\/jbveliz\/wp-json\/wp\/v2\/media?parent=95"}],"curies":[{"name":"wp","href":"https:\/\/api.w.org\/{rel}","templated":true}]}}