{"id":39,"date":"2014-06-10T05:01:21","date_gmt":"2014-06-10T05:01:21","guid":{"rendered":"http:\/\/blog.espol.edu.ec\/jcchavez\/?page_id=39"},"modified":"2014-06-10T05:18:33","modified_gmt":"2014-06-10T05:18:33","slug":"tiempo-de-degradacion-de-algunos-materiales","status":"publish","type":"page","link":"https:\/\/blog.espol.edu.ec\/jcchavez\/tiempo-de-degradacion-de-algunos-materiales\/","title":{"rendered":"Tiempo de degradacion de algunos materiales"},"content":{"rendered":"<p>Tabla N\u00ba 1. Degradaci\u00f3n de los Desechos.<\/p>\n<p>Material<\/p>\n<p>Tiempo de Degradaci\u00f3n (En A\u00f1os)<\/p>\n<p>El papel, compuesto b\u00e1sicamente por celulosa, no le da mayores problemas a la naturaleza para integrar sus componentes al suelo. Si queda tirado sobre tierra y le toca un invierno lluvioso, no tarda en degradarse. Lo ideal, de todos modos, es reciclarlo para evitar que se sigan talando \u00e1rboles para su fabricaci\u00f3n.<\/p>\n<p>1 A\u00f1o<\/p>\n<p>Una lata de gaseosa o de cerveza al estado de \u00f3xido de hierro. Por lo general, las latas tienen 210 micrones de espesor de acero recubierto de barniz y de esta\u00f1o. A la intemperie, hacen falta mucha lluvia y humedad para que el \u00f3xido la cubra totalmente.<\/p>\n<p>10 A\u00f1os<\/p>\n<p>Los vasos descartables de polipropileno contaminan menos que los de poliestireno -material de las cajitas de huevos-. Pero tambi\u00e9n tardan en transformarse. El pl\u00e1stico queda reducido a mol\u00e9culas sint\u00e9ticas; invisibles pero siempre presentes.<\/p>\n<p>10 A\u00f1os<\/p>\n<p>Lacas y espumas son algunos de los elementos m\u00e1s pol\u00e9micos de los desechos domiciliarios. Primero porque al ser un aerosol, salvo especificaci\u00f3n contraria, ya es un agente contaminante por sus CFC (clorofluorocarbonos) Por lo dem\u00e1s, su estructura met\u00e1lica lo hace resistente a la degradaci\u00f3n natural. El primer paso es la oxidaci\u00f3n.<\/p>\n<p>30 A\u00f1os<\/p>\n<p>El acero y pl\u00e1stico, los encendedores descartarles se toman su tiempo para convertirse en otra cosa. El acero, expuesto al aire libre, reci\u00e9n comienza a da\u00f1arse y enmohecerse levemente despu\u00e9s de 10 a\u00f1os. El pl\u00e1stico, en ese tiempo, ni pierde el color. Sus componentes son altamente contaminantes y no se degradan. La mayor\u00eda tiene mercurio, pero otras tambi\u00e9n pueden tener zinc, cromo, ars\u00e9nico, plomo o cadmio. Pueden empezar a separarse luego de 50 a\u00f1os al aire libre. Pero se las ingenian para permanecer como agentes nocivos.<\/p>\n<p>100 A\u00f1os<\/p>\n<p>Las botellas de pl\u00e1stico son las m\u00e1s rebeldes a la hora de transformarse. Al aire libre pierden su tonicidad, se fragmentan y se dispersan. Enterradas, duran m\u00e1s. La mayor\u00eda est\u00e1 hecha de tereftalato de polietileno (PET), un material duro de roer: los microorganismos no tienen mecanismos para atacarlos.\t<\/p>\n<p>100 a 1.000 A\u00f1os<\/p>\n<p>Los corchos de pl\u00e1stico est\u00e1n hechos de polipropileno, el mismo material de las pajitas y envases de yogur. Se puede reciclar m\u00e1s f\u00e1cil que las botellas de agua mineral (que son de PVC, cloruro de polivinilo) y las que son de PET (tereftalato de polietileno)<\/p>\n<p>M\u00e1s de 100 A\u00f1os<\/p>\n<p>Las bolsas de pl\u00e1stico, por causa de su m\u00ednimo espesor, pueden transformarse m\u00e1s r\u00e1pido que una botella de ese material. Las bolsitas, en realidad, est\u00e1n hechas de polietileno de baja densidad. La naturaleza suele entablar una \"batalla\" dura contra ese elemento. Y, por lo general, pierde.<\/p>\n<p>150 A\u00f1os<\/p>\n<p>Las zapatillas est\u00e1n compuestas por cuero, tela, goma y, en algunos casos, espumas sint\u00e9ticas. Por eso tienen varias etapas de degradaci\u00f3n. Lo primero que desaparece son las partes de tela o cuero. Su interior no puede ser degradado: s\u00f3lo se reduce.<\/p>\n<p>200 A\u00f1os<\/p>\n<p>La mayor\u00eda de las mu\u00f1ecas articuladas son de pl\u00e1stico, de los que m\u00e1s tardan en desintegrarse. Los rayos ultravioletas del sol s\u00f3lo logran dividirlo en mol\u00e9culas peque\u00f1as. Ese proceso puede durar cientos de a\u00f1os, pero desaparecen de la faz de la Tierra.<\/p>\n<p>250 A\u00f1os<\/p>\n<p>Las Pilas<\/p>\n<p>M\u00e1s de 1.000 A\u00f1os<\/p>\n<p>La botella de vidrio, en cualquiera de sus formatos, es un objeto muy resistente. Aunque es fr\u00e1gil porque con una simple ca\u00edda puede quebrarse, para los componentes naturales del suelo es una tarea tit\u00e1nica transformarla. Formada por arena y carbonatos de sodio y de calcio, es reciclable en un 100%<\/p>\n<p>4.000 A\u00f1os<\/p>\n<p><title>degradacion_basura_01.jpg (Imagen JPEG, 387 \u00d7 263 p\u00edxeles)<\/title><img decoding=\"async\" class=\"decoded\" alt=\"http:\/\/www.cienciapopular.com\/wordpress\/wp-content\/uploads\/2013\/10\/degradacion_basura_01.jpg\" src=\"http:\/\/www.cienciapopular.com\/wordpress\/wp-content\/uploads\/2013\/10\/degradacion_basura_01.jpg\"><\/p>\n<p><title>Reciclaje1.jpg (Imagen JPEG, 300 \u00d7 279 p\u00edxeles)<\/title><img decoding=\"async\" class=\"decoded\" alt=\"http:\/\/img.ecologiahoy.com\/2011\/03\/Reciclaje1.jpg\" src=\"http:\/\/img.ecologiahoy.com\/2011\/03\/Reciclaje1.jpg\"><\/p>\n","protected":false},"excerpt":{"rendered":"<p>Tabla N\u00ba 1. Degradaci\u00f3n de los Desechos. Material Tiempo de Degradaci\u00f3n (En A\u00f1os) El papel, compuesto b\u00e1sicamente por celulosa, no le da mayores problemas a la naturaleza para integrar sus componentes al suelo. Si queda tirado sobre tierra y le toca un invierno lluvioso, no tarda en degradarse. Lo ideal, de todos modos, es reciclarlo [&hellip;]<\/p>\n","protected":false},"author":9095,"featured_media":0,"parent":0,"menu_order":0,"comment_status":"open","ping_status":"open","template":"","meta":{"footnotes":""},"class_list":["post-39","page","type-page","status-publish","hentry"],"_links":{"self":[{"href":"https:\/\/blog.espol.edu.ec\/jcchavez\/wp-json\/wp\/v2\/pages\/39","targetHints":{"allow":["GET"]}}],"collection":[{"href":"https:\/\/blog.espol.edu.ec\/jcchavez\/wp-json\/wp\/v2\/pages"}],"about":[{"href":"https:\/\/blog.espol.edu.ec\/jcchavez\/wp-json\/wp\/v2\/types\/page"}],"author":[{"embeddable":true,"href":"https:\/\/blog.espol.edu.ec\/jcchavez\/wp-json\/wp\/v2\/users\/9095"}],"replies":[{"embeddable":true,"href":"https:\/\/blog.espol.edu.ec\/jcchavez\/wp-json\/wp\/v2\/comments?post=39"}],"version-history":[{"count":5,"href":"https:\/\/blog.espol.edu.ec\/jcchavez\/wp-json\/wp\/v2\/pages\/39\/revisions"}],"predecessor-version":[{"id":50,"href":"https:\/\/blog.espol.edu.ec\/jcchavez\/wp-json\/wp\/v2\/pages\/39\/revisions\/50"}],"wp:attachment":[{"href":"https:\/\/blog.espol.edu.ec\/jcchavez\/wp-json\/wp\/v2\/media?parent=39"}],"curies":[{"name":"wp","href":"https:\/\/api.w.org\/{rel}","templated":true}]}}